{"id":1467,"date":"2025-02-03T19:16:34","date_gmt":"2025-02-03T22:16:34","guid":{"rendered":"https:\/\/wp.ufpel.edu.br\/notcc\/?page_id=1467"},"modified":"2025-02-03T19:16:34","modified_gmt":"2025-02-03T22:16:34","slug":"bancas-2024-1","status":"publish","type":"page","link":"https:\/\/wp.ufpel.edu.br\/notcc\/bancas-2024-1\/","title":{"rendered":"Bancas 2024-1"},"content":{"rendered":"<p><strong>Redu\u00e7\u00e3o do Custo Computacional da Predi\u00e7\u00e3o Bidirecional do Padr\u00e3o VVC utilizando Aprendizado de M\u00e1quina<\/strong><br \/>\npor Bianca Nunes Coelho<br \/>\nCurso: Engenharia de Computa\u00e7\u00e3o<\/p>\n<p>Banca:<br \/>\nProf. Dr. Luciano Volcan Agostini (orientador(a))<br \/>\nMsc. Marta Breunig Loose (coorientador(a))<br \/>\nProf. Dr. Guilherme Ribeiro Corr\u00eaa<br \/>\nProf. Dr. Ruhan Avila da Concei\u00e7\u00e3o<br \/>\nDr. Iago Storch<\/p>\n<p>Data: 18\/09\/2024<\/p>\n<p>Hora: 09:00<\/p>\n<p>Local: 328 &#8211; Sala de reuni\u00e3o<\/p>\n<p>&nbsp;<\/p>\n<div><strong>Educa\u00e7\u00e3o em Computa\u00e7\u00e3o na Fran\u00e7a: An\u00e1lise do Projeto 1,2,3&#8230; Codez e sua Aplica\u00e7\u00e3o no Contexto Brasileiro<\/strong><\/div>\n<div>Bruno Cabreira Gon\u00e7alves<\/div>\n<div>Curso: Engenharia de Computa\u00e7\u00e3o<\/div>\n<div>Banca:<\/div>\n<div>Profa. Dra. Luciana Foss (orientador(a))<\/div>\n<div>Profa. Dra. Simone Andr\u00e9 da Costa Cavalheiro (coorientador(a))<\/div>\n<div>Profa. Dra. Ana Marilza Pernas<\/div>\n<div>Prof. Dr. Andr\u00e9 Rauber Du Bois<\/div>\n<div>Data: 23\/08\/2024<\/div>\n<div>Hora: 8:30<\/div>\n<div>Local: Sala 328B<\/div>\n<div><\/div>\n<div>\n<p><strong>Desenvolvimento de um Sistema de Gest\u00e3o Esportiva Utilizando Engenharia de Software<\/strong><br \/>\nDauan Ghisleni Zolinger<br \/>\nCurso: Engenharia de Computa\u00e7\u00e3o<\/p>\n<p>Banca:<br \/>\nProf. Dr. Leomar Soares da Rosa J\u00fanior (orientador(a))<br \/>\nMsc. Laura Quevedo Jurgina (coorientador(a))<br \/>\nProfa. Dra. Tatiana Aires Tavares<br \/>\nProf. Dr. Maicon Schneider Cardoso<\/p>\n<p>Data: 23\/08\/2024<\/p>\n<p>Hora: 13:30<\/p>\n<p>Local: Audit\u00f3rio da Reitoria UFPel &#8211; Campus Anglo<\/p>\n<\/div>\n<p>&nbsp;<\/p>\n<p><strong>Redu\u00e7\u00e3o de Complexidade da Codifica\u00e7\u00e3o de Nuvens de Pontos Din\u00e2micas no V-PCC com Uso de Aprendizado de M\u00e1quina<\/strong><br \/>\nEduardo de Figueiredo Costa<br \/>\nCurso: Ci\u00eancia da Computa\u00e7\u00e3o<\/p>\n<p>Banca:<br \/>\nProf. Dr. Marcelo Schiavon Porto (orientador(a))<br \/>\nDr. Cristiano Flores dos Santos (coorientador(a))<br \/>\nB. Sc. Gustavo H\u00fcbner Rehbein (coorientador(a))<br \/>\nProfa. Dra. Brenda Salenave Santana<br \/>\nProf. Dr. Bruno Zatt<\/p>\n<p>Data: 28\/08\/2024<\/p>\n<p>Hora: 10:00<\/p>\n<p>Local: Sala 328 B<\/p>\n<p><strong>Implementa\u00e7\u00e3o de uma Plataforma de Programa\u00e7\u00e3o Paralela em Nuvem para fins Educacionais<\/strong><br \/>\nFelipe Duarte Barbedo<\/p>\n<p>Curso: Ci\u00eancia da Computa\u00e7\u00e3o<\/p>\n<p>Banca:<br \/>\nProf. Dr. Rafael Burlamaqui Amaral (orientador(a))<br \/>\nProf. Dr. Gerson Geraldo Homrich Cavalheiro<br \/>\nProf. Dr. Andr\u00e9 Rauber Du Bois<\/p>\n<p>Data: 17\/10\/2024<\/p>\n<p>Hora: 10:00<\/p>\n<p>Local: Sala 328B &#8211; Sala de Reuni\u00f5es da Computa\u00e7\u00e3o<\/p>\n<p><strong>Do Campo \u00e0 Nuvem: Desenvolvimento de uma Esta\u00e7\u00e3o Meteorol\u00f3gica Acess\u00edvel e Aplicativo Inteligente para Otimiza\u00e7\u00e3o do Cultivo<\/strong><br \/>\nGabriel Rocha Silveira<br \/>\nCurso:Ci\u00eancia da Computa\u00e7\u00e3o<\/p>\n<p>Banca:<br \/>\nProf. Dr. Guilherme Tomaschewski Netto (orientador(a))<br \/>\nBsc. Marcelo Classen Ribeiro (coorientador(a))<br \/>\nProf. Dr. Felipe de Souza Marques<br \/>\nProf. Dr. Julio Carlos Balzano de Mattos<\/p>\n<p>Data: 21\/08\/2024<\/p>\n<p>Hora: 10:30<\/p>\n<p>Local: Audit\u00f3rio da reitoria &#8211; Campus Anglo<\/p>\n<div><strong>Projeto de refer\u00eancias de tens\u00e3o CMOS utilizando o m\u00e9todo gm\/ID<\/strong><\/div>\n<div>Giordano de Moraes Rossa<\/div>\n<div>Curso: Engenharia de Computa\u00e7\u00e3o<\/div>\n<div><\/div>\n<div>Banca:<\/div>\n<div>Prof. Dr. Alan Carlos Junior Rossetto (orientador(a))<\/div>\n<div>Prof. Leomar Soares da Rosa Junior<\/div>\n<div>Prof. Rafael Iankowski Soares<\/div>\n<div><\/div>\n<div>Data: 06\/09\/2024<\/div>\n<div><\/div>\n<div>Hora: 15:00<\/div>\n<div><\/div>\n<div>Local: Sala virtual: https:\/\/webconf.ufpel.edu.br\/b\/ala-qaq-8jm-nt8<\/div>\n<div><\/div>\n<div>\n<p><strong>Heur\u00edstica de verticalidade para navega\u00e7\u00e3o 3D em jogos digitais<\/strong><br \/>\nItalo Teixeira da Silveira<br \/>\nCurso: Ci\u00eancia da Computa\u00e7\u00e3o<\/p>\n<p>Banca:<br \/>\nProf. Dr. Rafael Piccin Torchelsen (orientador(a))<br \/>\nProf. Dr. Marilton Sanchotene de Aguiar<br \/>\nProfa. Dra. Tatiana Aires Tavares<\/p>\n<p>Data: 10\/10\/2024<\/p>\n<p>Hora: 14:-00<\/p>\n<p>Local: Sala 328B &#8211; Sala de Reuni\u00f5es da Computa\u00e7\u00e3o<\/p>\n<\/div>\n<p><strong>Avalia\u00e7\u00e3o de Ferramentas de Simula\u00e7\u00e3o em Ambientes de Nuvem H\u00edbrida para Implanta\u00e7\u00e3o de Aplica\u00e7\u00f5es Cient\u00edficas<\/strong><br \/>\nJo\u00e3o Antonio Neves Soares<br \/>\nCurso: Ci\u00eancia da Computa\u00e7\u00e3o<\/p>\n<p>Banca:<br \/>\nProf. Dr. Gerson Geraldo H. Cavalheiro (orientador(a))<br \/>\nProf. Dr. Rafael Burlamaqui Amaral<br \/>\nDr. Maicon An\u00e7a dos Santos<\/p>\n<p>Data: 23\/08\/2024<\/p>\n<p>Hora: 13:30<\/p>\n<p>Local: Laborat\u00f3rio de Computa\u00e7\u00e3o 1, Sala 323<\/p>\n<p><strong>Minecraft Educacional como Ferramenta Did\u00e1tica: Explorando Tipos de Dados, Generaliza\u00e7\u00e3o e Decomposi\u00e7\u00e3o com Alunos do 6\u00ba Ano do Ensino Fundamental<\/strong><br \/>\nJonnhy Moraes Marques<br \/>\nCurso: Ci\u00eancia da Computa\u00e7\u00e3o<\/p>\n<p>Banca:<br \/>\nProfa. Dra. Luciana Foss (orientador(a))<br \/>\nProfa. Dra. Simone Andr\u00e9 da Costa Cavalheiro (coorientador(a))<br \/>\nProfa. Dra. Ana Marilza Pernas<br \/>\nProf. Dr. Andr\u00e9 Rauber Du Bois<\/p>\n<p>Data: 11\/10\/2024<\/p>\n<p>Hora: 10:00<\/p>\n<p>Local: https:\/\/meet.google.com\/pkz-amnj-unz<\/p>\n<div><strong>LetraLandia: um conjunto de serious games para dispositivos m\u00f3veis visando apoio no processo de alfabetiza\u00e7\u00e3o infantil<\/strong><\/div>\n<div>Juathan Coelho Duarte<\/div>\n<div>Curso: Ci\u00eancia da Computa\u00e7\u00e3o<\/div>\n<div><\/div>\n<div>Banca:<\/div>\n<div>Prof. Dr. Leomar Soares da Rosa (orientador(a))<\/div>\n<div>Msc. Laura Quevedo Jurgina (coorientador(a))<\/div>\n<div>Profa. Dra. Tatiana Aires Tavares<\/div>\n<div>Prof. Dr. Tiago Thompsen Primo<\/div>\n<div>Data: 20\/08\/2024<\/div>\n<div>Hora: 10:00<\/div>\n<div>Local: Lab 2 (Sala 330)<\/div>\n<div><\/div>\n<div>\n<p><strong>Sabi\u00e1-QGQA: Implementa\u00e7\u00e3o de Modelos de Linguagem para Gera\u00e7\u00e3o Autom\u00e1tica de Perguntas e Respostas para L\u00edngua Portuguesa<\/strong><br \/>\nJ\u00falia da Rocha Junqueira<br \/>\nCurso: Ci\u00eancia da Computa\u00e7\u00e3o<\/p>\n<p>Banca:<br \/>\nProf. Dr. Ulisses Brisolara Corr\u00eaa (orientador(a))<br \/>\nProfa. Dra. Larissa Astrogildo de Freitas (coorientador(a))<br \/>\nProf. Dr. Marilton Sanchotene de Aguiar<br \/>\nProf. Dr. Ricardo Matsumura Araujo<\/p>\n<p>Data: 20\/08\/2024<\/p>\n<p>Hora: 15:00<\/p>\n<p>Local: Laboratorio 4 &#8211; Sala 334<\/p>\n<div><strong>Explorando a Teoria dos Aut\u00f4matos com Gram\u00e1tica de Grafos: Uma Proposta para a Educa\u00e7\u00e3o B\u00e1sica<\/strong><\/div>\n<div>J\u00falia Veiga da Silva<\/div>\n<div>Curso: Ci\u00eancia da Computa\u00e7\u00e3o<\/div>\n<div><\/div>\n<div>Banca:<\/div>\n<div>Profa. Dra Simone Andr\u00e9 da Costa Cavalheiro (orientador(a))<\/div>\n<div>Profa Dra. Luciana Foss (coorientador(a))<\/div>\n<div>Prof. Dr. Andr\u00e9 Rauber Du Bois<\/div>\n<div>Profa. Dra. Renata Hax Sander Reiser<\/div>\n<div>Data: 22\/08\/2024<\/div>\n<div>Hora: 8:30<\/div>\n<div>Local: Sala 345<\/div>\n<\/div>\n<div><\/div>\n<div>\n<div><strong>AxMOD: Redutor Modular Aproximado<\/strong><\/div>\n<div>Louren\u00e7o da Cruz Mulling<\/div>\n<div>Curso: Engenharia de Computa\u00e7\u00e3o<\/div>\n<div><\/div>\n<div>Banca:<\/div>\n<div>Prof. Dr. Rafael Iankowski Soares (orientador(a))<\/div>\n<div>Msc. Morgana Macedo Azevedo da Rosa (coorientador(a))<\/div>\n<div>Prof. Dr. J\u00falio Carlos Balzano de Mattos<\/div>\n<div>Msc. Henrique Bestani Seidel<\/div>\n<div>Data: 22\/08\/2024<\/div>\n<div>Hora: 10:00<\/div>\n<div>Local: Sala 323 &#8211; Lab 1<\/div>\n<\/div>\n<div><\/div>\n<div>\n<p><strong>Explora\u00e7\u00e3o de Redes Neurais Convolucionais 4D para Predi\u00e7\u00e3o de Light Fields<\/strong><br \/>\nLucas Seidy Ribeiro dos Santos Ikenoue<br \/>\nCurso: Engenharia de Computa\u00e7\u00e3o<\/p>\n<p>Banca:<br \/>\nProf. Dr. Bruno Zatt (orientador(a))<br \/>\nMsc. \u00cdtalo Dombrowski Machado (coorientador(a))<br \/>\nProf. Dr. Guilherme Ribeiro Corr\u00eaa<br \/>\nDr. Iago Coelho Storch<\/p>\n<p>Data: 09\/10\/2024<\/p>\n<p>Hora: 15:30<\/p>\n<p>Local: Lab 5<\/p>\n<\/div>\n<p><strong>M\u00e9todo de Classifica\u00e7\u00e3o de Imagens de Sat\u00e9lite para An\u00e1lise da Propaga\u00e7\u00e3o de Sinais de R\u00e1dio<\/strong><br \/>\nLucas Sim\u00f5es Ferreira<br \/>\nCurso: Ci\u00eancia da Computa\u00e7\u00e3o<\/p>\n<p>Banca:<br \/>\nProf. Dr. Felipe de Souza Marques (orientador(a))<br \/>\nMsc. Samuel Santos Troina (coorientador(a))<br \/>\nProf. Dr. Ricardo Matsumura de Ara\u00fajo<br \/>\nProf. Dr. Julio Carlos Balzano de Mattos<\/p>\n<p>Data: 02\/09\/2024<\/p>\n<p>Hora: 08:30<\/p>\n<p>Local: Webconfer\u00eancia: https:\/\/webconf.ufpel.edu.br\/b\/fel-haz-wjm-f8n<\/p>\n<p>&nbsp;<\/p>\n<p><strong>Explorando o Aprendizado de M\u00e1quina para suporte no reconhecimento de sintomas de dislexia em crian\u00e7as em processo de alfabetiza\u00e7\u00e3o<\/strong><br \/>\nLui Gill Aquini<br \/>\nCurso: Ci\u00eancia da Computa\u00e7\u00e3o<\/p>\n<p>Banca:<br \/>\nProf. Dr. Leomar Soares da Rosa J\u00fanior (orientador(a))<br \/>\nMsc. Laura Quevedo Jurgina (coorientador(a))<br \/>\nProf. Dr. Tiago Thompsen Primo (coorientador(a))<br \/>\nProf. Dr. Marilton Sanchotene de Aguiar<br \/>\nProf. Dr. Cristian Cechinel<\/p>\n<p>Data: 23\/08\/2024<\/p>\n<p>Hora: 15:10<\/p>\n<p>Local: Audit\u00f3rio Elio Paulo Zonta (Audit\u00f3rio da Reitoria)<\/p>\n<div><strong>Detec\u00e7\u00e3o de componentes de kits hidrossanit\u00e1rios industrializados atrav\u00e9s de Redes Neurais Convolucionais baseadas em regi\u00e3o<\/strong><\/div>\n<div>Nelson Dutra Junior<\/div>\n<div>Curso: Engenharia de Computa\u00e7\u00e3o<\/div>\n<div><\/div>\n<div>Banca:<\/div>\n<div>Prof. Dr. Anderson Priebe Ferrugem (orientador(a))<\/div>\n<div>Prof. Dr. Fabio Kellermann Schramm (coorientador(a))<\/div>\n<div>Prof. Dr. Marilton Sanchotene de Aguiar<\/div>\n<div>Prof. Dr. Bruno Zatt<\/div>\n<div><\/div>\n<div>Data: 16\/10\/2024<\/div>\n<div><\/div>\n<div>Hora: 14:00<\/div>\n<div><\/div>\n<div>Local: Sala 328B &#8211; Sala de Reuni\u00f5es da Computa\u00e7\u00e3o<\/div>\n<div><\/div>\n<div>\n<div><strong>Heur\u00edsticas para Reduzir o Custo Computacional da Codifica\u00e7\u00e3o de V\u00eddeos Omnidirecionais na Predi\u00e7\u00e3o Intra-Quadro do Padr\u00e3o VVC<\/strong><\/div>\n<div>Ot\u00e1vio Fernandes dos Santos<\/div>\n<div>Curso: Ci\u00eancia da Computa\u00e7\u00e3o<\/div>\n<div><\/div>\n<div>Banca:<\/div>\n<div>Prof. Dr. Luciano Volcan Agostini (orientador(a))<\/div>\n<div>Prof. Rog\u00e9rio Cassanta Rosado (coorientador(a))<\/div>\n<div>Prof Dr. Leomar Soares da Rosa Jr.<\/div>\n<div>Prof Dr. Guilherme Ribeiro Corr\u00eaa<\/div>\n<div>Dr. Iago Coelho Storch<\/div>\n<div>Data: 07\/08\/2024<\/div>\n<div>Hora: 10:00<\/div>\n<div>Local: Sala de reuni\u00f5es da Computa\u00e7\u00e3o<\/div>\n<\/div>\n<div>\n<p><strong>Compila\u00e7\u00e3o da DSL GPotion para execu\u00e7\u00e3o em CPU<\/strong><br \/>\nRafael Montagna Copes<br \/>\nCurso: Ci\u00eancia da Computa\u00e7\u00e3o<\/p>\n<p>Banca:<br \/>\nProf. Dr. Andr\u00e9 Rauber Du Bois (orientador(a))<br \/>\nProf. Dr. Rafael Piccin Torchelsen<br \/>\nProf. Dr. Gerson Geraldo Homrich Cavalheiro<\/p>\n<p>Data: 11\/10\/2024<\/p>\n<p>Hora: 13:30<\/p>\n<p>Local: Sala 328B &#8211; Sala de Reuni\u00f5es<\/p>\n<div><strong>Estudo e An\u00e1lise de Ferramentas de Reconhecimento de Fala para a L\u00edngua Portuguesa aplicado a um Rob\u00f4 de Servi\u00e7o<\/strong><\/div>\n<div>Ra\u00edssa Nunes Coelho<\/div>\n<div>Curso: Engenharia de Computa\u00e7\u00e3o<\/div>\n<div><\/div>\n<div>Banca:<\/div>\n<div>Profa. Dra. Larissa Astrogildo de Freitas (orientador(a))<\/div>\n<div>Prof. Dr. Rodrigo da Silva Guerra (coorientador(a))<\/div>\n<div>Bsc. Arthur Alves Cerveira (coorientador(a))<\/div>\n<div>Prof. Dr. Ricardo Matsumura de Araujo<\/div>\n<div>Bsc. Kristofer Stift Kappel<\/div>\n<div><\/div>\n<div>Data: 20\/08\/2024<\/div>\n<div>Hora: 16:30<\/div>\n<div>Local: 328 &#8211; Sala de reuni\u00e3o<\/div>\n<\/div>\n<div><\/div>\n<div>\n<div><strong>Compilando uma Linguagem de Programa\u00e7\u00e3o Funcional para a Plataforma Java<\/strong><\/div>\n<div>Richard Andrei Aquino dos Santos<\/div>\n<div>Curso: Ci\u00eancia da Computa\u00e7\u00e3o<\/div>\n<div>Banca:<\/div>\n<div>Prof. Dr. Andr\u00e9 Rauber Du Bois (orientador(a))<\/div>\n<div>Profa Dra. Luciana Foss<\/div>\n<div>Msc. Jeronimo da Cunha Ramos<\/div>\n<div>Data: 14\/10\/2024<\/div>\n<div>Hora: 15:10<\/div>\n<div>Local: Webconfer\u00eancia: https:\/\/meet.google.com\/inj-mdec-npe<\/div>\n<\/div>\n<div><\/div>\n<div>\n<div><strong>ProgBot: um agente conversacional voltado ao ensino de programa\u00e7\u00e3o<\/strong><\/div>\n<div>Rodrigo Barbosa Carvalho<\/div>\n<div>Curso: Ci\u00eancia da Computa\u00e7\u00e3o<\/div>\n<div><\/div>\n<div>Banca:<\/div>\n<div>Profa Dra. Larissa Astrogildo de Freitas (orientador(a))<\/div>\n<div>Profa Dra. Tatiana Aires Tavares (coorientador(a))<\/div>\n<div>Profa. Dra. Ana Marilza Pernas Fleischmann<\/div>\n<div>Bsc. Carlos Augusto Calage Silveira J\u00fanior<\/div>\n<div>Data: 20\/08\/2024<\/div>\n<div>Hora: 13:30<\/div>\n<div>Local: Lab 1-Sala 323<\/div>\n<div><\/div>\n<\/div>\n<div>\n<div><strong>Efeitos da Perda de Pacotes na Qualidade de V\u00eddeo: Uma An\u00e1lise Comparativa de Codecs H.264\/AVC e H.265\/HEVC<\/strong><\/div>\n<div>Thiago Coelho Scholl<\/div>\n<div>Curso: Ci\u00eancia da Computa\u00e7\u00e3o<\/div>\n<div><\/div>\n<div>Banca:<\/div>\n<div>Prof. Dr. Guilherme Ribeiro Corr\u00eaa (orientador(a))<\/div>\n<div>Prof. Dr. Bruno Zatt<\/div>\n<div>Msc. Gilberto Kreisler Franco Neto<\/div>\n<div>Data: 10\/10\/2024<\/div>\n<div>Hora: 16:00<\/div>\n<div>Local: Sala 328B<\/div>\n<\/div>\n<div>\n<p><strong>PP Debugger (Plush Puppy Parallel Debugger): Desenvolvimento de uma Interface Gr\u00e1fica para Aprimorar a Depura\u00e7\u00e3o de Programas Multithread com o GDB<\/strong><br \/>\npor<br \/>\nVin\u00edcius Garcia Peruzzi<br \/>\n&lt;\/p&gt;<br \/>\nCurso:<br \/>\nCi\u00eancia da Computa\u00e7\u00e3o<\/p>\n<p>Banca:<br \/>\nProf. Dr. Rafael Burlamaqui Amaral (orientador(a))<br \/>\nProf. Dr. Andr\u00e9 Rauber Du Bois<br \/>\nProfa. Dra. Tatiana Aires Tavares<\/p>\n<p>Data: 16\/10\/2024<\/p>\n<p>Hora: 10:00<\/p>\n<p>Local: Sala 328B<\/p>\n<\/div>\n<p><strong>Aplica\u00e7\u00e3o de Algoritmo de paridade de risco utilizando Hierarchical Tree Clustering Aplica\u00e7\u00f5es em small caps Mercado acion\u00e1rio Brasileiro<\/strong><br \/>\npor<br \/>\nWelder Carlos Siqueira<\/p>\n<p>Curso: Engenharia de Computa\u00e7\u00e3o<\/p>\n<p>Banca:<br \/>\nProf. Dr. Guilherme Tomaschewski Netto (orientador(a))<br \/>\nProf. Dr. Rafael Iankowski Soares<br \/>\nProf. Dr. Marilton Sanchotene de Aguiar<\/p>\n<p>Data: 19\/08\/2024<\/p>\n<p>Hora: 15:30<\/p>\n<p>Local: Webconfer\u00eancia https:\/\/meet.google.com\/auq-kneg-vfe<\/p>\n","protected":false},"excerpt":{"rendered":"<p>Redu\u00e7\u00e3o do Custo Computacional da Predi\u00e7\u00e3o Bidirecional do Padr\u00e3o VVC utilizando Aprendizado de M\u00e1quina por Bianca Nunes Coelho Curso: Engenharia de Computa\u00e7\u00e3o Banca: Prof. Dr. Luciano Volcan Agostini (orientador(a)) Msc. Marta Breunig Loose (coorientador(a)) Prof. Dr. Guilherme Ribeiro Corr\u00eaa Prof. Dr. Ruhan Avila da Concei\u00e7\u00e3o Dr. Iago Storch Data: 18\/09\/2024 Hora: 09:00 Local: 328 &#8211; [&hellip;]<\/p>\n","protected":false},"author":800,"featured_media":0,"parent":0,"menu_order":0,"comment_status":"closed","ping_status":"closed","template":"","meta":{"footnotes":""},"class_list":["post-1467","page","type-page","status-publish","hentry"],"_links":{"self":[{"href":"https:\/\/wp.ufpel.edu.br\/notcc\/wp-json\/wp\/v2\/pages\/1467","targetHints":{"allow":["GET"]}}],"collection":[{"href":"https:\/\/wp.ufpel.edu.br\/notcc\/wp-json\/wp\/v2\/pages"}],"about":[{"href":"https:\/\/wp.ufpel.edu.br\/notcc\/wp-json\/wp\/v2\/types\/page"}],"author":[{"embeddable":true,"href":"https:\/\/wp.ufpel.edu.br\/notcc\/wp-json\/wp\/v2\/users\/800"}],"replies":[{"embeddable":true,"href":"https:\/\/wp.ufpel.edu.br\/notcc\/wp-json\/wp\/v2\/comments?post=1467"}],"version-history":[{"count":1,"href":"https:\/\/wp.ufpel.edu.br\/notcc\/wp-json\/wp\/v2\/pages\/1467\/revisions"}],"predecessor-version":[{"id":1469,"href":"https:\/\/wp.ufpel.edu.br\/notcc\/wp-json\/wp\/v2\/pages\/1467\/revisions\/1469"}],"wp:attachment":[{"href":"https:\/\/wp.ufpel.edu.br\/notcc\/wp-json\/wp\/v2\/media?parent=1467"}],"curies":[{"name":"wp","href":"https:\/\/api.w.org\/{rel}","templated":true}]}}