{"id":143,"date":"2016-12-02T15:09:53","date_gmt":"2016-12-02T17:09:53","guid":{"rendered":"https:\/\/wp.ufpel.edu.br\/notcc\/?page_id=143"},"modified":"2025-02-03T17:43:03","modified_gmt":"2025-02-03T20:43:03","slug":"acervo","status":"publish","type":"page","link":"https:\/\/wp.ufpel.edu.br\/notcc\/monografias\/acervo\/","title":{"rendered":"Acervo de Monografias"},"content":{"rendered":"<p><strong>A sua monografia n\u00e3o est\u00e1 aqui?<\/strong><br \/>\nPor favor, entre em contato com a Profa. Lisane Brisolara (<a class=\"mail\" title=\"lisane@inf.ufpel.edu.br\" href=\"mailto:lisane@inf.ufpel.edu.br\">lisane@inf.ufpel.edu.br<\/a>), informe o ano de conclus\u00e3o e envie anexada a sua monografia no formato PDF.<\/p>\n<p>&nbsp;<\/p>\n<p>&nbsp;<\/p>\n<ul>\n<li>Monografias 2024<\/li>\n<li><a href=\"https:\/\/wp.ufpel.edu.br\/notcc\/monografias-2023\/\">Monografias 2023<\/a><\/li>\n<li><a href=\"https:\/\/wp.ufpel.edu.br\/notcc\/monografias\/acervo\/monografias-2022\/\">Monografias 2022<\/a><\/li>\n<li><a href=\"https:\/\/wp.ufpel.edu.br\/notcc\/monografias\/acervo\/monografias-2021\/\">Monografias 2021<\/a><\/li>\n<li><a href=\"https:\/\/drive.google.com\/drive\/folders\/1DGLZ2hLfLvQI1dEryZPqSm6W-9waCtjP?usp=sharing\">Monografias 2020<\/a><\/li>\n<li><a href=\"https:\/\/wp.ufpel.edu.br\/notcc\/monografias\/acervo\/2019_\/\">Monografias 2019<\/a><\/li>\n<li><a href=\"https:\/\/wp.ufpel.edu.br\/notcc\/monografias\/acervo\/2018_\/\">Monografias 2018<\/a><\/li>\n<li><a href=\"https:\/\/wp.ufpel.edu.br\/notcc\/monografias\/acervo\/2017_\/\">Monografias 2017<\/a><\/li>\n<li><a href=\"https:\/\/wp.ufpel.edu.br\/notcc\/monografias\/acervo\/2016_\/\">Monografias 2016<\/a><\/li>\n<li><a href=\"https:\/\/wp.ufpel.edu.br\/notcc\/monografias\/acervo\/2015_\/\">Monografias 2015<\/a><\/li>\n<li><a href=\"https:\/\/wp.ufpel.edu.br\/notcc\/monografias\/acervo\/2014_\/\">Monografias 2014<\/a><\/li>\n<li><a href=\"https:\/\/wp.ufpel.edu.br\/notcc\/monografias\/acervo\/2013_\/\">Monografias 2013<\/a><\/li>\n<li><a href=\"https:\/\/wp.ufpel.edu.br\/notcc\/monografias\/acervo\/2012_\/\">Monografias 2012<\/a><\/li>\n<li><a href=\"https:\/\/wp.ufpel.edu.br\/notcc\/monografias\/acervo\/2011_\/\">Monografias 2011<\/a><\/li>\n<li><a href=\"https:\/\/wp.ufpel.edu.br\/notcc\/monografias\/acervo\/2010_\/\">Monografias 2010<\/a><\/li>\n<li><a href=\"https:\/\/wp.ufpel.edu.br\/notcc\/monografias\/acervo\/2009_\/\">Monografias 2009<\/a><\/li>\n<li><a href=\"https:\/\/wp.ufpel.edu.br\/notcc\/monografias\/acervo\/2008_\/\">Monografias 2008<\/a><\/li>\n<li><a href=\"https:\/\/wp.ufpel.edu.br\/notcc\/monografias\/acervo\/2007_\/\">Monografias 2007<\/a><\/li>\n<li><a href=\"https:\/\/wp.ufpel.edu.br\/notcc\/monografias\/acervo\/2006_\/\">Monografias 2006<\/a><\/li>\n<li><a href=\"https:\/\/wp.ufpel.edu.br\/notcc\/monografias\/acervo\/2005_\/\">Monografias 2005<\/a><\/li>\n<li><a href=\"https:\/\/wp.ufpel.edu.br\/notcc\/monografias\/acervo\/2004_\/\">Monografias 2004<\/a><\/li>\n<li><a href=\"https:\/\/wp.ufpel.edu.br\/notcc\/monografias\/acervo\/2003_\/\">Monografias 2003<\/a><\/li>\n<li><a href=\"https:\/\/wp.ufpel.edu.br\/notcc\/monografias\/acervo\/2002_\/\">Monografias 2002<\/a><\/li>\n<li><a href=\"https:\/\/wp.ufpel.edu.br\/notcc\/monografias\/acervo\/2000_\/\">Monografias 2000<\/a><\/li>\n<li><a href=\"https:\/\/wp.ufpel.edu.br\/notcc\/monografias\/acervo\/1999_\/\">Monografias 1999<\/a><\/li>\n<\/ul>\n","protected":false},"excerpt":{"rendered":"<p>A sua monografia n\u00e3o est\u00e1 aqui? Por favor, entre em contato com a Profa. Lisane Brisolara (lisane@inf.ufpel.edu.br), informe o ano de conclus\u00e3o e envie anexada a sua monografia no formato PDF. &nbsp; &nbsp; Monografias 2024 Monografias 2023 Monografias 2022 Monografias 2021 Monografias 2020 Monografias 2019 Monografias 2018 Monografias 2017 Monografias 2016 Monografias 2015 Monografias 2014 [&hellip;]<\/p>\n","protected":false},"author":657,"featured_media":0,"parent":136,"menu_order":0,"comment_status":"closed","ping_status":"closed","template":"","meta":{"footnotes":""},"class_list":["post-143","page","type-page","status-publish","hentry"],"_links":{"self":[{"href":"https:\/\/wp.ufpel.edu.br\/notcc\/wp-json\/wp\/v2\/pages\/143","targetHints":{"allow":["GET"]}}],"collection":[{"href":"https:\/\/wp.ufpel.edu.br\/notcc\/wp-json\/wp\/v2\/pages"}],"about":[{"href":"https:\/\/wp.ufpel.edu.br\/notcc\/wp-json\/wp\/v2\/types\/page"}],"author":[{"embeddable":true,"href":"https:\/\/wp.ufpel.edu.br\/notcc\/wp-json\/wp\/v2\/users\/657"}],"replies":[{"embeddable":true,"href":"https:\/\/wp.ufpel.edu.br\/notcc\/wp-json\/wp\/v2\/comments?post=143"}],"version-history":[{"count":13,"href":"https:\/\/wp.ufpel.edu.br\/notcc\/wp-json\/wp\/v2\/pages\/143\/revisions"}],"predecessor-version":[{"id":1457,"href":"https:\/\/wp.ufpel.edu.br\/notcc\/wp-json\/wp\/v2\/pages\/143\/revisions\/1457"}],"up":[{"embeddable":true,"href":"https:\/\/wp.ufpel.edu.br\/notcc\/wp-json\/wp\/v2\/pages\/136"}],"wp:attachment":[{"href":"https:\/\/wp.ufpel.edu.br\/notcc\/wp-json\/wp\/v2\/media?parent=143"}],"curies":[{"name":"wp","href":"https:\/\/api.w.org\/{rel}","templated":true}]}}