{"id":1388,"date":"2023-11-16T11:57:48","date_gmt":"2023-11-16T14:57:48","guid":{"rendered":"https:\/\/wp.ufpel.edu.br\/notcc\/?page_id=1388"},"modified":"2023-12-19T11:49:34","modified_gmt":"2023-12-19T14:49:34","slug":"propostas-2023-2","status":"publish","type":"page","link":"https:\/\/wp.ufpel.edu.br\/notcc\/propostas\/avaliacoes\/propostas-2023-2\/","title":{"rendered":"Propostas 2023\/2"},"content":{"rendered":"<h2>Avaliadores<\/h2>\n<ul>\n<li>Alan Rossetto &#8211; alan.rossetto@inf.ufpel.edu.br<\/li>\n<li>Ana Pernas &#8211; marilza@inf.ufpel.edu.br<\/li>\n<li>Anderson Ferrugem &#8211; ferrugem@inf.ufpel.edu.br<\/li>\n<li>Andr\u00e9 Rauber Du Bois &#8211; dubois@inf.ufpel.edu.br<\/li>\n<li>Bernardo Schwedersky &#8211; bernardo.schwedersky@inf.ufpel.edu.br<\/li>\n<li>Bruno Zatt &#8211; zatt@inf.ufpel.edu.br<\/li>\n<li>Cristiano Flores &#8211; cfdsantos@inf.ufpel.edu.br<\/li>\n<li>Felipe Marques &#8211; felipem@inf.ufpel.edu.br<\/li>\n<li>Gabriel Gomes &#8211; gagomes@inf.ufpel.edu.br<\/li>\n<li>Gerson Cavalheiro &#8211; gerson.cavalheiro@inf.ufpel.edu.br<\/li>\n<li>Guilherme Correa &#8211; gcorrea@inf.ufpel.edu.br<\/li>\n<li>Larissa A. de Freitas &#8211; larissa@inf.ufpel.edu.br<\/li>\n<li>Leomar Rosa Jr. &#8211; leomarjr@inf.ufpel.edu.br<\/li>\n<li>Lisane Brisolara -lisane@inf.ufpel.edu.br<\/li>\n<li>Luciana Foss -lfoss@inf.ufpel.edu.br<\/li>\n<li>Luciano Agostini &#8211; agostini@inf.ufpel.edu.br<\/li>\n<li>Marcelo Porto &#8211; porto@inf.ufpel.edu.br<\/li>\n<li>Marilton Sanchotene de Aguiar &#8211; marilton@inf.ufpel.edu.br<\/li>\n<li>Marla Melo &#8211; mrpmelo@inf.ufpel.edu.br<\/li>\n<li>M\u00edriam Born &#8211;\u00a0 mbborn@inf.ufpel.edu.br<\/li>\n<li>Patr\u00edcia Jaques Maillard &#8211; patricia.jaques@gmail.com<\/li>\n<li>Rafael Burlamaqui Amaral &#8211; rafael.amaral@inf.ufpel.edu.br<\/li>\n<li>Rafael Iankowski Soares &#8211; rafael.soares@inf.ufpel.edu.br<\/li>\n<li>Rafael Piccin Torchelsen &#8211; rafael.torchelsen@inf.ufpel.edu.br<\/li>\n<li>Renata Hax Sander Reiser &#8211; reiser@inf.ufpel.edu.br<\/li>\n<li>Simone Costa &#8211; simone.costa@inf.ufpel.edu.br<\/li>\n<li>Tiago Primo &#8211; tiago.primo@inf.ufpel.edu.br<\/li>\n<li>Ulisses Brisolara Corr\u00eaa &#8211; ulisses@inf.ufpel.edu.br<\/li>\n<\/ul>\n<h2><strong>Propostas &#8211; Calend\u00e1rio <\/strong><strong>Acad\u00eamico <\/strong><strong>2023<\/strong><\/h2>\n<p>&nbsp;<\/p>\n<p>&nbsp;<\/p>\n<table style=\"border-collapse: collapse; width: 83.9373%; height: 268px;\" border=\"1\">\n<tbody>\n<tr style=\"height: 45px;\">\n<td style=\"width: 4.10554%; height: 45px;\">1<\/td>\n<td style=\"width: 62.5611%; height: 45px; text-align: left;\">Rodrigo Rezende and M\u00edriam Born and Larissa Freitas. Detec\u00e7\u00e3o de Sarcasmo e Ironia na L\u00edngua Portuguesa usando T\u00e9cnicas de Data Augmentation<\/td>\n<td style=\"width: 33.3333%; height: 45px; text-align: left;\">\n<p>Marilton Sanchotene de Aguiar<\/p>\n<p>Marla Melo<\/td>\n<\/tr>\n<tr style=\"height: 21px;\">\n<td style=\"width: 4.10554%; height: 21px;\">2<\/td>\n<td style=\"width: 62.5611%; height: 21px; text-align: left;\">Cesar Martins and M\u00edriam Born and Larissa Freitas. Detec\u00e7\u00e3o de Fake News na L\u00edngua Portuguesa usando Estrat\u00e9gias de Data Augmentation<\/td>\n<td style=\"width: 33.3333%; height: 21px; text-align: left;\">\n<p>Marla Melo<\/p>\n<p>Ulisses Brisolara Corr\u00eaa<\/td>\n<\/tr>\n<tr style=\"height: 21px;\">\n<td style=\"width: 4.10554%; height: 21px;\">3<\/td>\n<td style=\"width: 62.5611%; height: 21px; text-align: left;\">Yuri Borges Sena and Guilherme Correa. An\u00e1lise da perda de informa\u00e7\u00e3o numa transmiss\u00e3o ao vivo<\/td>\n<td style=\"width: 33.3333%; height: 21px; text-align: left;\">\n<p>Marcelo Porto<\/p>\n<p>Rafael Piccin Torchelsen<\/td>\n<\/tr>\n<tr style=\"height: 21px;\">\n<td style=\"width: 4.10554%; height: 21px;\">4<\/td>\n<td style=\"width: 62.5611%; height: 21px;\" width=\"356\">Raissa Nunes Coelho\u00a0 and Larissa Freitas. Estudo e An\u00e1lise de Ferramentas de Reconhecimento de Fala para a L\u00edngua Portuguesa aplicado a um Rob\u00f4 de Servi\u00e7o<\/td>\n<td style=\"width: 33.3333%; height: 21px; text-align: left;\">\n<p>Bernardo Schwedersky<\/p>\n<p>Rafael Iankowski Soares<\/td>\n<\/tr>\n<tr style=\"height: 21px;\">\n<td style=\"width: 4.10554%; height: 21px;\">5<\/td>\n<td style=\"width: 62.5611%; height: 21px;\" width=\"356\">Heitor Felipe M Dos Santos and Marilton Aguiar and Laura Quevedo. Um Modelo de PLN para Identificar Metodologias de Ensino na Perman\u00eancia de Mulheres em Cursos de STEM<\/td>\n<td style=\"width: 33.3333%; height: 21px; text-align: left;\">\n<p>Larissa A. de Freitas<\/p>\n<p>Marla Melo<\/td>\n<\/tr>\n<tr style=\"height: 21px;\">\n<td style=\"width: 4.10554%; height: 21px;\">6<\/td>\n<td style=\"width: 62.5611%; height: 21px;\" width=\"356\">Juathan Coelho Duarte and Leomar Soares da Rosa Jr and Laura Quevedo Jurgina. LetraLandia: um conjunto de serious games para dispositivos m\u00f3veis visando apoio no processo de alfabetiza\u00e7\u00e3o infantil<\/td>\n<td style=\"width: 33.3333%; height: 21px; text-align: left;\">\n<p>Luciano Agostini<\/p>\n<p>Rafael Piccin Torchelsen<\/td>\n<\/tr>\n<tr style=\"height: 21px;\">\n<td style=\"width: 4.10554%; height: 21px;\">7<\/td>\n<td style=\"width: 62.5611%; height: 21px;\" width=\"356\">Ricardo Coutinho and Larissa Freitas. Cataloga\u00e7\u00e3o e An\u00e1lise dos Recursos de Sarcasmo e Ironia Dispon\u00edveis na Literatura<\/td>\n<td style=\"width: 33.3333%; height: 21px; text-align: left;\">\n<p>Anderson Ferrugem<\/p>\n<p>Andr\u00e9 Rauber Du Bois<\/td>\n<\/tr>\n<tr style=\"height: 21px;\">\n<td style=\"width: 4.10554%; height: 21px;\">8<\/td>\n<td style=\"width: 62.5611%; height: 21px;\" width=\"356\">Mateus A De Almeida and Marilton Aguiar. Estudo do Crescimento de Empresas Atrav\u00e9s do Uso de Ferramentas de Intelig\u00eancia Artificial Explic\u00e1veis.<\/td>\n<td style=\"width: 33.3333%; height: 21px; text-align: left;\">\n<p>Ana Pernas<\/p>\n<p>Bruno Zatt<\/td>\n<\/tr>\n<tr style=\"height: 10px;\">\n<td style=\"width: 4.10554%; height: 10px;\">9<\/td>\n<td style=\"width: 62.5611%; height: 10px;\" width=\"356\">Lucas Q Garcia and Rafael Torchelsen and Larissa Freitas. Narrativas Din\u00e2micas em Jogos: Potencializando a Experi\u00eancia com a utiliza\u00e7\u00e3o de Intelig\u00eancia Artificial e Processamento Natural de Linguagem<\/td>\n<td style=\"width: 33.3333%; height: 10px; text-align: left;\">\n<p>Rafael Burlamaqui Amaral<\/p>\n<p>Ulisses Brisolara Corr\u00eaa<\/td>\n<\/tr>\n<tr style=\"height: 21px;\">\n<td style=\"width: 4.10554%; height: 21px;\">10<\/td>\n<td style=\"width: 62.5611%; height: 21px;\" width=\"356\">Willian Rodrigues and Leomar Soares da Rosa Jr and Laura Quevedo Jurgina. <span style=\"font-family: inherit; font-size: inherit; color: var(--cor-texto);\">Rotas UFPel: Soluc\u0327a\u0303o Web App para o monitoramento em tempo real da geolocalizac\u0327a\u0303o dos o\u0302nibus de apoio da UFPel<\/span><\/td>\n<td style=\"width: 33.3333%; height: 21px; text-align: left;\">\n<p>Bernardo Schwedersky<\/p>\n<p>Felipe Marques<\/p>\n<p>Renata Hax Sander Reiser<\/td>\n<\/tr>\n<tr style=\"height: 21px;\">\n<td style=\"width: 4.10554%; height: 21px;\">11<\/td>\n<td style=\"width: 62.5611%; height: 21px;\" width=\"356\">Rafael M Copes and Andre R Du Bois. Compila\u00e7\u00e3o da DSL GPotion para execu\u00e7\u00e3o em CPU<\/td>\n<td style=\"width: 33.3333%; height: 21px; text-align: left;\">Rafael Burlamaqui Amaral<\/td>\n<\/tr>\n<tr style=\"height: 21px;\">\n<td style=\"width: 4.10554%; height: 21px;\">12<\/td>\n<td style=\"width: 62.5611%; height: 21px;\" width=\"356\">Lucas S Ferreira and Felipe Marques and Samuel Troina. M\u00e9todo de Classifica\u00e7\u00e3o de Imagens de Sat\u00e9lite para An\u00e1lise da Propaga\u00e7\u00e3o de Sinais de R\u00e1dio na Tecnologia LoRa<\/td>\n<td style=\"width: 33.3333%; height: 21px; text-align: left;\">\n<p>Bruno Zatt<\/p>\n<p>Marilton Sanchotene de Aguiar<\/td>\n<\/tr>\n<tr style=\"height: 43px;\">\n<td style=\"width: 4.10554%; height: 43px;\">13<\/td>\n<td style=\"width: 62.5611%; height: 43px;\" width=\"356\">Hector H Fernandes and Rafael Burlamaqui Amaral. Estudo comparativo das ferramentas de provisionamento de infraestrutura por demanda<\/td>\n<td style=\"width: 33.3333%; text-align: left; height: 43px;\">\n<p>Guilherme Correa<\/p>\n<p>Patr\u00edcia Jaques Maillard<\/td>\n<\/tr>\n<tr style=\"height: 43px;\">\n<td style=\"width: 4.10554%; height: 43px;\">14<\/td>\n<td style=\"width: 62.5611%; height: 43px;\" width=\"356\">Gabriel Rocha Silveira and Guilherme T Netto and Marcelo Ribeiro. Do Campo \u00e0 Nuvem: Desenvolvimento de uma Esta\u00e7\u00e3o Meteorol\u00f3gica Acess\u00edvel e Aplicativo Inteligente para Otimiza\u00e7\u00e3o do Cultivo<\/td>\n<td style=\"width: 33.3333%; text-align: left; height: 43px;\">\n<p>Larissa A. de Freitas<\/p>\n<p>Patr\u00edcia Jaques Maillard<\/td>\n<\/tr>\n<tr style=\"height: 43px;\">\n<td style=\"width: 4.10554%; height: 43px;\">15<\/td>\n<td style=\"width: 62.5611%; height: 43px;\" width=\"356\">Jelson Stoelben Rodrigues and Marcelo Porto and Jones W. Goebel. Otimiza\u00e7\u00f5es na etapa das transformadas do codificador AV1 com foco no projeto de hardware dedicado<\/td>\n<td style=\"width: 33.3333%; text-align: left; height: 43px;\">\n<p>Leomar Soares da Rosa Jr<\/p>\n<p>Luciano Agostini<\/p>\n<p>Tiago Primo<\/td>\n<\/tr>\n<tr style=\"height: 43px;\">\n<td style=\"width: 4.10554%; height: 43px;\">16<\/td>\n<td style=\"width: 62.5611%; height: 43px;\" width=\"356\">Eduardo de Figueiredo Costa and Marcelo Porto and Cristiano Flores dos Santos and Gustavo H\u00fcbner Rehbein. Redu\u00e7\u00e3o de Complexidade da Etapa de Particionamento de Blocos na Codifica\u00e7\u00e3o de Nuvens de Pontos Din\u00e2micas<\/td>\n<td style=\"width: 33.3333%; text-align: left; height: 43px;\">\n<p>Alan Rossetto<\/p>\n<p>Guilherme Correa<\/td>\n<\/tr>\n<tr style=\"height: 65px;\">\n<td style=\"width: 4.10554%; height: 49px;\">17<\/td>\n<td style=\"width: 62.5611%; height: 49px;\" width=\"356\">J\u00falia da Rocha Junqueira and Ulisses Brisolara Corr\u00eaa and Larissa Freitas. Gera\u00e7\u00e3o Autom\u00e1tica de Perguntas para a L\u00edngua Portuguesa<\/td>\n<td style=\"width: 33.3333%; height: 49px;\">\n<p>Ana Pernas<\/p>\n<p>Renata Hax Sander Reiser<\/p>\n<p>Tiago Primo<\/td>\n<\/tr>\n<tr style=\"height: 43px;\">\n<td style=\"width: 4.10554%; height: 43px;\">18<\/td>\n<td style=\"width: 62.5611%; height: 43px;\" width=\"356\">Vin\u00edcius G Peruzzi\u00a0 and Rafael Amaral. Desenvolvimento de um Ambiente de Depura\u00e7\u00e3o de Programas do Paradigma de Computa\u00e7\u00e3o Paralela<\/td>\n<td style=\"width: 33.3333%; height: 43px;\">\n<p>Gerson Cavalheiro<\/p>\n<p>Luciana Foss<\/td>\n<\/tr>\n<tr style=\"height: 43px;\">\n<td style=\"width: 4.10554%; height: 43px;\">19<\/td>\n<td style=\"width: 62.5611%; height: 43px;\" width=\"356\">Ana Gabriele M Oliveira and Rafael Torchelsen. Tramas Virtuais: Um Jogo Educativo com Simulac\u0327a\u0303o para o Aprendizado de Croche<\/td>\n<td style=\"width: 33.3333%; height: 43px;\">\n<p>Andr\u00e9 Rauber Du Bois<\/p>\n<p>Bruno Zatt<\/td>\n<\/tr>\n<tr style=\"height: 20px;\">\n<td style=\"width: 4.10554%; height: 20px;\">20<\/td>\n<td style=\"width: 62.5611%; height: 20px;\" width=\"356\">Diulia J Deon and Larissa Freitas. Desenvolvimento de uma Ferramenta para Classifica\u00e7\u00e3o de Sentimentos em Textos de Redes Sociais<\/td>\n<td style=\"width: 33.3333%; height: 20px;\">\n<p>Felipe Marques<\/p>\n<p>Leomar Soares da Rosa Jr<\/p>\n<p>Ulisses Brisolara Corr\u00eaa<\/td>\n<\/tr>\n<tr style=\"height: 20px;\">\n<td style=\"width: 4.10554%; height: 20px;\">21<\/td>\n<td style=\"width: 62.5611%; height: 20px;\" width=\"356\">Eduardo Amaro Rosa\u00a0 and Guilherme Correa and Alex Borges. Avalia\u00e7\u00e3o de modelos obtidos por aprendizado de m\u00e1quina para acelera\u00e7\u00e3o da transcodifica\u00e7\u00e3o de v\u00eddeo H.264\/AVC para AV1<\/td>\n<td style=\"width: 33.3333%; height: 20px;\">\n<p>Alan Rossetto<\/p>\n<p>Bernardo Schwedersky<\/td>\n<\/tr>\n<tr style=\"height: 20px;\">\n<td style=\"width: 4.10554%; height: 20px;\">22<\/td>\n<td style=\"width: 62.5611%; height: 20px;\" width=\"356\">J\u00falia Veiga da Silva and Simone Costa and Luciana Foss. Proposta de Atividades para a Introdu\u00e7\u00e3o de M\u00e9todos Formais na Educa\u00e7\u00e3o B\u00e1sica<\/td>\n<td style=\"width: 33.3333%; height: 20px;\">\n<p>Andr\u00e9 Rauber Du Bois<\/p>\n<p>Rafael Piccin Torchelsen<\/td>\n<\/tr>\n<tr style=\"height: 20px;\">\n<td style=\"width: 4.10554%; height: 20px;\">23<\/td>\n<td style=\"width: 62.5611%; height: 20px;\" width=\"356\">Lucas Seidy Ikenoue and Bruno Zatt and \u00cdtalo Dombrowski Machado. Explora\u00e7\u00e3o de Redes Neurais Convolucionais 4D para Predi\u00e7\u00e3o de Light Fields<\/td>\n<td style=\"width: 33.3333%; height: 20px;\">\n<p>Anderson Ferrugem<\/p>\n<p>Marcelo Porto<\/td>\n<\/tr>\n<tr style=\"height: 20px;\">\n<td style=\"width: 4.10554%; height: 20px;\">24<\/td>\n<td style=\"width: 62.5611%; height: 20px;\" width=\"356\">Naomi C Ribes and Rafael Torchelsen. Pixelat3D: Um Shader 3D para Cenas Estilizadas com Est\u00e9tica de Pixel Art<\/td>\n<td style=\"width: 33.3333%; height: 20px;\">\n<p>Lisane Brisolara<\/p>\n<p>Rafael Iankowski Soares<\/td>\n<\/tr>\n<tr style=\"height: 20px;\">\n<td style=\"width: 4.10554%; height: 20px;\">25<\/td>\n<td style=\"width: 62.5611%; height: 20px;\" width=\"356\">Rafael Mattia and Marcelo S Porto and Cristiano Flores dos Santos and Gustavo H Rehbein. Codifica\u00e7\u00e3o eficiente de nuvens de pontos planificadas: uma abordagem que utiliza aprendizado de m\u00e1quina para detec\u00e7\u00e3o de Regi\u00f5es de Interesse (ROI)<\/td>\n<td style=\"width: 33.3333%; height: 20px;\">\n<p>Luciana Foss<\/p>\n<p>Luciano Agostini<\/td>\n<\/tr>\n<tr style=\"height: 20px;\">\n<td style=\"width: 4.10554%; height: 20px;\">26<\/td>\n<td style=\"width: 62.5611%; height: 20px;\" width=\"356\">Cecilia S Botelho and Renata Hax Sander Reiser and Helida S Santos and Anderson Cruz. Extens\u00e3o da biblioteca Qiskit: Integra\u00e7\u00e3o de L\u00f3gica Fuzzy na Computa\u00e7\u00e3o Qu\u00e2ntica<\/td>\n<td style=\"width: 33.3333%; height: 20px;\">\n<p>Gerson Cavalheiro<\/p>\n<p>Luciana Foss<\/td>\n<\/tr>\n<tr style=\"height: 20px;\">\n<td style=\"width: 4.10554%; height: 20px;\">27<\/td>\n<td style=\"width: 62.5611%; height: 20px;\" width=\"356\">Teilor Iuri Ferrari and Felipe Marques. Tecnologias acess\u00edveis para desenvolvimento de produtos m\u00ednimo vi\u00e1vel (MPVs): Um guia de inicia\u00e7\u00e3o com baixo custo tecnol\u00f3gico para impulsionamento do empreendedorismo no meio acad\u00eamico.<\/td>\n<td style=\"width: 33.3333%; height: 20px;\">\n<p>Alan Rossetto<\/p>\n<p>Larissa A. de Freitas<\/td>\n<\/tr>\n<tr style=\"height: 20px;\">\n<td style=\"width: 4.10554%; height: 20px;\">28<\/td>\n<td style=\"width: 62.5611%; height: 20px;\" width=\"356\">Arthur V Teles and Ulisses Brisolara Corr\u00eaa and Larissa Freitas. An\u00e1lise Comparativa entre Redes Neurais Convolucionais e Abordagem Baseada em Perguntas na Determina\u00e7\u00e3o de Orienta\u00e7\u00e3o de Sentimento<\/td>\n<td style=\"width: 33.3333%; height: 20px;\">\n<p>Anderson Ferrugem<\/p>\n<p>Leomar Soares da Rosa Jr<\/p>\n<p>Tiago Primo<\/td>\n<\/tr>\n<tr style=\"height: 20px;\">\n<td style=\"width: 4.10554%; height: 20px;\">29<\/td>\n<td style=\"width: 62.5611%; height: 20px;\" width=\"356\">Maur\u00edcio C Mucci and Tatiana Tavares. Estudo de uma Ferramenta de Teste para Aplica\u00e7\u00f5es Java<\/td>\n<td style=\"width: 33.3333%; height: 20px;\">\n<p>Felipe Marques<\/p>\n<p>Lisane Brisolara<\/p>\n<p>Renata Hax Sander Reiser<\/td>\n<\/tr>\n<tr style=\"height: 20px;\">\n<td style=\"width: 4.10554%; height: 20px;\">30<\/td>\n<td style=\"width: 62.5611%; height: 20px;\">Franco N Pereira and Ulisses Brisolara Corr\u00eaa. An\u00e1lise de Sentimento Baseada em Aspectos Utilizando Modelos Baseados na Arquitetura Transformer<\/td>\n<td style=\"width: 33.3333%; height: 20px;\">\n<p>Guilherme Corr\u00eaa<\/p>\n<p>Rafael Iankowski Soares<\/td>\n<\/tr>\n<tr style=\"height: 20px;\">\n<td style=\"width: 4.10554%; height: 20px;\">\u00a031<\/td>\n<td style=\"width: 62.5611%; height: 20px;\" width=\"356\">Ulian G Ramires and Ulisses Brisolara Corr\u00eaa and Tiago Primo. An\u00e1lise de sentimentos baseada em aspectos utilizando transformers aplicado a dados gerados atrav\u00e9s da plataforma ReaCloud: um estudo de caso<\/td>\n<td style=\"width: 33.3333%; height: 20px;\">\n<p>Ana Pernas<\/p>\n<p>Marcelo Porto<\/p>\n<p>Patr\u00edcia Jaques Maillard<\/td>\n<\/tr>\n<tr style=\"height: 20px;\">\n<td style=\"width: 4.10554%; height: 20px;\">\u00a032<\/td>\n<td style=\"width: 62.5611%; height: 20px;\" width=\"356\">Bruno C Gon\u00e7alves and Luciana Foss and Simone Costa. Pensamento Computacional no Ensino B\u00e1sico: mapeamento de atividades para habilidades da BNCC<\/td>\n<td style=\"width: 33.3333%; height: 20px;\">\n<p>Cristiano Flores dos Santos<\/p>\n<p>M\u00edriam Born<\/td>\n<\/tr>\n<tr style=\"height: 20px;\">\n<td style=\"width: 4.10554%; height: 20px;\">\u00a033<\/td>\n<td style=\"width: 62.5611%; height: 20px;\" width=\"356\">Gabriel L Bessa and Anderson Ferrugem. Explorando o Potencial da Intelig\u00eancia Artificial Generativa na Cria\u00e7\u00e3o de Radiografias Dent\u00e1rias Sint\u00e9ticas<\/td>\n<td style=\"width: 33.3333%; height: 20px;\">\n<p>Gabriel Gomes<\/p>\n<p>Simone Costa<\/td>\n<\/tr>\n<tr style=\"height: 20px;\">\n<td style=\"width: 4.10554%; height: 20px;\">\u00a034<\/td>\n<td style=\"width: 62.5611%; height: 20px;\" width=\"356\">Italo Teixeira da Silveira and Rafael Torchelsen. Implementa\u00e7\u00e3o de Heur\u00edstica de Verticalidade em um algoritmos de busca para navega\u00e7\u00e3o 3D em um jogo<\/td>\n<td style=\"width: 33.3333%; height: 20px;\">\n<p>M\u00edriam Born<\/p>\n<p>Simone Costa<\/td>\n<\/tr>\n<\/tbody>\n<\/table>\n<p>&nbsp;<\/p>\n","protected":false},"excerpt":{"rendered":"<p>Avaliadores Alan Rossetto &#8211; alan.rossetto@inf.ufpel.edu.br Ana Pernas &#8211; marilza@inf.ufpel.edu.br Anderson Ferrugem &#8211; ferrugem@inf.ufpel.edu.br Andr\u00e9 Rauber Du Bois &#8211; dubois@inf.ufpel.edu.br Bernardo Schwedersky &#8211; bernardo.schwedersky@inf.ufpel.edu.br Bruno Zatt &#8211; zatt@inf.ufpel.edu.br Cristiano Flores &#8211; cfdsantos@inf.ufpel.edu.br Felipe Marques &#8211; felipem@inf.ufpel.edu.br Gabriel Gomes &#8211; gagomes@inf.ufpel.edu.br Gerson Cavalheiro &#8211; gerson.cavalheiro@inf.ufpel.edu.br Guilherme Correa &#8211; gcorrea@inf.ufpel.edu.br Larissa A. de Freitas &#8211; larissa@inf.ufpel.edu.br Leomar Rosa [&hellip;]<\/p>\n","protected":false},"author":800,"featured_media":0,"parent":31,"menu_order":0,"comment_status":"closed","ping_status":"closed","template":"","meta":{"footnotes":""},"class_list":["post-1388","page","type-page","status-publish","hentry"],"_links":{"self":[{"href":"https:\/\/wp.ufpel.edu.br\/notcc\/wp-json\/wp\/v2\/pages\/1388","targetHints":{"allow":["GET"]}}],"collection":[{"href":"https:\/\/wp.ufpel.edu.br\/notcc\/wp-json\/wp\/v2\/pages"}],"about":[{"href":"https:\/\/wp.ufpel.edu.br\/notcc\/wp-json\/wp\/v2\/types\/page"}],"author":[{"embeddable":true,"href":"https:\/\/wp.ufpel.edu.br\/notcc\/wp-json\/wp\/v2\/users\/800"}],"replies":[{"embeddable":true,"href":"https:\/\/wp.ufpel.edu.br\/notcc\/wp-json\/wp\/v2\/comments?post=1388"}],"version-history":[{"count":8,"href":"https:\/\/wp.ufpel.edu.br\/notcc\/wp-json\/wp\/v2\/pages\/1388\/revisions"}],"predecessor-version":[{"id":1415,"href":"https:\/\/wp.ufpel.edu.br\/notcc\/wp-json\/wp\/v2\/pages\/1388\/revisions\/1415"}],"up":[{"embeddable":true,"href":"https:\/\/wp.ufpel.edu.br\/notcc\/wp-json\/wp\/v2\/pages\/31"}],"wp:attachment":[{"href":"https:\/\/wp.ufpel.edu.br\/notcc\/wp-json\/wp\/v2\/media?parent=1388"}],"curies":[{"name":"wp","href":"https:\/\/api.w.org\/{rel}","templated":true}]}}