{"id":1296,"date":"2023-03-24T15:01:11","date_gmt":"2023-03-24T18:01:11","guid":{"rendered":"https:\/\/wp.ufpel.edu.br\/notcc\/?page_id=1296"},"modified":"2023-04-10T13:40:44","modified_gmt":"2023-04-10T16:40:44","slug":"propostas-2022-2","status":"publish","type":"page","link":"https:\/\/wp.ufpel.edu.br\/notcc\/propostas\/avaliacoes\/propostas-2022-2\/","title":{"rendered":"Propostas 2022\/2"},"content":{"rendered":"<h2><strong>Avaliadores<\/strong><\/h2>\n<ul>\n<li>Alan Rossetto &#8211; alan.rossetto@inf.ufpel.edu.br<\/li>\n<li>Ana Pernas &#8211; marilza@inf.ufpel.edu.br<\/li>\n<li>Anderson Ferrugem &#8211; ferrugem@inf.ufpel.edu.br<\/li>\n<li>Andr\u00e9 Rauber Du Bois &#8211; dubois@inf.ufpel.edu.br<\/li>\n<li>Felipe Marques &#8211; felipem@inf.ufpel.edu.br<\/li>\n<li>Gerson Cavalheiro &#8211; gerson.cavalheiro@inf.ufpel.edu.br<\/li>\n<li>Guilherme Ribeiro Corr\u00eaa &#8211; gcorrea@inf.ufpel.edu.br<\/li>\n<li>Larissa A. de Freitas &#8211; larissa@inf.ufpel.edu.br<\/li>\n<li>Leomar Rosa Jr. &#8211; leomarjr@inf.ufpel.edu.br<\/li>\n<li>Lisane Brisolara -lisane@inf.ufpel.edu.br<\/li>\n<li>Luciana Foss -lfoss@inf.ufpel.edu.br<\/li>\n<li>Luciano Agostini &#8211; agostini@inf.ufpel.edu.br<\/li>\n<li>Marcelo Porto &#8211; porto@inf.ufpel.edu.br<\/li>\n<li>Marilton Sanchotene de Aguiar &#8211; marilton@inf.ufpel.edu.br<\/li>\n<li>Rafael Burlamaqui Amaral &#8211; rafael.amaral@inf.ufpel.edu.br<\/li>\n<li>Rafael Iankowski Soares &#8211; rafael.soares@inf.ufpel.edu.br<\/li>\n<li>Rafael Piccin Torchelsen &#8211; rafael.torchelsen@inf.ufpel.edu.br<\/li>\n<li>Renata Hax Sander Reiser &#8211; reiser@inf.ufpel.edu.br<\/li>\n<li>Simone Costa &#8211; simone.costa@inf.ufpel.edu.br<\/li>\n<li>Tatiana Aires Tavares &#8211; tatiana@inf.ufpel.edu.br<\/li>\n<li>Ulisses Brisolara Corr\u00eaa &#8211; ulisses@inf.ufpel.edu.br<\/li>\n<\/ul>\n<h2><strong>Propostas &#8211; Calend\u00e1rio <\/strong><strong>Acad\u00eamico <\/strong><strong>2022<\/strong><\/h2>\n<p>&nbsp;<\/p>\n<table style=\"border-collapse: collapse; width: 83.9373%; height: 268px;\" border=\"1\">\n<tbody>\n<tr style=\"height: 45px;\">\n<td style=\"width: 4.10554%; height: 45px;\">1<\/td>\n<td style=\"width: 62.5611%; height: 45px; text-align: left;\">Juliano Strelow Buss and Renata Hax Sander Reiser. Q-Flex Dual Interpretations: Interpreta\u00e7\u00f5es para Constru\u00e7\u00f5es Duais em Sistemas Flexiveis via Operadores da Computa\u00e7\u00e3o Qu\u00e2ntica<\/td>\n<td style=\"width: 33.3333%; height: 45px; text-align: left;\">\n<p>Andr\u00e9 Rauber Du Bois<\/p>\n<p>Luciana Foss<\/td>\n<\/tr>\n<tr style=\"height: 21px;\">\n<td style=\"width: 4.10554%; height: 21px;\">2<\/td>\n<td style=\"width: 62.5611%; height: 21px; text-align: left;\">Bruno da Silva Volcan and Ulisses Brisolara Corr\u00eaa. An\u00e1lise de Sentimentos Baseada em Aspectos Aplicada a L\u00edngua Portuguesa Utilizando Transformers: t\u00e9cnicas aplicadas para Data augmentation<\/td>\n<td style=\"width: 33.3333%; height: 21px; text-align: left;\">\n<p>Larissa A. de Freitas<\/p>\n<p>Marilton Sanchotene de Aguiar<\/td>\n<\/tr>\n<tr style=\"height: 21px;\">\n<td style=\"width: 4.10554%; height: 21px;\">3<\/td>\n<td style=\"width: 62.5611%; height: 21px; text-align: left;\">Pedro Augusto Nunes Marchand and Rafael Piccin Torchelsen. Aplica\u00e7\u00e3o de Elemenetos Storytelling para Entradas na Utiliza\u00e7\u00e3o de Regress\u00e3o para Predi\u00e7\u00e3o de Mapas Gerados Proceduralmente.<\/td>\n<td style=\"width: 33.3333%; height: 21px; text-align: left;\">\n<p>Tatiana Aires Tavares<\/p>\n<p>Renata Hax Sander Reiser<\/td>\n<\/tr>\n<tr style=\"height: 21px;\">\n<td style=\"width: 4.10554%; height: 21px;\">4<\/td>\n<td style=\"width: 62.5611%; height: 21px; text-align: left;\">Gustavo da Silva Machado and Rafael Iankowski Soares and Jo\u00e3o In\u00e1cio Moreira. Implementa\u00e7\u00e3o de um algoritmo eficiente de cifragem baseado em um mapa ca\u00f3tico discreto para microcontroladores<\/td>\n<td style=\"width: 33.3333%; height: 21px; text-align: left;\">\n<p>Leomar Rosa Jr.<\/p>\n<p>Felipe Marques<\/td>\n<\/tr>\n<tr style=\"height: 21px;\">\n<td style=\"width: 4.10554%; height: 21px;\">5<\/td>\n<td style=\"width: 62.5611%; height: 21px; text-align: left;\">Guilherme dos Santos Vahl and Andr\u00e9 Rauber Du Bois. Um benchmark para comparar modelos de atores utilizando Java e Elixir<\/td>\n<td style=\"width: 33.3333%; height: 21px; text-align: left;\">\n<p>Simone Costa<\/p>\n<p>Rafael Burlamaqui Amaral<\/td>\n<\/tr>\n<tr style=\"height: 21px;\">\n<td style=\"width: 4.10554%; height: 21px;\">6<\/td>\n<td style=\"width: 62.5611%; height: 21px; text-align: left;\">Lucas Alviene Pereira and Rafael Piccin Torchelsen. Uso de Realidade Virtual na Avalia\u00e7\u00e3o de Habilidades Cl\u00ednicas<\/td>\n<td style=\"width: 33.3333%; height: 21px; text-align: left;\">\n<p>Guilherme Ribeiro Corr\u00eaa<\/p>\n<p>Tatiana Aires Tavares<\/td>\n<\/tr>\n<tr style=\"height: 21px;\">\n<td style=\"width: 4.10554%; height: 21px;\">7<\/td>\n<td style=\"width: 62.5611%; height: 21px; text-align: left;\">Marcelo da Silva Dias and Marilton Sanchotene de Aguiar and Carlos Alexandre Silva dos Santos. Uma ferramenta semi-supervisionada para anota\u00e7\u00e3o autom\u00e1tica de Les\u00f5es de Fundo causadas por Retinopatia Diab\u00e9tica<\/td>\n<td style=\"width: 33.3333%; height: 21px; text-align: left;\">\n<p>Ulisses Brisolara Corr\u00eaa<\/p>\n<p>Ana Pernas<\/td>\n<\/tr>\n<tr style=\"height: 21px;\">\n<td style=\"width: 4.10554%; height: 21px;\">8<\/td>\n<td style=\"width: 62.5611%; height: 21px; text-align: left;\">Raquel Zimmer and Rafael Piccin Torchelsen. Expans\u00e3o e adapta\u00e7\u00e3o de estruturas web 2D para uso em ambientes de Realidade Virtual<\/td>\n<td style=\"width: 33.3333%; height: 21px; text-align: left;\">Renata Hax Sander Reiser<\/td>\n<\/tr>\n<tr style=\"height: 10px;\">\n<td style=\"width: 4.10554%; height: 10px;\">9<\/td>\n<td style=\"width: 62.5611%; height: 10px; text-align: left;\">Nelson Dutra Junior and Marilton Sanchotene de Aguiar. Desenvolvimento de um dashboard para aux\u00edlio na tomada de decis\u00e3o em equipes de atendimento ao cliente<\/td>\n<td style=\"width: 33.3333%; height: 10px; text-align: left;\">\n<p>Lisane Brisolara<\/p>\n<p>Ana Pernas<\/td>\n<\/tr>\n<tr style=\"height: 21px;\">\n<td style=\"width: 4.10554%; height: 21px;\">10<\/td>\n<td style=\"width: 62.5611%; height: 21px; text-align: left;\">Andr\u00e9 Rutz Porto and Lisane Brisolara. M\u00e9todo para simplificar o desenvolvimento de sistemas com opera\u00e7\u00f5es CRUD adotando arquitetura MVC com princ\u00edpios SOLID de orienta\u00e7\u00e3o a objetos<\/td>\n<td style=\"width: 33.3333%; height: 21px; text-align: left;\">\n<p>Rafael Iankowski Soares<\/p>\n<p>Felipe Marques<\/td>\n<\/tr>\n<tr style=\"height: 21px;\">\n<td style=\"width: 4.10554%; height: 21px;\">11<\/td>\n<td style=\"width: 62.5611%; height: 21px; text-align: left;\">Emerson de Vasconcelos Vieira and Rafael Iankowski Soares. Investiga\u00e7\u00e3o de sensores virtuais tolerantes \u00e0 falha para o monitoramento do uso de salas no contexto de um campus inteligente<\/td>\n<td style=\"width: 33.3333%; height: 21px; text-align: left;\">\n<p>Rafael Piccin Torchelsen<\/p>\n<p>Luciana Foss<\/td>\n<\/tr>\n<tr style=\"height: 21px;\">\n<td style=\"width: 4.10554%; height: 21px;\">12<\/td>\n<td style=\"width: 62.5611%; height: 21px; text-align: left;\">Aline Concei\u00e7\u00e3o da Silva and Ulisses Brisolara Corr\u00eaa. Navegando no interior de edifica\u00e7\u00f5es com realidade aumentada utilizando vis\u00e3o computacional e marcadores naturais<\/td>\n<td style=\"width: 33.3333%; height: 21px; text-align: left;\">Rafael Piccin Torchelsen<\/td>\n<\/tr>\n<tr style=\"height: 43px;\">\n<td style=\"width: 4.10554%; height: 43px;\">13<\/td>\n<td style=\"width: 62.5611%; height: 43px;\">Eduardo Amaro da Rosa and Guilherme Ribeiro Corr\u00eaa and Alex Borges. Avalia\u00e7\u00e3o de modelos obtidos por aprendizado de m\u00e1quina para acelera\u00e7\u00e3o da transcodifica\u00e7\u00e3o de v\u00eddeo H.264\/AVC para AV1<\/td>\n<td style=\"width: 33.3333%; text-align: left; height: 43px;\">\n<p>Luciano Agostini<\/p>\n<p>Marcelo Porto<\/td>\n<\/tr>\n<tr style=\"height: 43px;\">\n<td style=\"width: 4.10554%; height: 43px;\">14<\/td>\n<td style=\"width: 62.5611%; text-align: left; height: 43px;\">Patrick Silva da Rosa and nd Guilherme Ribeiro Corr\u00eaa and Daiane Fonseca Freitas. Avalia\u00e7\u00e3o de ferramentas do codificador AV1 com foco no processo de interpola\u00e7\u00e3o de amostras de pixel em posi\u00e7\u00e3o inteira<\/td>\n<td style=\"width: 33.3333%; text-align: left; height: 43px;\">\n<p>Luciano Agostini<\/p>\n<p>Simone Costa<\/td>\n<\/tr>\n<tr style=\"height: 43px;\">\n<td style=\"width: 4.10554%; height: 43px;\">15<\/td>\n<td style=\"width: 62.5611%; text-align: left; height: 43px;\">Louren\u00e7o da Cruz Mulling and Rafael Iankowski Soares and Morgana Macedo Azevedo. Computa\u00e7\u00e3o Aproximada com Efici\u00eancia Energ\u00e9tica para Multiplicadores Modulares<\/td>\n<td style=\"width: 33.3333%; text-align: left; height: 43px;\">\n<p>Leomar Rosa Jr.<\/p>\n<p>Rafael Burlamaqui Amaral<\/td>\n<\/tr>\n<tr style=\"height: 43px;\">\n<td style=\"width: 4.10554%; height: 43px;\">16<\/td>\n<td style=\"width: 62.5611%; text-align: left; height: 43px;\">Lucas do Prado Szczepaniak and Larissa A. de Freitas. Uma aplica\u00e7\u00e3o para a detec\u00e7\u00e3o de discurso de \u00f3dio utilizando padr\u00f5es lingu\u00edsticos<\/td>\n<td style=\"width: 33.3333%; text-align: left; height: 43px;\">\n<p>Andr\u00e9 Rauber Du Bois<\/p>\n<p>Lisane Brisolara<\/td>\n<\/tr>\n<tr style=\"height: 65px;\">\n<td style=\"width: 4.10554%; height: 65px;\">17<\/td>\n<td style=\"width: 62.5611%; height: 65px;\">Leandro Weber Tavares and Cristiano Flores dos Santos and Guilherme Ribeiro Corr\u00eaa and Marcelo Schiavon Porto. Decis\u00e3o de modo de codifica\u00e7\u00e3o de nuvens de pontos segundo o padr\u00e3o G-PCC utilizando aprendizado de m\u00e1quina<\/td>\n<td style=\"width: 33.3333%; height: 65px;\">\n<p>Larissa A. de Freitas<\/p>\n<p>Alan Rossetto<\/td>\n<\/tr>\n<tr style=\"height: 43px;\">\n<td style=\"width: 4.10554%; height: 43px;\"><em>18<\/em><\/td>\n<td style=\"width: 62.5611%; height: 43px;\">Vinicius Gonsalez Cruz and\u00a0 Ana Pernas and Leandro da Silva Camargo. Uma An\u00e1lise dos Protocolos de Comunica\u00e7\u00e3o Aplic\u00e1veis aos N\u00edveis Arquiteturais do VISO<\/td>\n<td style=\"width: 33.3333%; height: 43px;\">\n<p>Gerson Cavalheiro<\/p>\n<p>Alan Rossetto<\/td>\n<\/tr>\n<tr style=\"height: 43px;\">\n<td style=\"width: 4.10554%; height: 43px;\">19<\/td>\n<td style=\"width: 62.5611%; height: 43px;\">Bernardo Ribeiro Beling and Daniel Munari Vilchez Palomino and Guilherme Ribeiro Corr\u00eaa. Uso de Redes Neurais Convolucionais para Acelera\u00e7\u00e3o da Codifica\u00e7\u00e3o Intra-quadro de V\u00eddeos 360\u00b0 no Padr\u00e3o VVC<\/td>\n<td style=\"width: 33.3333%; height: 43px;\">\n<p>Marcelo Porto<\/p>\n<p>Leomar Rosa Jr.<\/td>\n<\/tr>\n<tr style=\"height: 20px;\">\n<td style=\"width: 4.10554%; height: 20px;\">20<\/td>\n<td style=\"width: 62.5611%; height: 20px;\">Leonardo dos Santos Guths and Rafael Piccin Torchelsen. Uma aplica\u00e7\u00e3o em realidade virtual como recurso pedag\u00f3gico para o aprendizado e treinamento de manuscrito de crian\u00e7as.<\/td>\n<td style=\"width: 33.3333%; height: 20px;\">Guilherme Ribeiro Corr\u00eaa<\/td>\n<\/tr>\n<tr style=\"height: 20px;\">\n<td style=\"width: 4.10554%; height: 20px;\">21<\/td>\n<td style=\"width: 62.5611%; height: 20px;\">Guilherme Ramison and Larissa A. de Freitas and Ulisses Brisolara Corr\u00eaa. Gerador e corretor de provas usando BERT<\/td>\n<td style=\"width: 33.3333%; height: 20px;\">\n<p>Marilton Sanchotene de Aguiar<\/p>\n<p>Anderson Ferrugem<\/td>\n<\/tr>\n<tr style=\"height: 20px;\">\n<td style=\"width: 4.10554%; height: 20px;\">22<\/td>\n<td style=\"width: 62.5611%; height: 20px;\">Thal\u00eda Djune Costa Longaray and Ana Pernas and Leandro da Silva Camargo. iData: uma contribui\u00e7\u00e3o \u00e0 camada de persist\u00eancia de dados no contexto da abordagem VISO<\/td>\n<td style=\"width: 33.3333%; height: 20px;\">\n<p>Gerson Cavalheiro<\/p>\n<p>Andr\u00e9 Rauber Du Bois<\/td>\n<\/tr>\n<tr style=\"height: 20px;\">\n<td style=\"width: 4.10554%; height: 20px;\">23<\/td>\n<td style=\"width: 62.5611%; height: 20px;\">Jonnhy Moraes Marques and Luciana Foss. Atividades Baseadas em Jogos para a Promo\u00e7\u00e3o do Pensamento Computacional<\/td>\n<td style=\"width: 33.3333%; height: 20px;\">\n<p>Simone Costa<\/p>\n<p>Ana Pernas<\/td>\n<\/tr>\n<tr style=\"height: 20px;\">\n<td style=\"width: 4.10554%; height: 20px;\">24<\/td>\n<td style=\"width: 62.5611%; height: 20px;\">Jo\u00e3o Paulo Brito de Almeida\u00a0 and Ulisses Brisolara Corr\u00eaa. An\u00e1lise comparativa de abordagens de aprendizado profundo para an\u00e1lise de sentimentos baseados em aspectos em l\u00edngua portuguesa: estudo de modelos de aprendizado de ponta a ponta e baseados em etapas<\/td>\n<td style=\"width: 33.3333%; height: 20px;\">\n<p>Marilton Sanchotene de Aguiar<\/p>\n<p>Anderson Ferrugem<\/td>\n<\/tr>\n<tr style=\"height: 20px;\">\n<td style=\"width: 4.10554%; height: 20px;\">25<\/td>\n<td style=\"width: 62.5611%; height: 20px;\">Pedro Machado da Silva and Larissa A. de Freitas. Chatbot de ensino sobre conceitos da linguagem C com \u00eanfase em algoritmos de IA.<\/td>\n<td style=\"width: 33.3333%; height: 20px;\">Rafael Iankowski Soares<\/td>\n<\/tr>\n<tr style=\"height: 20px;\">\n<td style=\"width: 4.10554%; height: 20px;\">26<\/td>\n<td style=\"width: 62.5611%; height: 20px;\">Heitor Felipe Matozo dos Santos and Marilton Sanchotene de Aguiar. Predi\u00e7\u00e3o do Lifetime Value dos clientes de um e-commerce utilizando Machine Learning<\/td>\n<td style=\"width: 33.3333%; height: 20px;\">\n<p>Gerson Cavalheiro<\/p>\n<p>Anderson Ferrugem<\/td>\n<\/tr>\n<tr style=\"height: 20px;\">\n<td style=\"width: 4.10554%; height: 20px;\">27<\/td>\n<td style=\"width: 62.5611%; height: 20px;\">Rodrigo da Silva Konflanz\u00a0 and Tatiana Aires Tavares and Eliana Zen. Desenvolvimento de um plug-in para Visual Studio Code: aprimoramento da acessibilidade para usu\u00e1rios com defici\u00eancia visual<\/td>\n<td style=\"width: 33.3333%; height: 20px;\">\n<p>Luciano Agostini<\/p>\n<p>Luciana Foss<\/td>\n<\/tr>\n<tr style=\"height: 20px;\">\n<td style=\"width: 4.10554%; height: 20px;\">28<\/td>\n<td style=\"width: 62.5611%; height: 20px;\">Rodrigo Mendes Rezende and Tatiana Aires Tavares and Eliana Zen. Desenvolvimento de um plug-in para leitor de tela NVDA visando a acessibilidade em IDEs para deficientes visuais<\/td>\n<td style=\"width: 33.3333%; height: 20px;\">\n<p>Rafael Burlamaqui Amaral<\/p>\n<p>Rafael Piccin Torchelsen<\/td>\n<\/tr>\n<tr style=\"height: 20px;\">\n<td style=\"width: 4.10554%; height: 20px;\">29<\/td>\n<td style=\"width: 62.5611%; height: 20px;\">Murillo Aleixo Mota and Guilherme Ribeiro Corr\u00eaa and Gilberto Kreisler Franco Neto. Cria\u00e7\u00e3o de dataset para treinamento de rede neural com foco em melhoria de qualidade visual de v\u00eddeos comprimidos<\/td>\n<td style=\"width: 33.3333%; height: 20px;\">\n<p>Marcelo Porto<\/p>\n<p>Ulisses Brisolara Corr\u00eaa<\/td>\n<\/tr>\n<tr style=\"height: 20px;\">\n<td style=\"width: 4.10554%; height: 20px;\">30<\/td>\n<td style=\"width: 62.5611%; height: 20px;\">Lucas Quevedo Garcia and Rafael Piccin Torchelsen and Larissa A. de Freitas. A utiliza\u00e7\u00e3o de modelos de intelig\u00eancia artificial em conjunto com t\u00e9cnicas de processamento natural de linguagem para gera\u00e7\u00e3o din\u00e2mica de hist\u00f3rias em jogos<\/td>\n<td style=\"width: 33.3333%; height: 20px;\">\n<p>Ulisses Brisolara Corr\u00eaa<\/p>\n<p>Felipe Marques<\/td>\n<\/tr>\n<tr style=\"height: 20px;\">\n<td style=\"width: 4.10554%; height: 20px;\">\u00a031<\/td>\n<td style=\"width: 62.5611%; height: 20px;\">Alberto Neuenfeld Helbig and Tatiana Aires Tavares. Acessibilidade e UX em Jogos Digitais<\/td>\n<td style=\"width: 33.3333%; height: 20px;\">\n<p>Larissa A. de Freitas<\/p>\n<p>Guilherme Ribeiro Corr\u00eaa<\/td>\n<\/tr>\n<\/tbody>\n<\/table>\n<p>&nbsp;<\/p>\n","protected":false},"excerpt":{"rendered":"<p>Avaliadores Alan Rossetto &#8211; alan.rossetto@inf.ufpel.edu.br Ana Pernas &#8211; marilza@inf.ufpel.edu.br Anderson Ferrugem &#8211; ferrugem@inf.ufpel.edu.br Andr\u00e9 Rauber Du Bois &#8211; dubois@inf.ufpel.edu.br Felipe Marques &#8211; felipem@inf.ufpel.edu.br Gerson Cavalheiro &#8211; gerson.cavalheiro@inf.ufpel.edu.br Guilherme Ribeiro Corr\u00eaa &#8211; gcorrea@inf.ufpel.edu.br Larissa A. de Freitas &#8211; larissa@inf.ufpel.edu.br Leomar Rosa Jr. &#8211; leomarjr@inf.ufpel.edu.br Lisane Brisolara -lisane@inf.ufpel.edu.br Luciana Foss -lfoss@inf.ufpel.edu.br Luciano Agostini &#8211; agostini@inf.ufpel.edu.br Marcelo Porto [&hellip;]<\/p>\n","protected":false},"author":800,"featured_media":0,"parent":31,"menu_order":0,"comment_status":"closed","ping_status":"closed","template":"","meta":{"footnotes":""},"class_list":["post-1296","page","type-page","status-publish","hentry"],"_links":{"self":[{"href":"https:\/\/wp.ufpel.edu.br\/notcc\/wp-json\/wp\/v2\/pages\/1296","targetHints":{"allow":["GET"]}}],"collection":[{"href":"https:\/\/wp.ufpel.edu.br\/notcc\/wp-json\/wp\/v2\/pages"}],"about":[{"href":"https:\/\/wp.ufpel.edu.br\/notcc\/wp-json\/wp\/v2\/types\/page"}],"author":[{"embeddable":true,"href":"https:\/\/wp.ufpel.edu.br\/notcc\/wp-json\/wp\/v2\/users\/800"}],"replies":[{"embeddable":true,"href":"https:\/\/wp.ufpel.edu.br\/notcc\/wp-json\/wp\/v2\/comments?post=1296"}],"version-history":[{"count":5,"href":"https:\/\/wp.ufpel.edu.br\/notcc\/wp-json\/wp\/v2\/pages\/1296\/revisions"}],"predecessor-version":[{"id":1307,"href":"https:\/\/wp.ufpel.edu.br\/notcc\/wp-json\/wp\/v2\/pages\/1296\/revisions\/1307"}],"up":[{"embeddable":true,"href":"https:\/\/wp.ufpel.edu.br\/notcc\/wp-json\/wp\/v2\/pages\/31"}],"wp:attachment":[{"href":"https:\/\/wp.ufpel.edu.br\/notcc\/wp-json\/wp\/v2\/media?parent=1296"}],"curies":[{"name":"wp","href":"https:\/\/api.w.org\/{rel}","templated":true}]}}