{"id":1249,"date":"2022-02-21T15:51:10","date_gmt":"2022-02-21T18:51:10","guid":{"rendered":"https:\/\/wp.ufpel.edu.br\/notcc\/?page_id=1249"},"modified":"2022-02-21T16:08:45","modified_gmt":"2022-02-21T19:08:45","slug":"2020_2","status":"publish","type":"page","link":"https:\/\/wp.ufpel.edu.br\/notcc\/propostas\/avaliacoes\/2020_2\/","title":{"rendered":"Propostas 2020\/2"},"content":{"rendered":"<h2><strong>Avaliadores<\/strong><\/h2>\n<ul>\n<li>Alan Rossetto &#8211; alan.rossetto@inf.ufpel.edu.br<\/li>\n<li>Ana Pernas &#8211;\u00a0anamarilza@gmail.com<\/li>\n<li>Anderson Ferrugem &#8211; apferrugem@gmail.com<\/li>\n<li>Andr\u00e9 Rauber Du Bois &#8211; dubois@inf.ufpel.edu.br<\/li>\n<li>Bruno Zatt &#8211; zatt@inf.ufpel.edu.br<\/li>\n<li>Felipe de Souza Marques &#8211; felipem@inf.ufpel.edu.br<\/li>\n<li>Guilherme Correa &#8211; gcorrea@inf.ufpel.edu.br<\/li>\n<li>Guilherme Netto &#8211; guilherme.netto@inf.ufpel.edu.br<\/li>\n<li>Larissa A. de Freitas &#8211; larissa@inf.ufpel.edu.br<\/li>\n<li>Leomar Rosa Jr &#8211; leomarjr@inf.ufpel.edu.br<\/li>\n<li>Lisane Brisolara -lisane@gmail.com<\/li>\n<li>Luciana Foss -lfoss@inf.ufpel.edu.br<\/li>\n<li>Luciano Agostini &#8211; agostini@inf.ufpel.edu.br<\/li>\n<li>Marcelo Porto &#8211; porto@inf.ufpel.edu.br<\/li>\n<li>Marilton Sanchotene de Aguiar &#8211; marilton@inf.ufpel.edu.br<\/li>\n<li>Rafael Burlamaqui Amaral \u2013 rafael.amaral@inf.ufpel.edu.br<\/li>\n<li>Rafael Torchelsen &#8211; rafael.torchelsen@inf.ufpel.edu.br<\/li>\n<li>Renata Reiser &#8211; reiser@inf.ufpel.edu.br<\/li>\n<li>Ricardo Matsumura Araujo &#8211; ricardo.araujo@gmail.com<\/li>\n<li>Simone Costa Cavalheiro &#8211; simone.costa@gmail.com<\/li>\n<li>Vinicius Valduga Camargo &#8211; vvacamargo@inf.ufpel.edu.br<\/li>\n<\/ul>\n<h2><strong>Propostas &#8211; Calend\u00e1rio Acad\u00eamico 2021<\/strong><\/h2>\n<table style=\"border-collapse: collapse;width: 83.9373%;height: 268px\" border=\"1\">\n<tbody>\n<tr style=\"height: 45px\">\n<td style=\"width: 4.10554%;height: 45px\">1<\/td>\n<td style=\"width: 62.5611%;height: 45px;text-align: left\">\n<p style=\"text-align: justify\">Matheus da Silva Jahnke, Bruno Zatt and \u00cdtalo Dombrowski Machado. <em>Predi\u00e7\u00e3o de Light Fields utilizando Redes Neurais Convolucionais<\/em><\/p>\n<\/td>\n<td style=\"width: 33.3333%;height: 45px;text-align: justify\">\n<p>Ricardo Matsumura Araujo<\/p>\n<p>Marcelo Porto<\/td>\n<\/tr>\n<tr style=\"height: 21px;text-align: justify\">\n<td style=\"width: 4.10554%;height: 21px\">2<\/td>\n<td style=\"width: 62.5611%;height: 21px;text-align: justify\">Vinicius Silva de Moraes and Anderson Priebe Ferrugem. <em>Dense Light Fields Dataset: Um dataset para c\u00e1lculo de dist\u00e2ncia absoluta em imagens plen\u00f3pticas<\/em><\/td>\n<td style=\"width: 33.3333%;height: 21px;text-align: left\">\n<p>Guilherme Correa<\/p>\n<p>Bruno Zatt<\/td>\n<\/tr>\n<tr style=\"height: 21px;text-align: justify\">\n<td style=\"width: 4.10554%;height: 21px\">3<\/td>\n<td style=\"width: 62.5611%;height: 21px;text-align: justify\">Igor Rosler, Bruno Zatt and Fabio Ramos.<em> Codificador de Entropia Multin\u00edvel para Codifica\u00e7\u00e3o de Light Field<\/em><\/td>\n<td style=\"width: 33.3333%;height: 21px;text-align: justify\">\n<p>Guilherme Correa<\/p>\n<p>Vin\u00edcius Valduga de Almeida Camargo<\/td>\n<\/tr>\n<tr style=\"height: 21px;text-align: justify\">\n<td style=\"width: 4.10554%;height: 21px\">4<\/td>\n<td style=\"width: 62.5611%;height: 21px;text-align: left\">\n<p style=\"text-align: justify\">Jo\u00e3o Pedro Bretanha and Marilton Sanchotene de Aguiar. <em>Proposta de um canal digital, unificado e descomplicado para comunica\u00e7\u00e3o acad\u00eamica: um estudo de caso na comunidade da Computa\u00e7\u00e3o da UFPel\u00a0<\/em><\/p>\n<\/td>\n<td style=\"width: 33.3333%;height: 21px;text-align: justify\">Felipe de Souza Marques<\/td>\n<\/tr>\n<tr style=\"height: 21px;text-align: justify\">\n<td style=\"width: 4.10554%;height: 21px;text-align: justify\">5<\/td>\n<td style=\"width: 62.5611%;height: 21px;text-align: justify\">Yasmin Hackbart and Simone Cavalheiro. <em>Dissemina\u00e7\u00e3o do Pensamento Computacional na Educa\u00e7\u00e3o B\u00e1sica: Proposta e Aplica\u00e7\u00f5es de Atividades Envolvendo Reconhecimento de Padr\u00f5es<\/em><\/td>\n<td style=\"width: 33.3333%;height: 21px;text-align: left\">\n<p>Luciana Foss<\/p>\n<p>Renata Reiser<\/td>\n<\/tr>\n<tr style=\"height: 21px;text-align: justify\">\n<td style=\"width: 4.10554%;height: 21px\">6<\/td>\n<td style=\"width: 62.5611%;height: 21px;text-align: justify\">Guilherme Silva and Gerson Cavalheiro. <em>Estudo Comparativo da implementa\u00e7\u00e3o do Sistema WebSYHDA: De uma Arquitetura Monol\u00edtica para Microservi\u00e7os\u00a0<\/em><\/td>\n<td style=\"width: 33.3333%;height: 21px;text-align: left\">\n<p>Rafael Torchelsen<\/p>\n<p>Rafael Burlamaqui Amaral<\/td>\n<\/tr>\n<tr style=\"height: 21px;text-align: justify\">\n<td style=\"width: 4.10554%;height: 21px\">7<\/td>\n<td style=\"width: 62.5611%;height: 21px;text-align: justify\">Lucas S. Mascarenhas and Anderson Priebe Ferrugem. <em>Uso de t\u00e9cnicas de aprendizagem por refor\u00e7o para gerenciamento de conforto t\u00e9rmico e uso eficiente de energia em \u201cnearly zero energy buildings\u201d<\/em><\/td>\n<td style=\"width: 33.3333%;height: 21px;text-align: left\">\n<p>Marilton Sanchotene de Aguiar<\/p>\n<p>Vin\u00edcius Valduga de Almeida Camargo<\/td>\n<\/tr>\n<tr style=\"height: 21px;text-align: justify\">\n<td style=\"width: 4.10554%;height: 21px\">8<\/td>\n<td style=\"width: 62.5611%;height: 21px;text-align: justify\">Vitor Pinho, Ricardo Matsumura de Araujo and Christian Kieling. <em>An\u00e1lise por agrupamento de fatores de riscos relacionados \u00e0 sa\u00fade mental\u00a0<\/em><\/td>\n<td style=\"width: 33.3333%;height: 21px;text-align: left\">\n<p>Lisane Brisolara<\/p>\n<p>Alan Rossetto<\/td>\n<\/tr>\n<tr style=\"height: 10px;text-align: justify\">\n<td style=\"width: 4.10554%;height: 10px\">9<\/td>\n<td style=\"width: 62.5611%;height: 10px;text-align: justify\">Giorgio Rossa and Ricardo Matsumura de Araujo. <em>Predi\u00e7\u00e3o de Momento de Resposta de E-mails com Aprendizado de M\u00e1quina\u00a0<\/em><\/td>\n<td style=\"width: 33.3333%;height: 10px;text-align: left\">\n<p>Anderson Ferrugem<\/p>\n<p>Larissa A. de Freitas<\/td>\n<\/tr>\n<tr style=\"height: 21px;text-align: justify\">\n<td style=\"width: 4.10554%;height: 21px\">10<\/td>\n<td style=\"width: 62.5611%;height: 21px;text-align: left\">\n<p style=\"text-align: justify\">Gabriel Gruppelli and Gerson Cavalheiro. <em>Avalia\u00e7\u00e3o de cen\u00e1rios de totaliza\u00e7\u00e3o de votos.\u00a0<\/em><\/p>\n<\/td>\n<td style=\"width: 33.3333%;height: 21px;text-align: left\">\n<p>Ana Pernas<\/p>\n<p>Andr\u00e9 Rauber Du Bois<\/td>\n<\/tr>\n<tr style=\"height: 21px;text-align: justify\">\n<td style=\"width: 4.10554%;height: 21px\">11<\/td>\n<td style=\"width: 62.5611%;height: 21px;text-align: justify\">Tamires Rodrigues, Tatiana Tavares and Tiago Primo. <em>Tecnologias Digitais para o Cuidado com a Sa\u00fade: o processo de avalia\u00e7\u00e3o da interface de usu\u00e1rio da aplica\u00e7\u00e3o DMI para o acompanhamento miccional e intestinal de pacientes\u00a0<\/em><\/td>\n<td style=\"width: 33.3333%;height: 21px;text-align: left\">\n<p>Lisane Brisolara<\/p>\n<p>Guilherme Netto<\/td>\n<\/tr>\n<tr style=\"height: 21px;text-align: justify\">\n<td style=\"width: 4.10554%;height: 21px\">12<\/td>\n<td style=\"width: 62.5611%;height: 21px;text-align: justify\">Juan Rios, Marilton Aguiar and Thiago Ped\u00f3. <em>Aplica\u00e7\u00e3o de t\u00e9cnicas de aprendizado de m\u00e1quina para classifica\u00e7\u00e3o do est\u00e1gio de crescimento de plantas<\/em><\/td>\n<td style=\"width: 33.3333%;height: 21px;text-align: left\">\n<p>Rafael Torchelsen<\/p>\n<p>Larissa A. de Freitas<\/td>\n<\/tr>\n<tr style=\"height: 43px;text-align: justify\">\n<td style=\"width: 4.10554%;height: 43px\">13<\/td>\n<td style=\"width: 62.5611%;height: 43px;text-align: justify\">Valter Alberto Melgarejo Martins and Ricardo Matsumura de Araujo. <em>Avalia\u00e7\u00e3o de Modelos de Redes Neurais para Identifica\u00e7\u00e3o de Sons de Ambiente em \u00c1udios Capturados por Smartphone<\/em><\/td>\n<td style=\"width: 33.3333%;text-align: left;height: 43px\">\n<p>Anderson Ferrugem<\/p>\n<p>Felipe de Souza Marques<\/td>\n<\/tr>\n<tr style=\"height: 43px;text-align: justify\">\n<td style=\"width: 4.10554%;height: 43px\">14<\/td>\n<td style=\"width: 62.5611%;height: 43px;text-align: justify\">Matheus Lindino, Mateus Grellert and Guilherme Corr\u00eaa. <em>Aceleradores de hardware aplicados a modelos preditivos para decis\u00e3o r\u00e1pida em codificadores de v\u00eddeo<\/em><\/td>\n<td style=\"width: 33.3333%;text-align: left;height: 43px\">\n<p>Marilton Sanchotene de Aguiar<\/p>\n<p>Marcelo Porto<\/td>\n<\/tr>\n<tr style=\"height: 43px;text-align: justify\">\n<td style=\"width: 4.10554%;height: 43px\">15<\/td>\n<td style=\"width: 62.5611%;height: 43px;text-align: justify\">Vinicius Geraldo, Mateus Terribele Leme and Vin\u00edcius Valduga de Almeida Camargo. <em>Avalia\u00e7\u00e3o de Contramedidas baseadas em l\u00f3gicas DPL em FPGAs\u00a0<\/em><\/td>\n<td style=\"width: 33.3333%;text-align: left;height: 43px\">\n<p style=\"text-align: justify\">Alan Rossetto<\/p>\n<p style=\"text-align: justify\">Leomar Rosa Junior<\/p>\n<\/td>\n<\/tr>\n<tr style=\"height: 43px;text-align: justify\">\n<td style=\"width: 4.10554%;height: 43px\">16<\/td>\n<td style=\"width: 62.5611%;height: 43px;text-align: justify\">Vitor Gosmao and Marilton Sanchotene de Aguiar. <em>Utiliza\u00e7\u00e3o de Business Intelligence e Aprendizado de M\u00e1quina Na An\u00e1lise de Mercado da Constru\u00e7\u00e3o Civil\u00a0<\/em><\/td>\n<td style=\"width: 33.3333%;text-align: left;height: 43px\">Ricardo Matsumura Araujo<\/td>\n<\/tr>\n<tr style=\"height: 65px;text-align: justify\">\n<td style=\"width: 4.10554%;height: 65px\">17<\/td>\n<td style=\"width: 62.5611%;height: 65px;text-align: justify\">Heliks Mersenburg and Larissa A. de Freitas. <em>Desenvolvimento de um Aplicativo para Classificar Sentimentos de Tweets em Tempos de Pandemia<\/em><\/td>\n<td style=\"width: 33.3333%;height: 65px\">Rafael Burlamaqui Amaral<\/td>\n<\/tr>\n<tr style=\"height: 43px;text-align: justify\">\n<td style=\"width: 4.10554%;height: 43px\">18<\/td>\n<td style=\"width: 62.5611%;height: 43px;text-align: justify\">Laura Jurgina, Tiago Primo and Marilton Sanchotene de Aguiar. <em>Uma Avalia\u00e7\u00e3o das Tecnologias Digitais de Informa\u00e7\u00e3o e Comunica\u00e7\u00e3o Durante a Pandemia de COVID-19 no Processo de Alfabetiza\u00e7\u00e3o e Letramento de Crian\u00e7as Disl\u00e9xicas\u00a0<\/em><\/td>\n<td style=\"width: 33.3333%;height: 43px\">\n<p>Simone Costa Cavalheiro<\/p>\n<p>Renata Reiser<\/td>\n<\/tr>\n<tr style=\"height: 43px;text-align: justify\">\n<td style=\"width: 4.10554%;height: 43px\">19<\/td>\n<td style=\"width: 62.5611%;height: 43px;text-align: justify\">Let\u00edcia Sampaio and Rafael Piccin Torchelsen.<em> Ferramenta que utiliza Computa\u00e7\u00e3o Gr\u00e1fica para auxiliar na aprendizagem\u00a0<\/em><\/td>\n<td style=\"width: 33.3333%;height: 43px\">Leomar Rosa Junior<\/td>\n<\/tr>\n<tr style=\"height: 20px;text-align: justify\">\n<td style=\"width: 4.10554%;height: 20px\">20<\/td>\n<td style=\"width: 62.5611%;height: 20px\">Nelson Dutra Junior and Marilton Sanchotene de Aguiar. <em>Desenvolvimento de um dashboard para aux\u00edlio na tomada de decis\u00e3o em equipes de atendimento ao cliente<\/em><\/td>\n<td style=\"width: 33.3333%;height: 20px\">\n<p>Simone Costa Cavalheiro<\/p>\n<p>Luciana Foss<\/td>\n<\/tr>\n<tr style=\"height: 20px;text-align: justify\">\n<td style=\"width: 4.10554%;height: 20px;text-align: justify\">21<\/td>\n<td style=\"width: 62.5611%;height: 20px\">Matheus Garcia Fagundes, Anderson Priebe Ferrugem, Ant\u00f4nio Carlos Martins da Cruz and Thomas de Aguiar de Oliveira. <em>Bem da Terra: Uma Plataforma para Grupos de Consumo Respons\u00e1vel<\/em><\/td>\n<td style=\"width: 33.3333%;height: 20px\">Guilherme Netto<\/td>\n<\/tr>\n<tr style=\"height: 20px\">\n<td style=\"width: 4.10554%;height: 20px;text-align: justify\">22<\/td>\n<td style=\"width: 62.5611%;height: 20px;text-align: justify\">Dione Silveira Da Silva and Anderson Priebe Ferrugem. <em>Constru\u00e7\u00e3o de mapas de profundidade de imagens light fields usando t\u00e9cnicas de aprendizado de m\u00e1quina<\/em><\/td>\n<td style=\"width: 33.3333%;height: 20px\">\n<p style=\"text-align: justify\">Andr\u00e9 Rauber Du Bois<\/p>\n<\/td>\n<\/tr>\n<\/tbody>\n<\/table>\n<h2><\/h2>\n","protected":false},"excerpt":{"rendered":"<p>Avaliadores Alan Rossetto &#8211; alan.rossetto@inf.ufpel.edu.br Ana Pernas &#8211;\u00a0anamarilza@gmail.com Anderson Ferrugem &#8211; apferrugem@gmail.com Andr\u00e9 Rauber Du Bois &#8211; dubois@inf.ufpel.edu.br Bruno Zatt &#8211; zatt@inf.ufpel.edu.br Felipe de Souza Marques &#8211; felipem@inf.ufpel.edu.br Guilherme Correa &#8211; gcorrea@inf.ufpel.edu.br Guilherme Netto &#8211; guilherme.netto@inf.ufpel.edu.br Larissa A. de Freitas &#8211; larissa@inf.ufpel.edu.br Leomar Rosa Jr &#8211; leomarjr@inf.ufpel.edu.br Lisane Brisolara -lisane@gmail.com Luciana Foss -lfoss@inf.ufpel.edu.br Luciano Agostini [&hellip;]<\/p>\n","protected":false},"author":800,"featured_media":0,"parent":31,"menu_order":0,"comment_status":"closed","ping_status":"closed","template":"","meta":{"footnotes":""},"class_list":["post-1249","page","type-page","status-publish","hentry"],"_links":{"self":[{"href":"https:\/\/wp.ufpel.edu.br\/notcc\/wp-json\/wp\/v2\/pages\/1249","targetHints":{"allow":["GET"]}}],"collection":[{"href":"https:\/\/wp.ufpel.edu.br\/notcc\/wp-json\/wp\/v2\/pages"}],"about":[{"href":"https:\/\/wp.ufpel.edu.br\/notcc\/wp-json\/wp\/v2\/types\/page"}],"author":[{"embeddable":true,"href":"https:\/\/wp.ufpel.edu.br\/notcc\/wp-json\/wp\/v2\/users\/800"}],"replies":[{"embeddable":true,"href":"https:\/\/wp.ufpel.edu.br\/notcc\/wp-json\/wp\/v2\/comments?post=1249"}],"version-history":[{"count":3,"href":"https:\/\/wp.ufpel.edu.br\/notcc\/wp-json\/wp\/v2\/pages\/1249\/revisions"}],"predecessor-version":[{"id":1258,"href":"https:\/\/wp.ufpel.edu.br\/notcc\/wp-json\/wp\/v2\/pages\/1249\/revisions\/1258"}],"up":[{"embeddable":true,"href":"https:\/\/wp.ufpel.edu.br\/notcc\/wp-json\/wp\/v2\/pages\/31"}],"wp:attachment":[{"href":"https:\/\/wp.ufpel.edu.br\/notcc\/wp-json\/wp\/v2\/media?parent=1249"}],"curies":[{"name":"wp","href":"https:\/\/api.w.org\/{rel}","templated":true}]}}