{"id":111,"date":"2016-12-02T14:44:42","date_gmt":"2016-12-02T16:44:42","guid":{"rendered":"https:\/\/wp.ufpel.edu.br\/notcc\/?page_id=111"},"modified":"2016-12-02T14:44:42","modified_gmt":"2016-12-02T16:44:42","slug":"2016_1","status":"publish","type":"page","link":"https:\/\/wp.ufpel.edu.br\/notcc\/bancas\/historico\/2016_1\/","title":{"rendered":"Bancas 2016\/1"},"content":{"rendered":"<h2 id=\"alex_machado_borges\" class=\"sectionedit1 page-header\">Alex Machado Borges<\/h2>\n<div class=\"level2\"><\/div>\n<h4 id=\"cursociencia_da_computacao\">Curso: Ci\u00eancia da Computa\u00e7\u00e3o<\/h4>\n<div class=\"level4\"><\/div>\n<h4 id=\"titulootimizacao_e_projeto_de_hardware_dedicado_para_o_pre-processamento_de_video_em_high_dynamic_range_hdr\">T\u00edtulo: Otimiza\u00e7\u00e3o e Projeto de Hardware Dedicado para o Pr\u00e9-Processamento de V\u00eddeo em High Dynamic Range (HDR)<\/h4>\n<div class=\"level4\"><\/div>\n<h4 id=\"banca\">Banca:<\/h4>\n<div class=\"level4\">\n<p>Prof. Marcelo Schiavon Porto (orientador)<br \/>\nProf. Bruno Zatt (co-orientador)<br \/>\nProf. Daniel Munari Palomino<br \/>\nProf. Rafael Iankowski Soares<\/p>\n<\/div>\n<h4 id=\"data27_jun_2016\">Data: 27\/Jun\/2016<\/h4>\n<div class=\"level4\"><\/div>\n<h4 id=\"hora1330h\">Hora: 13:30h<\/h4>\n<div class=\"level4\"><\/div>\n<h4 id=\"localauditorio_da_reitoria\">Local: Audit\u00f3rio da Reitoria<\/h4>\n<div class=\"level4\"><\/div>\n<div class=\"secedit editbutton_section editbutton_1\"><\/div>\n<h2 id=\"ariel_furtado_azevedo\" class=\"sectionedit2 page-header\">Ariel Furtado Azevedo<\/h2>\n<div class=\"level2\"><\/div>\n<h4 id=\"cursociencia_da_computacao1\">Curso: Ci\u00eancia da Computa\u00e7\u00e3o<\/h4>\n<div class=\"level4\"><\/div>\n<h4 id=\"tituloum_modulo_de_sensoreamento_fuzzy_no_ambiente_openstack_samsara\">T\u00edtulo: Um M\u00f3dulo de Sensoreamento Fuzzy no Ambiente OpenStack Samsara<\/h4>\n<div class=\"level4\"><\/div>\n<h4 id=\"banca1\">Banca:<\/h4>\n<div class=\"level4\">\n<p>Prof. Maur\u00edcio Lima Pilla (orientador)<br \/>\nProfa. Renata Hax Sander Reiser (co-orientador)<br \/>\nVilnei Marins Neves (co-orientador)<br \/>\nProf. Andr\u00e9 Rauber Du Bois<br \/>\nVitor Alano de Ata\u00eddes<\/p>\n<\/div>\n<h4 id=\"data08_jul_2016\">Data: 08\/Jul\/2016<\/h4>\n<div class=\"level4\"><\/div>\n<h4 id=\"hora1330h1\">Hora: 13:30h<\/h4>\n<div class=\"level4\"><\/div>\n<h4 id=\"locallab_3\">Local: Lab. 3<\/h4>\n<div class=\"level4\"><\/div>\n<div class=\"secedit editbutton_section editbutton_2\"><\/div>\n<h2 id=\"edemar_dias_xavier_junior\" class=\"sectionedit3 page-header\">Edemar Dias Xavier Junior<\/h2>\n<div class=\"level2\"><\/div>\n<h4 id=\"cursociencia_da_computacao2\">Curso: Ci\u00eancia da Computa\u00e7\u00e3o<\/h4>\n<div class=\"level4\"><\/div>\n<h4 id=\"titulopromocao_do_conhecimento_historico_localuma_proposta_de_interatividade_para_o_memorial_anglo_ufpel\">T\u00edtulo: Promo\u00e7\u00e3o do Conhecimento Hist\u00f3rico Local: Uma Proposta de Interatividade para o Memorial Anglo UFPEL<\/h4>\n<div class=\"level4\"><\/div>\n<h4 id=\"banca2\">Banca:<\/h4>\n<div class=\"level4\">\n<p>Profa. Tatiana Aires Tavares (orientador)<br \/>\nProf. Guilherme Ribeiro Corr\u00eaa<br \/>\nProf. Vin\u00edcius Kr\u00fcger da Costa<br \/>\nProfa. Francisca Ferreira Michelon<\/p>\n<\/div>\n<h4 id=\"data28_jun_2016\">Data: 28\/Jun\/2016<\/h4>\n<div class=\"level4\"><\/div>\n<h4 id=\"hora1000h\">Hora: 10:00h<\/h4>\n<div class=\"level4\"><\/div>\n<h4 id=\"localauditorio_do_museu_do_doce_casarao_8\">Local: Audit\u00f3rio do Museu do Doce (Casar\u00e3o 8)<\/h4>\n<div class=\"level4\"><\/div>\n<div class=\"secedit editbutton_section editbutton_3\"><\/div>\n<h2 id=\"gabriel_machado_balota\" class=\"sectionedit4 page-header\">Gabriel Machado Balota<\/h2>\n<div class=\"level2\"><\/div>\n<h4 id=\"cursociencia_da_computacao3\">Curso: Ci\u00eancia da Computa\u00e7\u00e3o<\/h4>\n<div class=\"level4\"><\/div>\n<h4 id=\"titulodesenvolvimento_de_um_ip_core_para_estimacao_de_movimento_em_videos_de_alta_definicao\">T\u00edtulo: Desenvolvimento de um IP\/Core para Estima\u00e7\u00e3o de Movimento em V\u00eddeos de Alta Defini\u00e7\u00e3o<\/h4>\n<div class=\"level4\"><\/div>\n<h4 id=\"banca3\">Banca:<\/h4>\n<div class=\"level4\">\n<p>Prof. Marcelo Schiavon Porto (orientador)<br \/>\nProf. Bruno Zatt (co-orientador)<br \/>\nProf. Daniel Munari Palomino<br \/>\nProf. Rafael Iankowski Soares<\/p>\n<\/div>\n<h4 id=\"data27_jun_20161\">Data: 27\/Jun\/2016<\/h4>\n<div class=\"level4\"><\/div>\n<h4 id=\"hora1530h\">Hora: 15:30h<\/h4>\n<div class=\"level4\"><\/div>\n<h4 id=\"localauditorio_da_reitoria1\">Local: Audit\u00f3rio da Reitoria<\/h4>\n<div class=\"level4\"><\/div>\n<div class=\"secedit editbutton_section editbutton_4\"><\/div>\n<h2 id=\"gustavo_cruz_de_pinho\" class=\"sectionedit5 page-header\">Gustavo Cruz de Pinho<\/h2>\n<div class=\"level2\"><\/div>\n<h4 id=\"cursociencia_da_computacao4\">Curso: Ci\u00eancia da Computa\u00e7\u00e3o<\/h4>\n<div class=\"level4\"><\/div>\n<h4 id=\"titulodo_tecnologico_ao_ludicoo_uso_de_dispositivos_moveis_no_pensamento_computacional\">T\u00edtulo: Do tecnol\u00f3gico ao l\u00fadico: o uso de dispositivos m\u00f3veis no Pensamento Computacional<\/h4>\n<div class=\"level4\"><\/div>\n<h4 id=\"banca4\">Banca:<\/h4>\n<div class=\"level4\">\n<p>Prof. Gerson Geraldo Homrich Cavalheiro (orientador)<br \/>\nProfa. Tatiana Aires Tavares<br \/>\nProf. Rafael Ferreira<\/p>\n<\/div>\n<h4 id=\"data01_jul_2016\">Data: 01\/Jul\/2016<\/h4>\n<div class=\"level4\"><\/div>\n<h4 id=\"hora1700h\">Hora: 17:00h<\/h4>\n<div class=\"level4\"><\/div>\n<h4 id=\"localsala_440\">Local: Sala 440<\/h4>\n<div class=\"level4\"><\/div>\n<div class=\"secedit editbutton_section editbutton_5\"><\/div>\n<h2 id=\"guenther_holz_ribak\" class=\"sectionedit6 page-header\">G\u00fcnther Holz Ribak<\/h2>\n<div class=\"level2\"><\/div>\n<h4 id=\"cursociencia_da_computacao5\">Curso: Ci\u00eancia da Computa\u00e7\u00e3o<\/h4>\n<div class=\"level4\"><\/div>\n<h4 id=\"tituloutilizacao_de_aprendizado_de_maquina_para_predicao_de_eleicoes_brasileiras\">T\u00edtulo: Utiliza\u00e7\u00e3o de aprendizado de m\u00e1quina para predi\u00e7\u00e3o de elei\u00e7\u00f5es brasileiras<\/h4>\n<div class=\"level4\"><\/div>\n<h4 id=\"banca5\">Banca:<\/h4>\n<div class=\"level4\">\n<p>Prof. Ricardo Matsumura Araujo (orientador)<br \/>\nProf. Anderson Priebe Ferrugem<br \/>\nVirginia Andersson<\/p>\n<\/div>\n<h4 id=\"data08_jul_20161\">Data: 08\/Jul\/2016<\/h4>\n<div class=\"level4\"><\/div>\n<h4 id=\"hora1400h\">Hora: 14:00h<\/h4>\n<div class=\"level4\"><\/div>\n<h4 id=\"locala_definir\">Local: A definir<\/h4>\n<div class=\"level4\"><\/div>\n<div class=\"secedit editbutton_section editbutton_6\"><\/div>\n<h2 id=\"jose_claudio_de_souza_junior\" class=\"sectionedit7 page-header\">Jos\u00e9 Cl\u00e1udio de Souza J\u00fanior<\/h2>\n<div class=\"level2\"><\/div>\n<h4 id=\"cursoengenharia_de_computacao\">Curso: Engenharia de Computa\u00e7\u00e3o<\/h4>\n<div class=\"level4\"><\/div>\n<h4 id=\"tituloarquitetura_multitamanho_para_a_decodificacao_de_residuos_do_padrao_hevc\">T\u00edtulo: Arquitetura Multitamanho para a Decodifica\u00e7\u00e3o de Res\u00edduos do Padr\u00e3o HEVC<\/h4>\n<div class=\"level4\"><\/div>\n<h4 id=\"banca6\">Banca:<\/h4>\n<div class=\"level4\">\n<p>Prof. Marcelo Schiavon Porto (orientador)<br \/>\nProf. Bruno Zatt (co-orientador)<br \/>\nProf. J\u00falio Carlos Balzano de Mattos<br \/>\nProf. Vladimir Afonso<\/p>\n<\/div>\n<h4 id=\"data04_jul_2016\">Data: 04\/Jul\/2016<\/h4>\n<div class=\"level4\"><\/div>\n<h4 id=\"hora1330h2\">Hora: 13:30h<\/h4>\n<div class=\"level4\"><\/div>\n<h4 id=\"localauditorio_da_reitoria2\">Local: Audit\u00f3rio da Reitoria<\/h4>\n<div class=\"level4\"><\/div>\n<div class=\"secedit editbutton_section editbutton_7\"><\/div>\n<h2 id=\"luan_da_silva_einhardt\" class=\"sectionedit8 page-header\">Luan da Silva Einhardt<\/h2>\n<div class=\"level2\"><\/div>\n<h4 id=\"cursociencia_da_computacao6\">Curso: Ci\u00eancia da Computa\u00e7\u00e3o<\/h4>\n<div class=\"level4\"><\/div>\n<h4 id=\"titulomoodle_analytics_dashboarduma_ferramenta_de_learning_analytics_para_visualizacao_de_registros_de_acesso_ao_moodle\">T\u00edtulo: Moodle Analytics Dashboard: Uma ferramenta de learning analytics para visualiza\u00e7\u00e3o de registros de acesso ao Moodle<\/h4>\n<div class=\"level4\"><\/div>\n<h4 id=\"banca7\">Banca:<\/h4>\n<div class=\"level4\">\n<p>Prof. Cristian Cechinel (orientador)<br \/>\nProfa. Tatiana Aires Tavares (co-orientador)<br \/>\nProfa. Daniela Francisco Brauner<br \/>\nProf. Marilton Sanchotene de Aguiar<\/p>\n<\/div>\n<h4 id=\"data28_jun_20161\">Data: 28\/Jun\/2016<\/h4>\n<div class=\"level4\"><\/div>\n<h4 id=\"hora1500h\">Hora: 15:00h<\/h4>\n<div class=\"level4\"><\/div>\n<h4 id=\"localsala_307_andar_3a_cotada\">Local: Sala 307, andar 3A (Cotada)<\/h4>\n<div class=\"level4\"><\/div>\n<div class=\"secedit editbutton_section editbutton_8\"><\/div>\n<h2 id=\"lucas_mendes_tortelli\" class=\"sectionedit9 page-header\">Lucas Mendes Tortelli<\/h2>\n<div class=\"level2\"><\/div>\n<h4 id=\"cursociencia_da_computacao7\">Curso: Ci\u00eancia da Computa\u00e7\u00e3o<\/h4>\n<div class=\"level4\"><\/div>\n<h4 id=\"tituloextensao_intervalar_aplicado_em_redes_neurais_por_convolucao\">T\u00edtulo: Extens\u00e3o Intervalar aplicado em Redes Neurais por Convolu\u00e7\u00e3o<\/h4>\n<div class=\"level4\"><\/div>\n<h4 id=\"banca8\">Banca:<\/h4>\n<div class=\"level4\">\n<p>Prof. Marilton Sanchotene de Aguiar (orientador)<br \/>\nProfa. Aline Brum Loreto (co-orientador)<br \/>\nProfa. Renata Hax Sander Reiser<br \/>\nProfa. Alice Fonseca Finger<\/p>\n<\/div>\n<h4 id=\"data05_jul_2016\">Data: 05\/Jul\/2016<\/h4>\n<div class=\"level4\"><\/div>\n<h4 id=\"hora1330h3\">Hora: 13:30h<\/h4>\n<div class=\"level4\"><\/div>\n<h4 id=\"localauditorio_da_reitoria3\">Local: Audit\u00f3rio da Reitoria<\/h4>\n<div class=\"level4\"><\/div>\n<div class=\"secedit editbutton_section editbutton_9\"><\/div>\n<h2 id=\"marcelo_leao_correa_fay\" class=\"sectionedit10 page-header\">Marcelo Le\u00e3o Corr\u00eaa Fay<\/h2>\n<div class=\"level2\"><\/div>\n<h4 id=\"cursociencia_da_computacao8\">Curso: Ci\u00eancia da Computa\u00e7\u00e3o<\/h4>\n<div class=\"level4\"><\/div>\n<h4 id=\"tituloinvestigacao_e_avaliacao_de_algoritmos_para_identificar_e_extrair_assinaturas_de_consumo_de_potencia_de_circuitos_criptograficos\">T\u00edtulo: Investiga\u00e7\u00e3o e Avalia\u00e7\u00e3o de Algoritmos para Identificar e Extrair Assinaturas de Consumo de Pot\u00eancia de Circuitos Criptogr\u00e1ficos<\/h4>\n<div class=\"level4\"><\/div>\n<h4 id=\"banca9\">Banca:<\/h4>\n<div class=\"level4\">\n<p>Prof. Rafael Iankowski Soares (orientador)<br \/>\nProf. Leomar Soares da Rosa Junior<br \/>\nProf. J\u00falio Carlos Balzano de Mattos<\/p>\n<\/div>\n<h4 id=\"data06_jul_2016\">Data: 06\/Jul\/2016<\/h4>\n<div class=\"level4\"><\/div>\n<h4 id=\"hora1330h4\">Hora: 13:30h<\/h4>\n<div class=\"level4\"><\/div>\n<h4 id=\"localauditorio_da_reitoria4\">Local: Audit\u00f3rio da Reitoria<\/h4>\n<div class=\"level4\"><\/div>\n<div class=\"secedit editbutton_section editbutton_10\"><\/div>\n<h2 id=\"marlon_mahl\" class=\"sectionedit11 page-header\">Marlon Mahl<\/h2>\n<div class=\"level2\"><\/div>\n<h4 id=\"cursociencia_da_computacao9\">Curso: Ci\u00eancia da Computa\u00e7\u00e3o<\/h4>\n<div class=\"level4\"><\/div>\n<h4 id=\"tituloalgoritmo_evolutivo_hibrido_aplicado_ao_problema_de_alocacao_de_salas_da_universidade_federal_de_pelotas\">T\u00edtulo: Algoritmo Evolutivo H\u00edbrido Aplicado ao Problema de Aloca\u00e7\u00e3o de Salas da Universidade Federal de Pelotas<\/h4>\n<div class=\"level4\"><\/div>\n<h4 id=\"banca10\">Banca:<\/h4>\n<div class=\"level4\">\n<p>Prof. Marilton Sanchotene de Aguiar (orientador)<br \/>\nRodrigo Costa de Moura (co-orientador)<br \/>\nProf. Paulo Roberto Ferreira Jr<br \/>\nProf. Anderson Priebe Ferrugem<\/p>\n<\/div>\n<h4 id=\"data01_jul_20161\">Data: 01\/Jul\/2016<\/h4>\n<div class=\"level4\"><\/div>\n<h4 id=\"hora1330h5\">Hora: 13:30h<\/h4>\n<div class=\"level4\"><\/div>\n<h4 id=\"locallab_31\">Local: Lab. 3<\/h4>\n<div class=\"level4\"><\/div>\n<div class=\"secedit editbutton_section editbutton_11\"><\/div>\n<h2 id=\"mateus_wachholz_noremberg\" class=\"sectionedit12 page-header\">Mateus Wachholz Noremberg<\/h2>\n<div class=\"level2\"><\/div>\n<h4 id=\"cursociencia_da_computacao10\">Curso: Ci\u00eancia da Computa\u00e7\u00e3o<\/h4>\n<div class=\"level4\"><\/div>\n<h4 id=\"tituloreducao_de_complexidade_do_algoritmo_test_zone_search_para_estimacao_de_movimento_no_codificador_de_video_hevc\">T\u00edtulo: Redu\u00e7\u00e3o de Complexidade do Algoritmo Test Zone Search para Estima\u00e7\u00e3o de Movimento no Codificador de V\u00eddeo HEVC<\/h4>\n<div class=\"level4\"><\/div>\n<h4 id=\"banca11\">Banca:<\/h4>\n<div class=\"level4\">\n<p>Prof. Guilherme Ribeiro Corr\u00eaa (orientador)<br \/>\nProf. Marcelo Schiavon Porto (co-orientador)<br \/>\nProf. J\u00falio Carlos Balzano de Mattos<br \/>\nProf. Vladimir Afonso<\/p>\n<\/div>\n<h4 id=\"data04_jul_20161\">Data: 04\/Jul\/2016<\/h4>\n<div class=\"level4\"><\/div>\n<h4 id=\"hora1530h1\">Hora: 15:30h<\/h4>\n<div class=\"level4\"><\/div>\n<h4 id=\"localauditorio_da_reitoria5\">Local: Audit\u00f3rio da Reitoria<\/h4>\n<div class=\"level4\"><\/div>\n<div class=\"secedit editbutton_section editbutton_12\"><\/div>\n<h2 id=\"rodrigo_bazo\" class=\"sectionedit13 page-header\">Rodrigo Bazo<\/h2>\n<div class=\"level2\"><\/div>\n<h4 id=\"cursociencia_da_computacao11\">Curso: Ci\u00eancia da Computa\u00e7\u00e3o<\/h4>\n<div class=\"level4\"><\/div>\n<h4 id=\"titulouma_implementacao_de_alto_desempenho_de_um_algoritmo_de_analise_diferencial_de_potencia\">T\u00edtulo: Uma implementa\u00e7\u00e3o de alto desempenho de um algoritmo de An\u00e1lise Diferencial de Pot\u00eancia<\/h4>\n<div class=\"level4\"><\/div>\n<h4 id=\"banca12\">Banca:<\/h4>\n<div class=\"level4\">\n<p>Prof. Rafael Iankowski Soares (orientador)<br \/>\nProf. Gerson Geraldo H. Cavalheiro (co-orientador)<br \/>\nProf. Andr\u00e9 Rauber Du Bois<br \/>\nProf. Bruno Zatt<\/p>\n<\/div>\n<h4 id=\"data01_jul_20162\">Data: 01\/Jul\/2016<\/h4>\n<div class=\"level4\"><\/div>\n<h4 id=\"hora1400h1\">Hora: 14:00h<\/h4>\n<div class=\"level4\"><\/div>\n<h4 id=\"localsala_246\">Local: Sala 246<\/h4>\n<div class=\"level4\"><\/div>\n<div class=\"secedit editbutton_section editbutton_13\"><\/div>\n<h2 id=\"vinicius_rodrigues_dos_santos\" class=\"sectionedit14 page-header\">Vin\u00edcius Rodrigues dos Santos<\/h2>\n<div class=\"level2\"><\/div>\n<h4 id=\"cursociencia_da_computacao12\">Curso: Ci\u00eancia da Computa\u00e7\u00e3o<\/h4>\n<div class=\"level4\"><\/div>\n<h4 id=\"tituloint-dwts_library_-_algebraic_simplifications_increasing_performance_and_exactitude_of_discrete_wavelet_transforms\">T\u00edtulo: Int-DWTs Library &#8211; Algebraic Simplifications Increasing Performance and Exactitude of Discrete Wavelet Transforms<\/h4>\n<div class=\"level4\"><\/div>\n<h4 id=\"banca13\">Banca:<\/h4>\n<div class=\"level4\">\n<p>Profa. Renata Hax Sander Reiser (orientador)<br \/>\nProf. Maur\u00edcio Lima Pilla (co-orientador)<br \/>\nProfa. Alice de Jesus Kozakevicius (co-orientador)<br \/>\nProf. Adenauer Correa Yamin<br \/>\nProfa. Aline Brum Loreto<br \/>\nProf. Marilton Sanchotene de Aguiar<\/p>\n<\/div>\n<h4 id=\"data11_jul_2016\">Data: 11\/Jul\/2016<\/h4>\n<div class=\"level4\"><\/div>\n<h4 id=\"hora1000h1\">Hora: 10:00h<\/h4>\n<div class=\"level4\"><\/div>\n<h4 id=\"localpos_2_fat\">Local: P\u00f3s 2, FAT<\/h4>\n","protected":false},"excerpt":{"rendered":"<p>Alex Machado Borges Curso: Ci\u00eancia da Computa\u00e7\u00e3o T\u00edtulo: Otimiza\u00e7\u00e3o e Projeto de Hardware Dedicado para o Pr\u00e9-Processamento de V\u00eddeo em High Dynamic Range (HDR) Banca: Prof. Marcelo Schiavon Porto (orientador) Prof. Bruno Zatt (co-orientador) Prof. Daniel Munari Palomino Prof. Rafael Iankowski Soares Data: 27\/Jun\/2016 Hora: 13:30h Local: Audit\u00f3rio da Reitoria Ariel Furtado Azevedo Curso: Ci\u00eancia [&hellip;]<\/p>\n","protected":false},"author":657,"featured_media":0,"parent":84,"menu_order":0,"comment_status":"closed","ping_status":"closed","template":"","meta":{"footnotes":""},"class_list":["post-111","page","type-page","status-publish","hentry"],"_links":{"self":[{"href":"https:\/\/wp.ufpel.edu.br\/notcc\/wp-json\/wp\/v2\/pages\/111","targetHints":{"allow":["GET"]}}],"collection":[{"href":"https:\/\/wp.ufpel.edu.br\/notcc\/wp-json\/wp\/v2\/pages"}],"about":[{"href":"https:\/\/wp.ufpel.edu.br\/notcc\/wp-json\/wp\/v2\/types\/page"}],"author":[{"embeddable":true,"href":"https:\/\/wp.ufpel.edu.br\/notcc\/wp-json\/wp\/v2\/users\/657"}],"replies":[{"embeddable":true,"href":"https:\/\/wp.ufpel.edu.br\/notcc\/wp-json\/wp\/v2\/comments?post=111"}],"version-history":[{"count":1,"href":"https:\/\/wp.ufpel.edu.br\/notcc\/wp-json\/wp\/v2\/pages\/111\/revisions"}],"predecessor-version":[{"id":112,"href":"https:\/\/wp.ufpel.edu.br\/notcc\/wp-json\/wp\/v2\/pages\/111\/revisions\/112"}],"up":[{"embeddable":true,"href":"https:\/\/wp.ufpel.edu.br\/notcc\/wp-json\/wp\/v2\/pages\/84"}],"wp:attachment":[{"href":"https:\/\/wp.ufpel.edu.br\/notcc\/wp-json\/wp\/v2\/media?parent=111"}],"curies":[{"name":"wp","href":"https:\/\/api.w.org\/{rel}","templated":true}]}}