{"id":109,"date":"2016-12-02T14:43:39","date_gmt":"2016-12-02T16:43:39","guid":{"rendered":"https:\/\/wp.ufpel.edu.br\/notcc\/?page_id=109"},"modified":"2016-12-02T14:43:39","modified_gmt":"2016-12-02T16:43:39","slug":"2015_2","status":"publish","type":"page","link":"https:\/\/wp.ufpel.edu.br\/notcc\/bancas\/historico\/2015_2\/","title":{"rendered":"Bancas 2015\/2"},"content":{"rendered":"<h2 id=\"alvaro_joan_goncalves_dos_santos\" class=\"sectionedit1 page-header\">\u00c1lvaro Joan Gon\u00e7alves dos Santos<\/h2>\n<div class=\"level2\"><\/div>\n<h4 id=\"cursociencia_da_computacao\">Curso: Ci\u00eancia da Computa\u00e7\u00e3o<\/h4>\n<div class=\"level4\"><\/div>\n<h4 id=\"titulocompilador_cmtjava_para_java_8\">T\u00edtulo: Compilador CMTJava para Java 8<\/h4>\n<div class=\"level4\"><\/div>\n<h4 id=\"banca\">Banca:<\/h4>\n<div class=\"level4\">\n<p>Prof. Andr\u00e9 Rauber Du Bois (orientador)<br \/>\nProf. Maur\u00edcio Lima Pilla (co-orientador)<br \/>\nProf. Gerson Geraldo Homrich Cavalheiro<br \/>\nProfa. Luciana Foss<\/p>\n<\/div>\n<h4 id=\"data09_de_dezembro_de_2015\">Data: 09 de Dezembro de 2015<\/h4>\n<div class=\"level4\"><\/div>\n<h4 id=\"hora0900h\">Hora: 09:00h<\/h4>\n<div class=\"level4\"><\/div>\n<h4 id=\"localauditorio_academico\">Local: Audit\u00f3rio Acad\u00eamico<\/h4>\n<div class=\"level4\"><\/div>\n<div class=\"secedit editbutton_section editbutton_1\"><\/div>\n<h2 id=\"andre_felipe_da_silva\" class=\"sectionedit2 page-header\">Andr\u00e9 Felipe da Silva<\/h2>\n<div class=\"level2\"><\/div>\n<h4 id=\"cursociencia_da_computacao1\">Curso: Ci\u00eancia da Computa\u00e7\u00e3o<\/h4>\n<div class=\"level4\"><\/div>\n<h4 id=\"titulologicflow_-_uma_ferramenta_para_o_ensino_de_circuitos_digitais\">T\u00edtulo: LogicFlow &#8211; Uma Ferramenta para o Ensino de Circuitos Digitais<\/h4>\n<div class=\"level4\"><\/div>\n<h4 id=\"banca1\">Banca:<\/h4>\n<div class=\"level4\">\n<p>Prof. Felipe de Souza Marques (orientador)<br \/>\nProf. Leomar Soares da Rosa Jr. (co-orientador)<br \/>\nProf. Rafael Iankowski Soares<br \/>\nProfa. Tatiana Aires Tavares<\/p>\n<\/div>\n<h4 id=\"data11_de_dezembro_de_2015\">Data: 11 de Dezembro de 2015<\/h4>\n<div class=\"level4\"><\/div>\n<h4 id=\"hora0800h\">Hora: 08:00h<\/h4>\n<div class=\"level4\"><\/div>\n<h4 id=\"locallab_2\">Local: Lab 2<\/h4>\n<div class=\"level4\"><\/div>\n<div class=\"secedit editbutton_section editbutton_2\"><\/div>\n<h2 id=\"andre_guimaraes_peil\" class=\"sectionedit3 page-header\">Andr\u00e9 Guimar\u00e3es Peil<\/h2>\n<div class=\"level2\"><\/div>\n<h4 id=\"cursociencia_da_computacao2\">Curso: Ci\u00eancia da Computa\u00e7\u00e3o<\/h4>\n<div class=\"level4\"><\/div>\n<h4 id=\"tituloalinhamento_de_nomes_de_coautores_em_producoes_cientificas_de_curriculos_de_pesquisadores\">T\u00edtulo: Alinhamento de nomes de coautores em produ\u00e7\u00f5es cient\u00edficas de curr\u00edculos de pesquisadores<\/h4>\n<div class=\"level4\"><\/div>\n<h4 id=\"banca2\">Banca:<\/h4>\n<div class=\"level4\">\n<p>Profa. Daniela Francisco Brauner (orientador)<br \/>\nProf. Ricardo Matsumura de Ara\u00fajo (co-orientador)<br \/>\nProf. Alexandre Rademaker<br \/>\nProf. Cristian Cechinel<br \/>\nProfa. Tatiana Aires Tavares<\/p>\n<\/div>\n<h4 id=\"data07_de_dezembro_de_2015\">Data: 07 de Dezembro de 2015<\/h4>\n<div class=\"level4\"><\/div>\n<h4 id=\"hora1630h\">Hora: 16:30h<\/h4>\n<div class=\"level4\"><\/div>\n<h4 id=\"localpos_1_fat\">Local: P\u00f3s 1, FAT.<\/h4>\n<div class=\"level4\"><\/div>\n<div class=\"secedit editbutton_section editbutton_3\"><\/div>\n<h2 id=\"daniel_krolow_retzlaff\" class=\"sectionedit4 page-header\">Daniel Krolow Retzlaff<\/h2>\n<div class=\"level2\"><\/div>\n<h4 id=\"cursociencia_da_computacao3\">Curso: Ci\u00eancia da Computa\u00e7\u00e3o<\/h4>\n<div class=\"level4\"><\/div>\n<h4 id=\"titulopredicao_de_colaboracoes_em_redes_de_curriculos_lattes\">T\u00edtulo: Predi\u00e7\u00e3o de Colabora\u00e7\u00f5es em Redes de Curr\u00edculos Lattes<\/h4>\n<div class=\"level4\"><\/div>\n<h4 id=\"banca3\">Banca:<\/h4>\n<div class=\"level4\">\n<p>Prof. Ricardo Matsumura Araujo (orientador)<br \/>\nProfa. Daniela Francisco Brauner<br \/>\nProf. Cristian Cechinel<\/p>\n<\/div>\n<h4 id=\"data04_de_dezembro_de_2015\">Data: 04 de Dezembro de 2015<\/h4>\n<div class=\"level4\"><\/div>\n<h4 id=\"hora1000h\">Hora: 10:00h<\/h4>\n<div class=\"level4\"><\/div>\n<h4 id=\"localpos_1_fat1\">Local: P\u00f3s 1, FAT.<\/h4>\n<div class=\"level4\"><\/div>\n<div class=\"secedit editbutton_section editbutton_4\"><\/div>\n<h2 id=\"eduardo_vinicius_dos_santos\" class=\"sectionedit5 page-header\">Eduardo Vinicius dos Santos<\/h2>\n<div class=\"level2\"><\/div>\n<h4 id=\"cursoengenharia_da_computacao\">Curso: Engenharia da Computa\u00e7\u00e3o<\/h4>\n<div class=\"level4\"><\/div>\n<h4 id=\"titulodesenvolvimento_de_um_sistema_para_posturografia_estatica_baseado_em_wbb_com_jogo_para_reabilitacao_de_pacientes\">T\u00edtulo: Desenvolvimento de um Sistema para Posturografia Est\u00e1tica Baseado em WBB com Jogo para Reabilita\u00e7\u00e3o de Pacientes<\/h4>\n<div class=\"level4\"><\/div>\n<h4 id=\"banca4\">Banca:<\/h4>\n<div class=\"level4\">\n<p>Prof. Bruno Zatt (orientador)<br \/>\nProf. Maur\u00edcio Campelo Tavares (co-orientador)<br \/>\nProf. Felipe de Souza Marques<br \/>\nProf. Rafael Iankowski Soares<\/p>\n<\/div>\n<h4 id=\"data08_de_dezembro_de_2015\">Data: 08 de Dezembro de 2015<\/h4>\n<div class=\"level4\"><\/div>\n<h4 id=\"hora0800h1\">Hora: 08:00h<\/h4>\n<div class=\"level4\"><\/div>\n<h4 id=\"locallab_3\">Local: Lab 3<\/h4>\n<div class=\"level4\"><\/div>\n<div class=\"secedit editbutton_section editbutton_5\"><\/div>\n<h2 id=\"glauco_roberto_munsberg_dos_santos\" class=\"sectionedit6 page-header\">Glauco Roberto Munsberg dos Santos<\/h2>\n<div class=\"level2\"><\/div>\n<h4 id=\"cursociencia_da_computacao4\">Curso: Ci\u00eancia da Computa\u00e7\u00e3o<\/h4>\n<div class=\"level4\"><\/div>\n<h4 id=\"titulocurriculos_lattesexpansao_automatica_de_termos_baseada_em_ontologia\">T\u00edtulo: Curr\u00edculos Lattes: Expans\u00e3o Autom\u00e1tica de Termos baseada em Ontologia<\/h4>\n<div class=\"level4\"><\/div>\n<h4 id=\"banca5\">Banca:<\/h4>\n<div class=\"level4\">\n<p>Prof. Ricardo Matsumura de Ara\u00fajo (orientador)<br \/>\nProfa. Daniela Francisco Brauner (co-orientador)<br \/>\nProf. Alexandre Rademaker<br \/>\nProfa. Ana Marilza Pernas Fleischmann<br \/>\nProfa. Tatiana Aires Tavares<\/p>\n<\/div>\n<h4 id=\"data07_de_dezembro_de_20151\">Data: 07 de Dezembro de 2015<\/h4>\n<div class=\"level4\"><\/div>\n<h4 id=\"hora1000h1\">Hora: 10:00h<\/h4>\n<div class=\"level4\"><\/div>\n<h4 id=\"localpos_1_fat2\">Local: P\u00f3s 1, FAT.<\/h4>\n<div class=\"level4\"><\/div>\n<div class=\"secedit editbutton_section editbutton_6\"><\/div>\n<h2 id=\"guilherme_povala\" class=\"sectionedit7 page-header\">Guilherme Povala<\/h2>\n<div class=\"level2\"><\/div>\n<h4 id=\"cursociencia_da_computacao5\">Curso: Ci\u00eancia da Computa\u00e7\u00e3o<\/h4>\n<div class=\"level4\"><\/div>\n<h4 id=\"tituloreducao_de_acesso_a_memoria_externa_na_codificacao_de_videos_uhd_utilizando_compressao_de_quadros_de_referencia\">T\u00edtulo: Redu\u00e7\u00e3o de Acesso \u00e0 Mem\u00f3ria Externa na Codifica\u00e7\u00e3o de V\u00eddeos UHD Utilizando Compress\u00e3o de Quadros de Refer\u00eancia<\/h4>\n<div class=\"level4\"><\/div>\n<h4 id=\"banca6\">Banca:<\/h4>\n<div class=\"level4\">\n<p>Prof. Luciano Volcan Agostini (orientador)<br \/>\nProf. Dieison Soares Silveira (co-orientador)<br \/>\nProf. Felipe de Souza Marques<br \/>\nProf. Cl\u00e1udio Machado Diniz<\/p>\n<\/div>\n<h4 id=\"data01_de_dezembro_de_2015\">Data: 01 de Dezembro de 2015<\/h4>\n<div class=\"level4\"><\/div>\n<h4 id=\"hora1530h\">Hora: 15:30h<\/h4>\n<div class=\"level4\"><\/div>\n<h4 id=\"locallab_21\">Local: Lab 2<\/h4>\n<div class=\"level4\"><\/div>\n<div class=\"secedit editbutton_section editbutton_7\"><\/div>\n<h2 id=\"henrique_do_amarilho_maich\" class=\"sectionedit8 page-header\">Henrique do Amarilho Maich<\/h2>\n<div class=\"level2\"><\/div>\n<h4 id=\"cursoengenharia_de_computacao\">Curso: Engenharia de Computa\u00e7\u00e3o<\/h4>\n<div class=\"level4\"><\/div>\n<h4 id=\"tituloestimacao_de_movimento_paralela_para_a_codificacao_de_videos_de_alta_resolucao_utilizando_gpu_em_processadores_embarcados\">T\u00edtulo: Estima\u00e7\u00e3o de Movimento Paralela para a Codifica\u00e7\u00e3o de V\u00eddeos de Alta Resolu\u00e7\u00e3o Utilizando GPU em Processadores Embarcados<\/h4>\n<div class=\"level4\"><\/div>\n<h4 id=\"banca7\">Banca:<\/h4>\n<div class=\"level4\">\n<p>Prof. Marcelo Schiavon Porto (orientador)<br \/>\nProf. Bruno Zatt (co-orientador)<br \/>\nProf. J\u00falio Carlos Balzano de Mattos<br \/>\nProf. Rafael Iankowski Soares<\/p>\n<\/div>\n<h4 id=\"data02_de_dezembro_de_2015\">Data: 02 de Dezembro de 2015<\/h4>\n<div class=\"level4\"><\/div>\n<h4 id=\"hora1330h\">Hora: 13:30h<\/h4>\n<div class=\"level4\"><\/div>\n<h4 id=\"locallab_22\">Local: Lab 2<\/h4>\n<div class=\"level4\"><\/div>\n<div class=\"secedit editbutton_section editbutton_8\"><\/div>\n<h2 id=\"huberto_kaiser_filho\" class=\"sectionedit9 page-header\">Huberto Kaiser Filho<\/h2>\n<div class=\"level2\"><\/div>\n<h4 id=\"cursoengenharia_de_computacao1\">Curso: Engenharia de Computa\u00e7\u00e3o<\/h4>\n<div class=\"level4\"><\/div>\n<h4 id=\"tituloexehda-rmuma_contribuicao_ao_gerenciamento_de_recursos_de_sensoriamento_e_atuacao_no_middleware_exehda\">T\u00edtulo: EXEHDA-RM: Uma Contribui\u00e7\u00e3o ao Gerenciamento de Recursos de Sensoriamento e Atua\u00e7\u00e3o no Middleware EXEHDA<\/h4>\n<div class=\"level4\"><\/div>\n<h4 id=\"banca8\">Banca:<\/h4>\n<div class=\"level4\">\n<p>Profa. Ana Marilza Pernas Fleischmann (orientador)<br \/>\nProf. Adenauer Correa Yamin (co-orientador)<br \/>\nJo\u00e3o Ladislau Barbar\u00e1 Lopes<br \/>\nProf. Rafael Iankowski Soares<\/p>\n<\/div>\n<h4 id=\"data09_de_dezembro_de_20151\">Data: 09 de Dezembro de 2015<\/h4>\n<div class=\"level4\"><\/div>\n<h4 id=\"hora1500h\">Hora: 15:00h<\/h4>\n<div class=\"level4\"><\/div>\n<h4 id=\"locallab_4\">Local: Lab 4<\/h4>\n<div class=\"level4\"><\/div>\n<div class=\"secedit editbutton_section editbutton_9\"><\/div>\n<h2 id=\"jonathan_mathias_gonczoroski\" class=\"sectionedit10 page-header\">Jonathan Mathias Gonczoroski<\/h2>\n<div class=\"level2\"><\/div>\n<h4 id=\"cursociencia_da_computacao6\">Curso: Ci\u00eancia da Computa\u00e7\u00e3o<\/h4>\n<div class=\"level4\"><\/div>\n<h4 id=\"tituloavaliacao_da_eficiencia_de_aplicacoes_android_e_iosaplicativos_web_versus_nativos\">T\u00edtulo: Avalia\u00e7\u00e3o da Efici\u00eancia de Aplica\u00e7\u00f5es Android e iOS: Aplicativos Web versus Nativos<\/h4>\n<div class=\"level4\"><\/div>\n<h4 id=\"banca9\">Banca:<\/h4>\n<div class=\"level4\">\n<p>Profa. Lisane Brisolara de Brisolara (orientador)<br \/>\nProfa. Milena Rota Sena Marques (co-orientador)<br \/>\nProf. Paulo Roberto Ferreira Jr.<br \/>\nProf. J\u00falio Carlos Balzano de Mattos<\/p>\n<\/div>\n<h4 id=\"data09_de_dezembro_de_20152\">Data: 09 de Dezembro de 2015<\/h4>\n<div class=\"level4\"><\/div>\n<h4 id=\"hora1510h\">Hora: 15:10h<\/h4>\n<div class=\"level4\"><\/div>\n<h4 id=\"localpos_1_fat3\">Local: P\u00f3s 1, FAT.<\/h4>\n<div class=\"level4\"><\/div>\n<div class=\"secedit editbutton_section editbutton_10\"><\/div>\n<h2 id=\"joao_junior_da_silva_machado\" class=\"sectionedit11 page-header\">Jo\u00e3o J\u00fanior da Silva Machado<\/h2>\n<div class=\"level2\"><\/div>\n<h4 id=\"cursociencia_da_computacao7\">Curso: Ci\u00eancia da Computa\u00e7\u00e3o<\/h4>\n<div class=\"level4\"><\/div>\n<h4 id=\"titulodesenvolvimento_de_um_algoritmo_para_assinatura_de_celulas_na_ferramenta_flexmap\">T\u00edtulo: Desenvolvimento de um Algoritmo para Assinatura de C\u00e9lulas na Ferramenta FlexMap<\/h4>\n<div class=\"level4\"><\/div>\n<h4 id=\"banca10\">Banca:<\/h4>\n<div class=\"level4\">\n<p>Prof. Felipe de Souza Marques (orientador)<br \/>\nProf. Leomar da Rosa Junior (co-orientador)<br \/>\nProf. Julio Sara\u00e7ol Domingues J\u00fanior (co-orientador)<br \/>\nProf. J\u00falio Carlos Balzano de Mattos<br \/>\nProf. Rafael Iankowski Soares<\/p>\n<\/div>\n<h4 id=\"data11_de_dezembro_de_20151\">Data: 11 de Dezembro de 2015<\/h4>\n<div class=\"level4\"><\/div>\n<h4 id=\"hora1330h1\">Hora: 13:30h<\/h4>\n<div class=\"level4\"><\/div>\n<h4 id=\"locallab_23\">Local: Lab. 2<\/h4>\n<div class=\"level4\"><\/div>\n<div class=\"secedit editbutton_section editbutton_11\"><\/div>\n<h2 id=\"julia_krueger_vieira\" class=\"sectionedit12 page-header\">J\u00falia Kr\u00fcger Vieira<\/h2>\n<div class=\"level2\"><\/div>\n<h4 id=\"cursociencia_da_computacao8\">Curso: Ci\u00eancia da Computa\u00e7\u00e3o<\/h4>\n<div class=\"level4\"><\/div>\n<h4 id=\"tituloanalise_e_simulacao_dos_conectivos_fuzzy_xor_e_classes_derivadas_via_computacao_quantica\">T\u00edtulo: An\u00e1lise e Simula\u00e7\u00e3o dos Conectivos Fuzzy XOR e Classes Derivadas via Computa\u00e7\u00e3o Qu\u00e2ntica<\/h4>\n<div class=\"level4\"><\/div>\n<h4 id=\"banca11\">Banca:<\/h4>\n<div class=\"level4\">\n<p>Profa. Renata Hax Sander Reiser (orientador)<br \/>\nProf. Maur\u00edcio Lima Pilla (co-orientador)<br \/>\nProfa. Simone Andr\u00e9 da Costa Cavalheiro<br \/>\nProf. Andr\u00e9 Rauber Du Bois<\/p>\n<\/div>\n<h4 id=\"data29_de_setembro_de_2015\">Data: 29 de Setembro de 2015<\/h4>\n<div class=\"level4\"><\/div>\n<h4 id=\"hora1000h2\">Hora: 10:00h<\/h4>\n<div class=\"level4\"><\/div>\n<h4 id=\"locala_definir\">Local: A definir<\/h4>\n<div class=\"level4\"><\/div>\n<div class=\"secedit editbutton_section editbutton_12\"><\/div>\n<h2 id=\"luciano_goncalves_da_luz\" class=\"sectionedit13 page-header\">Luciano Gon\u00e7alves da Luz<\/h2>\n<div class=\"level2\"><\/div>\n<h4 id=\"cursociencia_da_computacao9\">Curso: Ci\u00eancia da Computa\u00e7\u00e3o<\/h4>\n<div class=\"level4\"><\/div>\n<h4 id=\"tituloautomatizacao_de_testes_e_geracao_de_casos_de_teste_para_formularios_web\">T\u00edtulo: Automatiza\u00e7\u00e3o de testes e gera\u00e7\u00e3o de casos de teste para formul\u00e1rios web<\/h4>\n<div class=\"level4\"><\/div>\n<h4 id=\"banca12\">Banca:<\/h4>\n<div class=\"level4\">\n<p>Prof. Ricardo Matsumura de Ara\u00fajo (orientador)<br \/>\nProfa. Lisane Brisolara de Brisolara<br \/>\nProfa. Daniela Francisco Brauner<\/p>\n<\/div>\n<h4 id=\"data08_de_dezembro_de_20151\">Data: 08 de Dezembro de 2015<\/h4>\n<div class=\"level4\"><\/div>\n<h4 id=\"hora1000h3\">Hora: 10:00h<\/h4>\n<div class=\"level4\"><\/div>\n<h4 id=\"localsala_210a\">Local: Sala 210A<\/h4>\n<div class=\"level4\"><\/div>\n<div class=\"secedit editbutton_section editbutton_13\"><\/div>\n<h2 id=\"livia_silva_do_amaral\" class=\"sectionedit14 page-header\">L\u00edvia Silva do Amaral<\/h2>\n<div class=\"level2\"><\/div>\n<h4 id=\"cursociencia_da_computacao10\">Curso: Ci\u00eancia da Computa\u00e7\u00e3o<\/h4>\n<div class=\"level4\"><\/div>\n<h4 id=\"titulomodelagem_systemc_para_avaliacao_energetica_da_comunicacao_com_a_memoria_em_codificadores_de_video\">T\u00edtulo: Modelagem SystemC para Avalia\u00e7\u00e3o Energ\u00e9tica da Comunica\u00e7\u00e3o com a Mem\u00f3ria em Codificadores de V\u00eddeo<\/h4>\n<div class=\"level4\"><\/div>\n<h4 id=\"banca13\">Banca:<\/h4>\n<div class=\"level4\">\n<p>Prof. Bruno Zatt (orientador)<br \/>\nProf. Dieison Soares Silveira (co-orientador)<br \/>\nProf. J\u00falio Carlos Balzano de Mattos<br \/>\nProf. Rafael Iankowski Soares<\/p>\n<\/div>\n<h4 id=\"data02_de_dezembro_de_20151\">Data: 02 de Dezembro de 2015<\/h4>\n<div class=\"level4\"><\/div>\n<h4 id=\"hora1530h1\">Hora: 15:30h<\/h4>\n<div class=\"level4\"><\/div>\n<h4 id=\"locallab_24\">Local: Lab 2<\/h4>\n<div class=\"level4\"><\/div>\n<div class=\"secedit editbutton_section editbutton_14\"><\/div>\n<h2 id=\"marlon_da_silva_dias\" class=\"sectionedit15 page-header\">Marlon da Silva Dias<\/h2>\n<div class=\"level2\"><\/div>\n<h4 id=\"cursociencia_da_computacao11\">Curso: Ci\u00eancia da Computa\u00e7\u00e3o<\/h4>\n<div class=\"level4\"><\/div>\n<h4 id=\"titulodeteccao_de_spots_em_imagens_oriundas_de_geis_de_eletroforese_bidimensional_utilizando_aprendizado_supervisionado\">T\u00edtulo: Detec\u00e7\u00e3o de spots em imagens oriundas de g\u00e9is de eletroforese bidimensional utilizando aprendizado supervisionado<\/h4>\n<div class=\"level4\"><\/div>\n<h4 id=\"banca14\">Banca:<\/h4>\n<div class=\"level4\">\n<p>Prof. Marilton Sanchotene de Aguiar (orientador)<br \/>\nProf. Paulo Roberto Ferreira Jr.<br \/>\nProf. Ricardo Matsumura Araujo<br \/>\nProfa. Diana Francisca Adamatti<\/p>\n<\/div>\n<h4 id=\"data02_de_dezembro_de_20152\">Data: 02 de Dezembro de 2015<\/h4>\n<div class=\"level4\"><\/div>\n<h4 id=\"hora1600h\">Hora: 16:00h<\/h4>\n<div class=\"level4\"><\/div>\n<h4 id=\"locallab_41\">Local: Lab 4<\/h4>\n<div class=\"level4\"><\/div>\n<div class=\"secedit editbutton_section editbutton_15\"><\/div>\n<h2 id=\"mario_roberto_de_freitas_saldanha\" class=\"sectionedit16 page-header\">M\u00e1rio Roberto de Freitas Saldanha<\/h2>\n<div class=\"level2\"><\/div>\n<h4 id=\"cursociencia_da_computacao12\">Curso: Ci\u00eancia da Computa\u00e7\u00e3o<\/h4>\n<div class=\"level4\"><\/div>\n<h4 id=\"tituloesquema_para_reducao_da_complexidade_e_energia_na_predicao_de_mapas_de_profundidade_do_padrao_3d-hevc\">T\u00edtulo: Esquema para Redu\u00e7\u00e3o da Complexidade e Energia na Predi\u00e7\u00e3o de Mapas de Profundidade do Padr\u00e3o 3D-HEVC<\/h4>\n<div class=\"level4\"><\/div>\n<h4 id=\"banca15\">Banca:<\/h4>\n<div class=\"level4\">\n<p>Prof. Luciano Volcan Agostini (orientador)<br \/>\nProf. Marcelo Schiavon Porto (co-orientador)<br \/>\nProf. Felipe de Souza Marques<br \/>\nProf. Cl\u00e1udio Machado Diniz<\/p>\n<\/div>\n<h4 id=\"data01_de_dezembro_de_20151\">Data: 01 de Dezembro de 2015<\/h4>\n<div class=\"level4\"><\/div>\n<h4 id=\"hora1330h2\">Hora: 13:30h<\/h4>\n<div class=\"level4\"><\/div>\n<h4 id=\"locallab_25\">Local: Lab 2<\/h4>\n<div class=\"level4\"><\/div>\n<div class=\"secedit editbutton_section editbutton_16\"><\/div>\n<h2 id=\"rafael_silveira\" class=\"sectionedit17 page-header\">Rafael Silveira<\/h2>\n<div class=\"level2\"><\/div>\n<h4 id=\"cursoengenharia_de_computacao2\">Curso: Engenharia de Computa\u00e7\u00e3o<\/h4>\n<div class=\"level4\"><\/div>\n<h4 id=\"titulodesenvolvimento_de_uma_solucao_para_o_registro_de_presencas_e_controle_de_acesso_em_eventos_academicos_utilizando_identificacao_e_comunicacao_por_radiofrequencia\">T\u00edtulo: Desenvolvimento de uma Solu\u00e7\u00e3o para o Registro de Presen\u00e7as e Controle de Acesso em Eventos Acad\u00eamicos Utilizando Identifica\u00e7\u00e3o e Comunica\u00e7\u00e3o por Radiofrequ\u00eancia<\/h4>\n<div class=\"level4\"><\/div>\n<h4 id=\"banca16\">Banca:<\/h4>\n<div class=\"level4\">\n<p>Prof. Felipe de Souza Marques (orientador)<br \/>\nProf. Bruno Zatt (co-orientador)<br \/>\nProf. Guilherme Tomaschewski Netto<br \/>\nProf. Adenauer Correa Yamin<\/p>\n<\/div>\n<h4 id=\"data04_de_dezembro_de_20151\">Data: 04 de Dezembro de 2015<\/h4>\n<div class=\"level4\"><\/div>\n<h4 id=\"hora0800h2\">Hora: 08:00h<\/h4>\n<div class=\"level4\"><\/div>\n<h4 id=\"localsala_415\">Local: Sala 415<\/h4>\n<div class=\"level4\"><\/div>\n<div class=\"secedit editbutton_section editbutton_17\"><\/div>\n<h2 id=\"rafael_da_silva_dutra\" class=\"sectionedit18 page-header\">Rafael da Silva Dutra<\/h2>\n<div class=\"level2\"><\/div>\n<h4 id=\"cursoengenharia_de_computacao3\">Curso: Engenharia de Computa\u00e7\u00e3o<\/h4>\n<div class=\"level4\"><\/div>\n<h4 id=\"titulobiometria_do_caminhar_humano_utilizando_o_kinect_uma_comparacao_entre_as_duas_versoes_do_sensor_kinect\">T\u00edtulo: Biometria do Caminhar Humano Utilizando o Kinect, Uma Compara\u00e7\u00e3o Entre as Duas Vers\u00f5es do Sensor Kinect<\/h4>\n<div class=\"level4\"><\/div>\n<h4 id=\"banca17\">Banca:<\/h4>\n<div class=\"level4\">\n<p>Prof. Ricardo Matsumura Ara\u00fajo (orientador)<br \/>\nProfa. Tatiana Aires Tavares<br \/>\nVirginia Andersson<\/p>\n<\/div>\n<h4 id=\"data07_de_dezembro_de_20152\">Data: 07 de Dezembro de 2015<\/h4>\n<div class=\"level4\"><\/div>\n<h4 id=\"hora0800h3\">Hora: 08:00h<\/h4>\n<div class=\"level4\"><\/div>\n<h4 id=\"localpos_1_fat4\">Local: P\u00f3s 1, FAT.<\/h4>\n<div class=\"level4\"><\/div>\n<div class=\"secedit editbutton_section editbutton_18\"><\/div>\n<h2 id=\"raphael_tome_santana\" class=\"sectionedit19 page-header\">Raphael Tom\u00e9 Santana<\/h2>\n<div class=\"level2\"><\/div>\n<h4 id=\"cursoengenharia_de_computacao4\">Curso: Engenharia de Computa\u00e7\u00e3o<\/h4>\n<div class=\"level4\"><\/div>\n<h4 id=\"tituloum_modelo_evolutivo_para_autorregulacao_de_agentes_aplicado_ao_jogo_da_minoria_com_comunidades_heterogeneas\">T\u00edtulo: Um Modelo Evolutivo para Autorregula\u00e7\u00e3o de Agentes Aplicado ao Jogo da Minoria com Comunidades Heterog\u00eaneas<\/h4>\n<div class=\"level4\"><\/div>\n<h4 id=\"banca18\">Banca:<\/h4>\n<div class=\"level4\">\n<p>Prof. Marilton Sanchotene de Aguiar (orientador)<br \/>\nProf. Paulo Roberto Ferreira Jr.<br \/>\nProf. Ricardo Matsumura Araujo<br \/>\nProfa. Diana Francisca Adamatti<\/p>\n<\/div>\n<h4 id=\"data02_de_dezembro_de_20153\">Data: 02 de Dezembro de 2015<\/h4>\n<div class=\"level4\"><\/div>\n<h4 id=\"hora1400h\">Hora: 14:00h<\/h4>\n<div class=\"level4\"><\/div>\n<h4 id=\"locallab_42\">Local: Lab 4<\/h4>\n<div class=\"level4\"><\/div>\n<div class=\"secedit editbutton_section editbutton_19\"><\/div>\n<h2 id=\"tamara_meneghetti_da_cruz\" class=\"sectionedit20 page-header\">Tamara Meneghetti da Cruz<\/h2>\n<div class=\"level2\"><\/div>\n<h4 id=\"cursoengenharia_de_computacao5\">Curso: Engenharia de Computa\u00e7\u00e3o<\/h4>\n<div class=\"level4\"><\/div>\n<h4 id=\"titulouma_ferramenta_computacional_para_simulacao_da_dispersao_de_poluentes_na_atmosfera\">T\u00edtulo: Uma ferramenta computacional para simula\u00e7\u00e3o da dispers\u00e3o de poluentes na atmosfera<\/h4>\n<div class=\"level4\"><\/div>\n<h4 id=\"banca19\">Banca:<\/h4>\n<div class=\"level4\">\n<p>Profa. Daniela Buske (orientador)<br \/>\nProf. Marilton Sanchotene de Aguiar (co-orientador)<br \/>\nProf. Gl\u00eanio Aguiar Gon\u00e7alves<br \/>\nProf. R\u00e9gis Sperotto de Quadros<br \/>\nProfa. Renata Hax Sander Reiser<\/p>\n<\/div>\n<h4 id=\"data08_de_dezembro_de_20152\">Data: 08 de Dezembro de 2015<\/h4>\n<div class=\"level4\"><\/div>\n<h4 id=\"hora1400h1\">Hora: 14:00h<\/h4>\n<div class=\"level4\"><\/div>\n<h4 id=\"localpos_1_fat5\">Local: P\u00f3s 1, FAT.<\/h4>\n<div class=\"level4\"><\/div>\n<div class=\"secedit editbutton_section editbutton_20\"><\/div>\n<h2 id=\"vitor_goncalves_de_lima\" class=\"sectionedit21 page-header\">Vitor Gon\u00e7alves de Lima<\/h2>\n<div class=\"level2\"><\/div>\n<h4 id=\"cursociencia_da_computacao13\">Curso: Ci\u00eancia da Computa\u00e7\u00e3o<\/h4>\n<div class=\"level4\"><\/div>\n<h4 id=\"titulotecnicas_de_inteligencia_artificial_para_mapeamento_das_zonas_de_congestionamento_em_tempo-real_atraves_do_twitter\">T\u00edtulo: T\u00e9cnicas de Intelig\u00eancia Artificial para mapeamento das zonas de congestionamento em tempo-real atrav\u00e9s do Twitter<\/h4>\n<div class=\"level4\"><\/div>\n<h4 id=\"banca20\">Banca:<\/h4>\n<div class=\"level4\">\n<p>Prof. Paulo Roberto Ferreira Jr. (orientador)<br \/>\nProf. Ricardo Matsumura Araujo (co-orientador)<br \/>\nProf. Marilton Sanchotene de Aguiar<br \/>\nProf. Anderson Priebe Ferrugem<\/p>\n<\/div>\n<h4 id=\"data03_de_dezembro_de_2015\">Data: 03 de Dezembro de 2015<\/h4>\n<div class=\"level4\"><\/div>\n<h4 id=\"hora0830h\">Hora: 08:30h<\/h4>\n<div class=\"level4\"><\/div>\n<h4 id=\"localauditorio_da_reitoria\">Local: Audit\u00f3rio da Reitoria<\/h4>\n","protected":false},"excerpt":{"rendered":"<p>\u00c1lvaro Joan Gon\u00e7alves dos Santos Curso: Ci\u00eancia da Computa\u00e7\u00e3o T\u00edtulo: Compilador CMTJava para Java 8 Banca: Prof. Andr\u00e9 Rauber Du Bois (orientador) Prof. Maur\u00edcio Lima Pilla (co-orientador) Prof. Gerson Geraldo Homrich Cavalheiro Profa. Luciana Foss Data: 09 de Dezembro de 2015 Hora: 09:00h Local: Audit\u00f3rio Acad\u00eamico Andr\u00e9 Felipe da Silva Curso: Ci\u00eancia da Computa\u00e7\u00e3o T\u00edtulo: [&hellip;]<\/p>\n","protected":false},"author":657,"featured_media":0,"parent":84,"menu_order":0,"comment_status":"closed","ping_status":"closed","template":"","meta":{"footnotes":""},"class_list":["post-109","page","type-page","status-publish","hentry"],"_links":{"self":[{"href":"https:\/\/wp.ufpel.edu.br\/notcc\/wp-json\/wp\/v2\/pages\/109","targetHints":{"allow":["GET"]}}],"collection":[{"href":"https:\/\/wp.ufpel.edu.br\/notcc\/wp-json\/wp\/v2\/pages"}],"about":[{"href":"https:\/\/wp.ufpel.edu.br\/notcc\/wp-json\/wp\/v2\/types\/page"}],"author":[{"embeddable":true,"href":"https:\/\/wp.ufpel.edu.br\/notcc\/wp-json\/wp\/v2\/users\/657"}],"replies":[{"embeddable":true,"href":"https:\/\/wp.ufpel.edu.br\/notcc\/wp-json\/wp\/v2\/comments?post=109"}],"version-history":[{"count":1,"href":"https:\/\/wp.ufpel.edu.br\/notcc\/wp-json\/wp\/v2\/pages\/109\/revisions"}],"predecessor-version":[{"id":110,"href":"https:\/\/wp.ufpel.edu.br\/notcc\/wp-json\/wp\/v2\/pages\/109\/revisions\/110"}],"up":[{"embeddable":true,"href":"https:\/\/wp.ufpel.edu.br\/notcc\/wp-json\/wp\/v2\/pages\/84"}],"wp:attachment":[{"href":"https:\/\/wp.ufpel.edu.br\/notcc\/wp-json\/wp\/v2\/media?parent=109"}],"curies":[{"name":"wp","href":"https:\/\/api.w.org\/{rel}","templated":true}]}}