{"id":100,"date":"2016-12-02T14:40:53","date_gmt":"2016-12-02T16:40:53","guid":{"rendered":"https:\/\/wp.ufpel.edu.br\/notcc\/?page_id=100"},"modified":"2016-12-02T14:41:46","modified_gmt":"2016-12-02T16:41:46","slug":"2013_2","status":"publish","type":"page","link":"https:\/\/wp.ufpel.edu.br\/notcc\/bancas\/historico\/2013_2\/","title":{"rendered":"Bancas 2013\/2"},"content":{"rendered":"<h2 id=\"abilio_gambim_parada\" class=\"sectionedit1 page-header\">Abilio Gambim Parada<\/h2>\n<div class=\"level2\"><\/div>\n<h4 id=\"cursociencia_da_computacao\">Curso: Ci\u00eancia da Computa\u00e7\u00e3o<\/h4>\n<div class=\"level4\"><\/div>\n<h4 id=\"titulogeracao_de_codigo_dirigida_por_modelos_para_aplicativos_android_e_windows_phone\">T\u00edtulo: Gera\u00e7\u00e3o de c\u00f3digo dirigida por modelos para aplicativos Android e Windows Phone<\/h4>\n<div class=\"level4\"><\/div>\n<h4 id=\"banca\">Banca:<\/h4>\n<div class=\"level4\">\n<p>Profa. Lisane Brisolara de Brisolara (orientador)<br \/>\nProfa. Milena Rota Sena Marques (co-orientador)<br \/>\nProf. Gerson Geraldo Homrich Cavalheiro<br \/>\nProf. J\u00falio Carlos Balzano de Mattos<\/p>\n<\/div>\n<h4 id=\"data10_de_fevereiro_de_2014\">Data: 10 de Fevereiro de 2014<\/h4>\n<div class=\"level4\"><\/div>\n<h4 id=\"hora1330h\">Hora: 13:30h<\/h4>\n<div class=\"level4\"><\/div>\n<h4 id=\"locallab_4\">Local: Lab 4<\/h4>\n<div class=\"level4\"><\/div>\n<div class=\"secedit editbutton_section editbutton_1\"><\/div>\n<h2 id=\"anderson_braga_de_avila\" class=\"sectionedit2 page-header\">Anderson Braga de Avila<\/h2>\n<div class=\"level2\"><\/div>\n<h4 id=\"cursociencia_da_computacao1\">Curso: Ci\u00eancia da Computa\u00e7\u00e3o<\/h4>\n<div class=\"level4\"><\/div>\n<h4 id=\"titulosimulacao_distribuida_de_algoritmos_quanticos_via_gpus\">T\u00edtulo: Simula\u00e7\u00e3o Distribu\u00edda de Algoritmos Qu\u00e2nticos via GPUs<\/h4>\n<div class=\"level4\"><\/div>\n<h4 id=\"banca1\">Banca:<\/h4>\n<div class=\"level4\">\n<p>Profa. Renata Hax Sander Reiser (orientador)<br \/>\nProf. Maur\u00edcio Lima Pilla (co-orientador)<br \/>\nProf. Andr\u00e9 Rauber Du Bois<br \/>\nProf. Adenauer Corr\u00eaa Yamin<\/p>\n<\/div>\n<h4 id=\"data24_de_fevereiro_de_2014\">Data: 24 de Fevereiro de 2014<\/h4>\n<div class=\"level4\"><\/div>\n<h4 id=\"hora1510h\">Hora: 15:10h<\/h4>\n<div class=\"level4\"><\/div>\n<h4 id=\"locallab_3\">Local: Lab 3<\/h4>\n<div class=\"level4\"><\/div>\n<div class=\"secedit editbutton_section editbutton_2\"><\/div>\n<h2 id=\"cassio_rodrigo_cristani\" class=\"sectionedit3 page-header\">C\u00e1ssio Rodrigo Cristani<\/h2>\n<div class=\"level2\"><\/div>\n<h4 id=\"cursociencia_da_computacao2\">Curso: Ci\u00eancia da Computa\u00e7\u00e3o<\/h4>\n<div class=\"level4\"><\/div>\n<h4 id=\"tituloinvestigacao_da_estimacao_de_movimento_para_o_novo_codificador_de_video_hevc_em_videos_de_ultra_alta_definicao\">T\u00edtulo: Investiga\u00e7\u00e3o da Estima\u00e7\u00e3o de Movimento para o Novo Codificador de V\u00eddeo HEVC em V\u00eddeos de Ultra Alta Defini\u00e7\u00e3o<\/h4>\n<div class=\"level4\"><\/div>\n<h4 id=\"banca2\">Banca:<\/h4>\n<div class=\"level4\">\n<p>Prof. Luciano Volcan Agostini (orientador)<br \/>\nProf. Marcelo Schiavon Porto (co-orientador)<br \/>\nProf. Bruno Zatt (co-orientador)<br \/>\nProf. Maur\u00edcio Lima Pilla<br \/>\nProf. Vladimir Afonso<br \/>\nCl\u00e1udio Machado Diniz<\/p>\n<\/div>\n<h4 id=\"data10_de_fevereiro_de_20141\">Data: 10 de Fevereiro de 2014<\/h4>\n<div class=\"level4\"><\/div>\n<h4 id=\"hora1530h\">Hora: 15:30h<\/h4>\n<div class=\"level4\"><\/div>\n<h4 id=\"localpos-graduacao_1_fat\">Local: P\u00f3s-Gradua\u00e7\u00e3o 1 (FAT)<\/h4>\n<div class=\"level4\"><\/div>\n<div class=\"secedit editbutton_section editbutton_3\"><\/div>\n<h2 id=\"daniel_santin_debastiani\" class=\"sectionedit4 page-header\">Daniel Santin Debastiani<\/h2>\n<div class=\"level2\"><\/div>\n<h4 id=\"cursociencia_da_computacao3\">Curso: Ci\u00eancia da Computa\u00e7\u00e3o<\/h4>\n<div class=\"level4\"><\/div>\n<h4 id=\"titulouma_analise_dos_desafios_relacionados_ao_uso_de_metodologias_de_desenvolvimento_de_software_em_aplicacoes_handeldar\">T\u00edtulo: Uma an\u00e1lise dos desafios relacionados ao uso de Metodologias de Desenvolvimento de Software em Aplica\u00e7\u00f5es HandeldAR<\/h4>\n<div class=\"level4\"><\/div>\n<h4 id=\"banca3\">Banca:<\/h4>\n<div class=\"level4\">\n<p>Prof. Marilton Sanchotene de Aguiar (orientador)<br \/>\nProf. Gerson Geraldo Homrich Cavalheiro<br \/>\nProfa. Lisane Brisolara de Brisolara<\/p>\n<\/div>\n<h4 id=\"data13_de_fevereiro_de_2014\">Data: 13 de Fevereiro de 2014<\/h4>\n<div class=\"level4\"><\/div>\n<h4 id=\"hora1000h\">Hora: 10:00h<\/h4>\n<div class=\"level4\"><\/div>\n<h4 id=\"locala_definir\">Local: A definir<\/h4>\n<div class=\"level4\"><\/div>\n<div class=\"secedit editbutton_section editbutton_4\"><\/div>\n<h2 id=\"felipe_leivas_teixeira\" class=\"sectionedit5 page-header\">Felipe Leivas Teixeira<\/h2>\n<div class=\"level2\"><\/div>\n<h4 id=\"cursociencia_da_computacao4\">Curso: Ci\u00eancia da Computa\u00e7\u00e3o<\/h4>\n<div class=\"level4\"><\/div>\n<h4 id=\"titulostm_bufferadaptacao_da_biblioteca_de_stm_tinystm_para_pcm\">T\u00edtulo: STM_BUFFER: Adapta\u00e7\u00e3o da biblioteca de STM TinySTM para PCM<\/h4>\n<div class=\"level4\"><\/div>\n<h4 id=\"banca4\">Banca:<\/h4>\n<div class=\"level4\">\n<p>Prof. Maur\u00edcio Lima Pilla (orientador)<br \/>\nProf. Andr\u00e9 Rauber Du Bois (co-orientador)<br \/>\nProf. Gerson Geraldo Homrich Cavalheiro<br \/>\nProf. Adenauer Corr\u00eaa Yamin<\/p>\n<\/div>\n<h4 id=\"data24_de_fevereiro_de_20141\">Data: 24 de Fevereiro de 2014<\/h4>\n<div class=\"level4\"><\/div>\n<h4 id=\"hora1330h1\">Hora: 13:30h<\/h4>\n<div class=\"level4\"><\/div>\n<h4 id=\"locallab_31\">Local: Lab. 3<\/h4>\n<div class=\"level4\"><\/div>\n<div class=\"secedit editbutton_section editbutton_5\"><\/div>\n<h2 id=\"leandro_soares_guedes\" class=\"sectionedit6 page-header\">Leandro Soares Guedes<\/h2>\n<div class=\"level2\"><\/div>\n<h4 id=\"cursociencia_da_computacao5\">Curso: Ci\u00eancia da Computa\u00e7\u00e3o<\/h4>\n<div class=\"level4\"><\/div>\n<h4 id=\"tituloestudo_e_aplicacao_de_metodos_de_segmentacao_de_imagens_para_o_diagnostico_de_falhas_na_fabricacao_de_equipos\">T\u00edtulo: Estudo e Aplica\u00e7\u00e3o de M\u00e9todos de Segmenta\u00e7\u00e3o de Imagens para o Diagn\u00f3stico de Falhas na Fabrica\u00e7\u00e3o de Equipos<\/h4>\n<div class=\"level4\"><\/div>\n<h4 id=\"banca5\">Banca:<\/h4>\n<div class=\"level4\">\n<p>Prof. Marilton Sanchotene de Aguiar (orientador)<br \/>\nProf. Alexandre Solon Nery (co-orientador)<br \/>\nProf. Paulo Roberto Ferreira Jr<br \/>\nProf. Ricardo Matsumura Araujo<br \/>\nFabr\u00edcio Neitzke Ferreira<\/p>\n<\/div>\n<h4 id=\"data06_de_fevereiro_de_2014\">Data: 06 de Fevereiro de 2014<\/h4>\n<div class=\"level4\"><\/div>\n<h4 id=\"hora1330h2\">Hora: 13:30h<\/h4>\n<div class=\"level4\"><\/div>\n<h4 id=\"locallab_41\">Local: Lab 4<\/h4>\n<div class=\"level4\"><\/div>\n<div class=\"secedit editbutton_section editbutton_6\"><\/div>\n<h2 id=\"lucas_garcia_nachtigall\" class=\"sectionedit7 page-header\">Lucas Garcia Nachtigall<\/h2>\n<div class=\"level2\"><\/div>\n<h4 id=\"cursociencia_da_computacao6\">Curso: Ci\u00eancia da Computa\u00e7\u00e3o<\/h4>\n<div class=\"level4\"><\/div>\n<h4 id=\"titulouma_contribuicao_a_consciencia_de_contexto_no_adaptweb\">T\u00edtulo: Uma Contribui\u00e7\u00e3o a Consci\u00eancia de Contexto no AdaptWeb<\/h4>\n<div class=\"level4\"><\/div>\n<h4 id=\"banca6\">Banca:<\/h4>\n<div class=\"level4\">\n<p>Profa. Ana Marilza Pernas Fleischmann (orientador)<br \/>\nProf. Adenauer Corr\u00eaa Yamin (co-orientador)<br \/>\nProfa. Verlani Timm Hinz<br \/>\nProf. Andr\u00e9 Rauber Du Bois<\/p>\n<\/div>\n<h4 id=\"data14_de_fevereiro_de_2014\">Data: 14 de Fevereiro de 2014<\/h4>\n<div class=\"level4\"><\/div>\n<h4 id=\"hora1510h1\">Hora: 15:10h<\/h4>\n<div class=\"level4\"><\/div>\n<h4 id=\"localauditorio\">Local: Audit\u00f3rio<\/h4>\n<div class=\"level4\"><\/div>\n<div class=\"secedit editbutton_section editbutton_7\"><\/div>\n<h2 id=\"marcelo_da_silva_machado\" class=\"sectionedit8 page-header\">Marcelo da Silva Machado<\/h2>\n<div class=\"level2\"><\/div>\n<h4 id=\"cursociencia_da_computacao7\">Curso: Ci\u00eancia da Computa\u00e7\u00e3o<\/h4>\n<div class=\"level4\"><\/div>\n<h4 id=\"titulodesenvolvimento_de_tabelas_hash_concorrentes_para_a_linguagem_cmtjava\">T\u00edtulo: Desenvolvimento de Tabelas Hash Concorrentes para a Linguagem CMTJava<\/h4>\n<div class=\"level4\"><\/div>\n<h4 id=\"banca7\">Banca:<\/h4>\n<div class=\"level4\">\n<p>Prof. Andr\u00e9 Rauber Du Bois (orientador)<br \/>\nProfa. Ana Marilza Pernas Fleischmann<br \/>\nProf. Maur\u00edcio Lima Pilla<\/p>\n<\/div>\n<h4 id=\"data12_de_fevereiro_de_2014\">Data: 12 de Fevereiro de 2014<\/h4>\n<div class=\"level4\"><\/div>\n<h4 id=\"hora1330h3\">Hora: 13:30h<\/h4>\n<div class=\"level4\"><\/div>\n<h4 id=\"localauditorio1\">Local: Audit\u00f3rio<\/h4>\n<div class=\"level4\"><\/div>\n<div class=\"secedit editbutton_section editbutton_8\"><\/div>\n<h2 id=\"matheus_blaas_bastos\" class=\"sectionedit9 page-header\">Matheus Blaas Bastos<\/h2>\n<div class=\"level2\"><\/div>\n<h4 id=\"cursociencia_da_computacao8\">Curso: Ci\u00eancia da Computa\u00e7\u00e3o<\/h4>\n<div class=\"level4\"><\/div>\n<h4 id=\"titulodesenvolvendo_esqueletos_paralelos_para_java_usando_padroes_de_projeto_e_o_framework_fork_join\">T\u00edtulo: Desenvolvendo Esqueletos Paralelos para Java usando Padr\u00f5es de Projeto e o Framework Fork\/Join<\/h4>\n<div class=\"level4\"><\/div>\n<h4 id=\"banca8\">Banca:<\/h4>\n<div class=\"level4\">\n<p>Prof. Andr\u00e9 Rauber Du Bois (orientador)<br \/>\nProf. Gerson Geraldo Homrich Cavalheiro<br \/>\nProfa. Renata Hax Sander Reiser<\/p>\n<\/div>\n<h4 id=\"data12_de_fevereiro_de_20141\">Data: 12 de Fevereiro de 2014<\/h4>\n<div class=\"level4\"><\/div>\n<h4 id=\"hora1510h2\">Hora: 15:10h<\/h4>\n<div class=\"level4\"><\/div>\n<h4 id=\"localauditorio2\">Local: Audit\u00f3rio<\/h4>\n<div class=\"level4\"><\/div>\n<div class=\"secedit editbutton_section editbutton_9\"><\/div>\n<h2 id=\"renato_souza_de_souza\" class=\"sectionedit10 page-header\">Renato Souza de Souza<\/h2>\n<div class=\"level2\"><\/div>\n<h4 id=\"cursociencia_da_computacao9\">Curso: Ci\u00eancia da Computa\u00e7\u00e3o<\/h4>\n<div class=\"level4\"><\/div>\n<h4 id=\"tituloimplementacao_de_portas_logicas_no_estilo_logico_mux-based_visando_a_construcao_de_sistemas_digitais_seguros_imunes_a_dpa\">T\u00edtulo: Implementa\u00e7\u00e3o de Portas L\u00f3gicas no Estilo L\u00f3gico Mux-Based Visando a Constru\u00e7\u00e3o de Sistemas Digitais Seguros Imunes a DPA<\/h4>\n<div class=\"level4\"><\/div>\n<h4 id=\"banca9\">Banca:<\/h4>\n<div class=\"level4\">\n<p>Prof. Leomar Soares da Rosa Junior (orientador)<br \/>\nProf. Felipe de Souza Marques (co-orientador)<br \/>\nProf. Paulo Francisco Butzen<br \/>\nProf. Rafael Iankowski Soares<\/p>\n<\/div>\n<h4 id=\"data13_de_fevereiro_de_20141\">Data: 13 de Fevereiro de 2014<\/h4>\n<div class=\"level4\"><\/div>\n<h4 id=\"hora1330h4\">Hora: 13:30h<\/h4>\n<div class=\"level4\"><\/div>\n<h4 id=\"locallab_32\">Local: Lab 3<\/h4>\n<div class=\"level4\"><\/div>\n<div class=\"secedit editbutton_section editbutton_10\"><\/div>\n<h2 id=\"stephano_machado_moreira_goncalves\" class=\"sectionedit11 page-header\">St\u00e8phano Machado Moreira Gon\u00e7alves<\/h2>\n<div class=\"level2\"><\/div>\n<h4 id=\"cursociencia_da_computacao10\">Curso: Ci\u00eancia da Computa\u00e7\u00e3o<\/h4>\n<div class=\"level4\"><\/div>\n<h4 id=\"tituloalgoritmos_de_posicionamento_e_roteamento_para_a_visualizacao_de_circuitos_digitais\">T\u00edtulo: Algoritmos de Posicionamento e Roteamento para a Visualiza\u00e7\u00e3o de Circuitos Digitais<\/h4>\n<div class=\"level4\"><\/div>\n<h4 id=\"banca10\">Banca:<\/h4>\n<div class=\"level4\">\n<p>Prof. Felipe de Souza Marques (orientador)<br \/>\nProf. Leomar Soares da Rosa Junior (co-orientador)<br \/>\nProf. Bruno Zatt<br \/>\nProf. Paulo Francisco Butzen<\/p>\n<\/div>\n<h4 id=\"data13_de_fevereiro_de_20142\">Data: 13 de Fevereiro de 2014<\/h4>\n<div class=\"level4\"><\/div>\n<h4 id=\"hora1510h3\">Hora: 15:10h<\/h4>\n<div class=\"level4\"><\/div>\n<h4 id=\"locallab_33\">Local: Lab 3<\/h4>\n","protected":false},"excerpt":{"rendered":"<p>Abilio Gambim Parada Curso: Ci\u00eancia da Computa\u00e7\u00e3o T\u00edtulo: Gera\u00e7\u00e3o de c\u00f3digo dirigida por modelos para aplicativos Android e Windows Phone Banca: Profa. Lisane Brisolara de Brisolara (orientador) Profa. Milena Rota Sena Marques (co-orientador) Prof. Gerson Geraldo Homrich Cavalheiro Prof. J\u00falio Carlos Balzano de Mattos Data: 10 de Fevereiro de 2014 Hora: 13:30h Local: Lab 4 [&hellip;]<\/p>\n","protected":false},"author":657,"featured_media":0,"parent":84,"menu_order":0,"comment_status":"closed","ping_status":"closed","template":"","meta":{"footnotes":""},"class_list":["post-100","page","type-page","status-publish","hentry"],"_links":{"self":[{"href":"https:\/\/wp.ufpel.edu.br\/notcc\/wp-json\/wp\/v2\/pages\/100","targetHints":{"allow":["GET"]}}],"collection":[{"href":"https:\/\/wp.ufpel.edu.br\/notcc\/wp-json\/wp\/v2\/pages"}],"about":[{"href":"https:\/\/wp.ufpel.edu.br\/notcc\/wp-json\/wp\/v2\/types\/page"}],"author":[{"embeddable":true,"href":"https:\/\/wp.ufpel.edu.br\/notcc\/wp-json\/wp\/v2\/users\/657"}],"replies":[{"embeddable":true,"href":"https:\/\/wp.ufpel.edu.br\/notcc\/wp-json\/wp\/v2\/comments?post=100"}],"version-history":[{"count":2,"href":"https:\/\/wp.ufpel.edu.br\/notcc\/wp-json\/wp\/v2\/pages\/100\/revisions"}],"predecessor-version":[{"id":104,"href":"https:\/\/wp.ufpel.edu.br\/notcc\/wp-json\/wp\/v2\/pages\/100\/revisions\/104"}],"up":[{"embeddable":true,"href":"https:\/\/wp.ufpel.edu.br\/notcc\/wp-json\/wp\/v2\/pages\/84"}],"wp:attachment":[{"href":"https:\/\/wp.ufpel.edu.br\/notcc\/wp-json\/wp\/v2\/media?parent=100"}],"curies":[{"name":"wp","href":"https:\/\/api.w.org\/{rel}","templated":true}]}}