{"id":24,"date":"2019-12-03T09:20:57","date_gmt":"2019-12-03T12:20:57","guid":{"rendered":"https:\/\/wp.ufpel.edu.br\/nitrogenioliquido\/?page_id=24"},"modified":"2019-12-04T09:13:12","modified_gmt":"2019-12-04T12:13:12","slug":"regimento-interno","status":"publish","type":"page","link":"https:\/\/wp.ufpel.edu.br\/nitrogenioliquido\/?page_id=24","title":{"rendered":"Regimento Interno"},"content":{"rendered":"<h2>Regimento Interno do Laborat\u00f3rio de Criogenia<\/h2>\n<h2>Disposi\u00e7\u00f5es iniciais<\/h2>\n<p>O Laborat\u00f3rio de Criogenia Multiusu\u00e1rio da UFPel est\u00e1 localizado no Campus Cap\u00e3o do Le\u00e3o, Pr\u00e9dio 14, Sala 301. Comp\u00f5e este Laborat\u00f3rio:<\/p>\n<ul>\n<li>M\u00e1quina de produ\u00e7\u00e3o de nitrog\u00eanio l\u00edquido modelo StirLite &#8211; produ\u00e7\u00e3o 2,5 Litros por hora e reservat\u00f3rio de nitrog\u00eanio l\u00edquido 200L;<\/li>\n<li>Caixa com materiais sobressalentes para manuten\u00e7\u00e3o corretiva e preventiva da m\u00e1quina.<\/li>\n<\/ul>\n<h2>Opera\u00e7\u00e3o:<\/h2>\n<ul>\n<li>A Liquefatora de nitrog\u00eanio \u00e9 uma m\u00e1quina autom\u00e1tica que requer supervis\u00e3o t\u00e9cnica, para tal fim o IFM e o Departamento de F\u00edsica possuem em seu quadro de t\u00e9cnicos um profissional treinado pelo fabricante.<\/li>\n<li>Para a retirada do nitrog\u00eanio l\u00edquido (-196\u00b0C) ou gasoso (30\u00b0C) cada unidade deve apresentar sua demanda semanal, quinzenal ou mensal. Assim, um calend\u00e1rio de retiradas do produto ser\u00e1 estabelecido.<\/li>\n<li>Cada unidade dever\u00e1 designar um (01) servidor informando seu contato telef\u00f4nico e eletr\u00f4nico (professor ou t\u00e9cnico) para a retirada do nitrog\u00eanio de acordo com o calend\u00e1rio estabelecido.<\/li>\n<li>As demandas devem ser agendadas junto ao t\u00e9cnico do equipamento previamente, no m\u00ednimo com um dia de anteced\u00eancia. O agendamento ter\u00e1 prefer\u00eancia \u00e0s demandas dentro do calend\u00e1rio e ter\u00e3o como pr\u00e9-requisito a disponibilidade do produto no reservat\u00f3rio de 200 Litros.<\/li>\n<li>O agendamento pode ser realizado pelo aplicativo de mensagens instant\u00e2neas ou pelo e-mail lab.fis.ufpel@gmail.com.<\/li>\n<li>A porta da sala e as janelas dever\u00e3o permanecer abertas enquanto o nitrog\u00eanio l\u00edquido \u00e9 transferido do reservat\u00f3rio principal ao Dewar da unidade.<\/li>\n<li>Ser\u00e3o disponibilizados relat\u00f3rios de produ\u00e7\u00e3o, opera\u00e7\u00e3o e manuten\u00e7\u00e3o semestralmente pelo PPG F\u00edsica.<\/li>\n<li>Ser\u00e3o fornecidos boletins informativos em caso de parada para manuten\u00e7\u00e3o ou qualquer outra ocorr\u00eancia relevante pelos contatos de e-mail ou aplicativo de mensagens instant\u00e2neas.<\/li>\n<li>O PPG F\u00edsica deixar\u00e1 dispon\u00edvel uma planilha online para confer\u00eancia de todos os dados da m\u00e1quina, como opera\u00e7\u00e3o e manuten\u00e7\u00e3o. A planilha \u00e9 atualizada diariamente pelo t\u00e9cnico do equipamento.<\/li>\n<\/ul>\n<h2>Normas de seguran\u00e7a:<\/h2>\n<ul>\n<li>O t\u00e9cnico respons\u00e1vel pela m\u00e1quina ser\u00e1 quem reabastecer\u00e1 o Dewar (cada unidade deve ter o seu Dewar).<\/li>\n<li>O mesmo deve utilizar os EPIs necess\u00e1rios para este procedimento, como sapatos de couro, jaleco de prote\u00e7\u00e3o, luvas t\u00e9rmicas, \u00f3culos de seguran\u00e7a e abafador de ru\u00eddos.<\/li>\n<li>A responsabilidade pelo transporte do Dewar ficar\u00e1 a cargo do servidor da unidade, o qual dever\u00e1 estar com os mesmos EPIs para o seu transporte seguro.<\/li>\n<\/ul>\n<p>&nbsp;<\/p>\n","protected":false},"excerpt":{"rendered":"<p>Regimento Interno do Laborat\u00f3rio de Criogenia Disposi\u00e7\u00f5es iniciais O Laborat\u00f3rio de Criogenia Multiusu\u00e1rio da UFPel est\u00e1 localizado no Campus Cap\u00e3o do Le\u00e3o, Pr\u00e9dio 14, Sala 301. Comp\u00f5e este Laborat\u00f3rio: M\u00e1quina de produ\u00e7\u00e3o de nitrog\u00eanio l\u00edquido modelo StirLite &#8211; produ\u00e7\u00e3o 2,5 Litros por hora e reservat\u00f3rio de nitrog\u00eanio l\u00edquido 200L; Caixa com materiais sobressalentes para manuten\u00e7\u00e3o [&hellip;]<\/p>\n","protected":false},"author":978,"featured_media":0,"parent":0,"menu_order":3,"comment_status":"closed","ping_status":"closed","template":"","meta":{"footnotes":""},"class_list":["post-24","page","type-page","status-publish","hentry"],"_links":{"self":[{"href":"https:\/\/wp.ufpel.edu.br\/nitrogenioliquido\/index.php?rest_route=\/wp\/v2\/pages\/24","targetHints":{"allow":["GET"]}}],"collection":[{"href":"https:\/\/wp.ufpel.edu.br\/nitrogenioliquido\/index.php?rest_route=\/wp\/v2\/pages"}],"about":[{"href":"https:\/\/wp.ufpel.edu.br\/nitrogenioliquido\/index.php?rest_route=\/wp\/v2\/types\/page"}],"author":[{"embeddable":true,"href":"https:\/\/wp.ufpel.edu.br\/nitrogenioliquido\/index.php?rest_route=\/wp\/v2\/users\/978"}],"replies":[{"embeddable":true,"href":"https:\/\/wp.ufpel.edu.br\/nitrogenioliquido\/index.php?rest_route=%2Fwp%2Fv2%2Fcomments&post=24"}],"version-history":[{"count":7,"href":"https:\/\/wp.ufpel.edu.br\/nitrogenioliquido\/index.php?rest_route=\/wp\/v2\/pages\/24\/revisions"}],"predecessor-version":[{"id":85,"href":"https:\/\/wp.ufpel.edu.br\/nitrogenioliquido\/index.php?rest_route=\/wp\/v2\/pages\/24\/revisions\/85"}],"wp:attachment":[{"href":"https:\/\/wp.ufpel.edu.br\/nitrogenioliquido\/index.php?rest_route=%2Fwp%2Fv2%2Fmedia&parent=24"}],"curies":[{"name":"wp","href":"https:\/\/api.w.org\/{rel}","templated":true}]}}