{"id":2,"date":"2019-12-03T01:27:28","date_gmt":"2019-12-03T04:27:28","guid":{"rendered":"https:\/\/wp.ufpel.edu.br\/nitrogenioliquido\/?page_id=2"},"modified":"2019-12-06T09:01:34","modified_gmt":"2019-12-06T12:01:34","slug":"pagina-exemplo","status":"publish","type":"page","link":"https:\/\/wp.ufpel.edu.br\/nitrogenioliquido\/?page_id=2","title":{"rendered":"Criogenia"},"content":{"rendered":"\r\n<h2>Laborat\u00f3rio de Criogenia<\/h2>\r\n<div>A produ\u00e7\u00e3o de nitrog\u00eanio l\u00edquido atende os Cursos de gradua\u00e7\u00e3o e P\u00f3s gradua\u00e7\u00e3o da UFPel, nas mais diversas \u00e1reas da Pesquisa. A liquefatora de nitrog\u00eanio l\u00edquido est\u00e1 produzindo e distribuindo desde 16\/05\/2019 aos usu\u00e1rios, em seis meses de opera\u00e7\u00e3o a UFPel j\u00e1 economizou mais de R$ 45.000,00 e distribuiu mais de 5.500 Litros.<\/div>\r\n<div>\u00a0<\/div>\r\n<div>Para cadastrar-se como usu\u00e1rio, entre em contato conosco atrav\u00e9s do e-mail ou WhatsApp disponibilizados abaixo, deve ser informado:<\/div>\r\n<ul>\r\n<li>Dados da unidade solicitante;<\/li>\r\n<li>Servidor respons\u00e1vel pela retirada;<\/li>\r\n<li>Telefone, de prefer\u00eancia com WhatsApp, e um E-mail para agendamentos e notifica\u00e7\u00f5es;<\/li>\r\n<li>Estimativa da quantidade de nitrog\u00eanio l\u00edquido, em m\u00e9dia, necess\u00e1ria para sua demanda;<\/li>\r\n<li>Estimativa da periodicidade de retirada, semanal, quinzenal ou mensal.<\/li>\r\n<\/ul>\r\n<p>E-mail: lab.fis.ufpel@gmail.com<\/p>\r\n<p>WhatsApp: (53) 98100-9190<\/p>\r\n","protected":false},"excerpt":{"rendered":"<p>Laborat\u00f3rio de Criogenia A produ\u00e7\u00e3o de nitrog\u00eanio l\u00edquido atende os Cursos de gradua\u00e7\u00e3o e P\u00f3s gradua\u00e7\u00e3o da UFPel, nas mais diversas \u00e1reas da Pesquisa. A liquefatora de nitrog\u00eanio l\u00edquido est\u00e1 produzindo e distribuindo desde 16\/05\/2019 aos usu\u00e1rios, em seis meses de opera\u00e7\u00e3o a UFPel j\u00e1 economizou mais de R$ 45.000,00 e distribuiu mais de 5.500 [&hellip;]<\/p>\n","protected":false},"author":978,"featured_media":0,"parent":0,"menu_order":1,"comment_status":"closed","ping_status":"closed","template":"","meta":{"footnotes":""},"class_list":["post-2","page","type-page","status-publish","hentry"],"_links":{"self":[{"href":"https:\/\/wp.ufpel.edu.br\/nitrogenioliquido\/index.php?rest_route=\/wp\/v2\/pages\/2","targetHints":{"allow":["GET"]}}],"collection":[{"href":"https:\/\/wp.ufpel.edu.br\/nitrogenioliquido\/index.php?rest_route=\/wp\/v2\/pages"}],"about":[{"href":"https:\/\/wp.ufpel.edu.br\/nitrogenioliquido\/index.php?rest_route=\/wp\/v2\/types\/page"}],"author":[{"embeddable":true,"href":"https:\/\/wp.ufpel.edu.br\/nitrogenioliquido\/index.php?rest_route=\/wp\/v2\/users\/978"}],"replies":[{"embeddable":true,"href":"https:\/\/wp.ufpel.edu.br\/nitrogenioliquido\/index.php?rest_route=%2Fwp%2Fv2%2Fcomments&post=2"}],"version-history":[{"count":12,"href":"https:\/\/wp.ufpel.edu.br\/nitrogenioliquido\/index.php?rest_route=\/wp\/v2\/pages\/2\/revisions"}],"predecessor-version":[{"id":101,"href":"https:\/\/wp.ufpel.edu.br\/nitrogenioliquido\/index.php?rest_route=\/wp\/v2\/pages\/2\/revisions\/101"}],"wp:attachment":[{"href":"https:\/\/wp.ufpel.edu.br\/nitrogenioliquido\/index.php?rest_route=%2Fwp%2Fv2%2Fmedia&parent=2"}],"curies":[{"name":"wp","href":"https:\/\/api.w.org\/{rel}","templated":true}]}}