{"id":74,"date":"2011-04-30T18:39:31","date_gmt":"2011-04-30T21:39:31","guid":{"rendered":"https:\/\/wp.ufpel.edu.br\/maquinasagricolas\/"},"modified":"2025-11-26T14:35:28","modified_gmt":"2025-11-26T17:35:28","slug":"pesquisa","status":"publish","type":"page","link":"https:\/\/wp.ufpel.edu.br\/nimeq\/pesquisa\/","title":{"rendered":"Pesquisa"},"content":{"rendered":"<ul>\n<li><span style=\"color: #666699;\"><a href=\"https:\/\/wp.ufpel.edu.br\/nimeq\/files\/2019\/09\/Desenvolvimento-de-chassi-de-uma-semeadora-adubadora-de-baixa-pot\u00eancia-para-a-agricultura-familiar.pdf\"><span style=\"color: #666699;\">Desenvolvimento de chassi de uma semeadora-adubadora de baixa pot\u00eancia para a<\/span><\/a>\u00a0agricultura familiar<\/span><\/li>\n<li><span style=\"color: #666699;\"><a href=\"https:\/\/wp.ufpel.edu.br\/nimeq\/files\/2019\/09\/Desenvolvimento-de-equipamentos-e-transfer\u00eancia-de-tecnologia-em-m\u00e1quinas-agr\u00edcolas-para-a-agricultura-familiar-e-de-base-ecol\u00f3gica.pdf\"><span style=\"color: #666699;\">Desenvolvimento de equipamentos e transfer\u00eancia de tecnologia em m\u00e1quinas<\/span><\/a><\/span><\/li>\n<li><span style=\"color: #666699;\"><a href=\"https:\/\/wp.ufpel.edu.br\/nimeq\/files\/2019\/09\/Desenvolvimento-de-metodologia-para-sele\u00e7\u00e3o-de-maquin\u00e1rio-agr\u00edcola-adequado-a-agricultura-familiar.pdf\"><span style=\"color: #666699;\">Desenvolvimento de metodologia para sele\u00e7\u00e3o de maquin\u00e1rio agr\u00edcola adequado a<\/span><\/a>\u00a0agricultura familiar<\/span><\/li>\n<li><span style=\"color: #666699;\"><a href=\"https:\/\/wp.ufpel.edu.br\/nimeq\/files\/2019\/09\/Desenvolvimento-de-r\u00e9gua-de-c\u00e1lculo-para-agricultura.pdf\"><span style=\"color: #666699;\">Desenvolvimento de r\u00e9gua de c\u00e1lculo para agricultura familiar como instrumento tecnol\u00f3gico facilitador do processo de aplica\u00e7\u00e3o de produtos fitossanit\u00e1rios<\/span><\/a><\/span><\/li>\n<li><span style=\"color: #666699;\"><a href=\"https:\/\/wp.ufpel.edu.br\/nimeq\/files\/2019\/09\/Desenvolvimento-de-um-dosador-depositor-r..pdf\"><span style=\"color: #666699;\">Desenvolvimento de um dosador-depositor rotativo de sementes para semeadoras<\/span><\/a><\/span><\/li>\n<li><span style=\"color: #666699;\"><a href=\"https:\/\/wp.ufpel.edu.br\/nimeq\/files\/2019\/09\/Desenvolvimento-de-um-equipamento-para-manejo-de-plantas-oportunistas-.pdf\"><span style=\"color: #666699;\">Desenvolvimento de um equipamento para manejo de plantas oportunistas atrav\u00e9s de controle t\u00e9rmico aplic\u00e1vel a agricultura familiar e de base ecol\u00f3gica<\/span><\/a><\/span><\/li>\n<li><span style=\"color: #666699;\"><a href=\"https:\/\/wp.ufpel.edu.br\/nimeq\/files\/2019\/09\/Estudo-explorat\u00f3rio-acerca-das-patrulhas-agr\u00edcolas-de-alguns-munic\u00edpios-da-regi\u00e3o-de-Pelotas-RS.pdf\"><span style=\"color: #666699;\">Estudo explorat\u00f3rio acerca das patrulhas agr\u00edcolas de alguns munic\u00edpios da regi\u00e3o de Pelotas-RS<\/span><\/a><\/span><\/li>\n<li><span style=\"color: #666699;\"><a href=\"https:\/\/wp.ufpel.edu.br\/nimeq\/files\/2019\/09\/Predi\u00e7\u00e3o-da-tens\u00e3o-de-pr\u00e9-adensamento-do-solo-com-base-na-propriedade-\u00edndice-de-cone.pdf\"><span style=\"color: #666699;\">Predi\u00e7\u00e3o da tens\u00e3o de pr\u00e9-adensamento do solo com base na propriedade \u00edndice de cone<\/span><\/a><\/span><\/li>\n<li><span style=\"color: #666699;\"><a href=\"https:\/\/wp.ufpel.edu.br\/nimeq\/files\/2019\/09\/Projeto-conceitual-de-uma-colhedora-de-cebolas-voltado-a-agricultura-de-base-familiar.pdf\"><span style=\"color: #666699;\">Projeto conceitual de uma colhedora de cebolas voltado a agricultura de base familiar<\/span><\/a><\/span><\/li>\n<li><span style=\"color: #666699;\"><a href=\"https:\/\/wp.ufpel.edu.br\/nimeq\/files\/2019\/09\/Projeto-conceitual-de-uma-m\u00e1quina-agr\u00edcola-voltada-para-a-agricultura-agroecol\u00f3gica.pdf\"><span style=\"color: #666699;\">Projeto conceitual de uma m\u00e1quina agr\u00edcola voltada para a agricultura agroecol\u00f3gica<\/span><\/a><\/span><\/li>\n<li><span style=\"color: #666699;\"><a href=\"https:\/\/wp.ufpel.edu.br\/nimeq\/files\/2019\/09\/Sele\u00e7\u00e3o-de-sulcadores-apropriados-para-semeadoras-de-baixa-pot\u00eancia.pdf\"><span style=\"color: #666699;\">Sele\u00e7\u00e3o de sulcadores apropriados para semeadoras de baixa pot\u00eancia<\/span><\/a><\/span><\/li>\n<li><span style=\"color: #666699;\"><a href=\"https:\/\/wp.ufpel.edu.br\/nimeq\/files\/2019\/09\/Utiliza\u00e7\u00e3o-de-soldagem-de-revestimento-no-aumento-da-vida-\u00fatil-de-ponteiras-de-sulcadores-de-semeadoras.pdf\"><span style=\"color: #666699;\">Utiliza\u00e7\u00e3o de soldagem de revestimento no aumento da vida \u00fatil de ponteiras de<\/span><\/a>\u00a0sulcadores de semeadoras<\/span><\/li>\n<\/ul>\n<p>Mais um trabalho de TCC conclu\u00eddo!<\/p>\n<p><a href=\"https:\/\/wp.ufpel.edu.br\/nimeq\/files\/2025\/11\/WhatsApp-Image-2025-11-26-at-11.57.18.jpeg\"><img loading=\"lazy\" decoding=\"async\" class=\"size-medium wp-image-2328 alignleft\" src=\"https:\/\/wp.ufpel.edu.br\/nimeq\/files\/2025\/11\/WhatsApp-Image-2025-11-26-at-11.57.18-400x293.jpeg\" alt=\"\" width=\"400\" height=\"293\" srcset=\"https:\/\/wp.ufpel.edu.br\/nimeq\/files\/2025\/11\/WhatsApp-Image-2025-11-26-at-11.57.18-400x293.jpeg 400w, https:\/\/wp.ufpel.edu.br\/nimeq\/files\/2025\/11\/WhatsApp-Image-2025-11-26-at-11.57.18-273x200.jpeg 273w, https:\/\/wp.ufpel.edu.br\/nimeq\/files\/2025\/11\/WhatsApp-Image-2025-11-26-at-11.57.18.jpeg 664w\" sizes=\"auto, (max-width: 400px) 100vw, 400px\" \/><\/a><\/p>\n","protected":false},"excerpt":{"rendered":"<p>Desenvolvimento de chassi de uma semeadora-adubadora de baixa pot\u00eancia para a\u00a0agricultura familiar Desenvolvimento de equipamentos e transfer\u00eancia de tecnologia em m\u00e1quinas Desenvolvimento de metodologia para sele\u00e7\u00e3o de&hellip; <span class=\"read-more\"><a class=\"more-link\" href=\"https:\/\/wp.ufpel.edu.br\/nimeq\/pesquisa\/\" rel=\"bookmark\">Leia Mais <span class=\"screen-reader-text\">&#8220;Pesquisa&#8221;<\/span><\/a><\/span><\/p>\n","protected":false},"author":111,"featured_media":0,"parent":0,"menu_order":0,"comment_status":"closed","ping_status":"closed","template":"","meta":{"footnotes":""},"class_list":["post-74","page","type-page","status-publish","hentry"],"publishpress_future_action":{"enabled":false,"date":"2026-04-11 10:13:47","action":"change-status","newStatus":"draft","terms":[],"taxonomy":"","extraData":[]},"publishpress_future_workflow_manual_trigger":{"enabledWorkflows":[]},"_links":{"self":[{"href":"https:\/\/wp.ufpel.edu.br\/nimeq\/wp-json\/wp\/v2\/pages\/74","targetHints":{"allow":["GET"]}}],"collection":[{"href":"https:\/\/wp.ufpel.edu.br\/nimeq\/wp-json\/wp\/v2\/pages"}],"about":[{"href":"https:\/\/wp.ufpel.edu.br\/nimeq\/wp-json\/wp\/v2\/types\/page"}],"author":[{"embeddable":true,"href":"https:\/\/wp.ufpel.edu.br\/nimeq\/wp-json\/wp\/v2\/users\/111"}],"replies":[{"embeddable":true,"href":"https:\/\/wp.ufpel.edu.br\/nimeq\/wp-json\/wp\/v2\/comments?post=74"}],"version-history":[{"count":4,"href":"https:\/\/wp.ufpel.edu.br\/nimeq\/wp-json\/wp\/v2\/pages\/74\/revisions"}],"predecessor-version":[{"id":2331,"href":"https:\/\/wp.ufpel.edu.br\/nimeq\/wp-json\/wp\/v2\/pages\/74\/revisions\/2331"}],"wp:attachment":[{"href":"https:\/\/wp.ufpel.edu.br\/nimeq\/wp-json\/wp\/v2\/media?parent=74"}],"curies":[{"name":"wp","href":"https:\/\/api.w.org\/{rel}","templated":true}]}}