{"id":70,"date":"2011-04-30T18:38:28","date_gmt":"2011-04-30T21:38:28","guid":{"rendered":"https:\/\/wp.ufpel.edu.br\/maquinasagricolas\/"},"modified":"2022-10-26T09:59:24","modified_gmt":"2022-10-26T12:59:24","slug":"pos-graduacao","status":"publish","type":"page","link":"https:\/\/wp.ufpel.edu.br\/nimeq\/ensino\/pos-graduacao\/","title":{"rendered":"P\u00f3s Gradua\u00e7\u00e3o"},"content":{"rendered":"<h3><strong>P\u00d3S-GRADUA\u00c7\u00c3O EM ENGENHARIA RURAL<\/strong><\/h3>\n<p style=\"font-weight: inherit; font-style: inherit;\"><strong>P\u00f3s-Gradua\u00e7\u00e3o em Engenharia Rural \u2013 Especializa\u00e7\u00e3o em Gerenciamento e Utiliza\u00e7\u00e3o de M\u00e1quinas Agr\u00edcolas(Modalidade \u00e0 Dist\u00e2ncia)<\/strong><\/p>\n<p style=\"font-weight: inherit; font-style: inherit;\"><strong>Aspectos de gerenciamento em propriedades rurais<\/strong>(34h\/aula) \u2013 C\u00f3digo\u00a0<strong>198101<\/strong><\/p>\n<p style=\"font-weight: inherit; font-style: inherit;\"><strong>Gerenciamento econ\u00f4mico de m\u00e1quinas agr\u00edcolas<\/strong>\u00a0(34h\/aula) \u2013 C\u00f3digo\u00a0<strong>198102<\/strong><\/p>\n<p style=\"font-weight: inherit; font-style: inherit;\"><strong>M\u00e1quinas agr\u00edcolas e sua utiliza\u00e7\u00e3o na propriedade rural<\/strong>(68h\/aula) \u2013 C\u00f3digo\u00a0<strong>198103<\/strong><\/p>\n<p style=\"font-weight: inherit; font-style: inherit;\"><strong>T\u00f3picos especiais em motores e tratores agr\u00edcolas<\/strong><strong>\u00a0<\/strong>(68h\/aula) \u2013 C\u00f3digo\u00a0<strong>198104<\/strong><\/p>\n<p style=\"font-weight: inherit; font-style: inherit;\"><strong>T\u00f3picos especiais em colhedoras automotrizes<\/strong>\u00a0(34h\/aula) \u2013 C\u00f3digo\u00a0<strong>198105<\/strong><\/p>\n<p style=\"font-weight: inherit; font-style: inherit;\"><strong>Uso de dados meteorol\u00f3gicos na propriedade rural<\/strong><strong>\u00a0<\/strong>(34h\/aula) \u2013 C\u00f3digo\u00a0<strong>198106<\/strong><\/p>\n<p style=\"font-weight: inherit; font-style: inherit;\"><strong>O solo no gerenciamento da propriedade rural<\/strong>\u00a0(34h\/aula) \u2013 C\u00f3digo\u00a0<strong>198107<\/strong><\/p>\n<p style=\"font-weight: inherit; font-style: inherit;\"><strong>Planejamento das atividades com m\u00e1quinas agr\u00edcolas<\/strong>(34h\/aula) \u2013 C\u00f3digo\u00a0<strong>198108<\/strong><\/p>\n<p style=\"font-weight: inherit; font-style: inherit;\"><strong>Sele\u00e7\u00e3o de tratores, colhedoras automotrizes, m\u00e1quinas e implementos<\/strong>\u00a0(68h\/aula) \u2013 C\u00f3digo\u00a0<strong>198109<\/strong><\/p>\n<p style=\"font-weight: inherit; font-style: inherit;\"><strong>Controle operacional das m\u00e1quinas agr\u00edcolas<\/strong><strong>\u00a0<\/strong>(34h\/aula) \u2013 C\u00f3digo\u00a0<strong>198110<\/strong><\/p>\n<p style=\"font-weight: inherit; font-style: inherit;\"><strong>Legisla\u00e7\u00e3o e normas para seguran\u00e7a no projeto e utiliza\u00e7\u00e3o de m\u00e1quinas agr\u00edcolas<\/strong><strong>\u00a0<\/strong>(34h\/aula) \u2013 C\u00f3digo\u00a0<strong>198111<\/strong><\/p>\n<p style=\"font-weight: inherit; font-style: inherit;\"><strong>Metodologia de projeto de produtos agroindustriais<\/strong>(68h\/aula) \u2013 C\u00f3digo\u00a0<strong>198112<\/strong><\/p>\n<p style=\"font-weight: inherit; font-style: inherit;\"><strong>M\u00e1quinas para condu\u00e7\u00e3o de culturas<\/strong> (68h\/aula) \u2013 C\u00f3digo\u00a0<strong>198113<\/strong><\/p>\n<p style=\"font-weight: inherit; font-style: inherit;\"><strong>Din\u00e2mica da rela\u00e7\u00e3o m\u00e1quina solo I<\/strong> (68h\/aula) \u2013 C\u00f3digo\u00a0<strong>198116<\/strong><\/p>\n<p style=\"font-weight: inherit; font-style: inherit;\"><strong>Din\u00e2mica da rela\u00e7\u00e3o m\u00e1quina solo II<\/strong> (68h\/aula) \u2013 C\u00f3digo\u00a0<strong>198117<\/strong><\/p>\n<p style=\"font-weight: inherit; font-style: inherit;\"><strong>M\u00e1quinas agr\u00edcolas de baixa pot\u00eancia<\/strong> (68h\/aula) \u2013 C\u00f3digo\u00a0<strong>198118<\/strong><\/p>\n<p>&nbsp;<\/p>\n<p>&nbsp;<\/p>\n","protected":false},"excerpt":{"rendered":"<p>P\u00d3S-GRADUA\u00c7\u00c3O EM ENGENHARIA RURAL P\u00f3s-Gradua\u00e7\u00e3o em Engenharia Rural \u2013 Especializa\u00e7\u00e3o em Gerenciamento e Utiliza\u00e7\u00e3o de M\u00e1quinas Agr\u00edcolas(Modalidade \u00e0 Dist\u00e2ncia) Aspectos de gerenciamento em propriedades rurais(34h\/aula) \u2013 C\u00f3digo\u00a0198101&hellip; <span class=\"read-more\"><a class=\"more-link\" href=\"https:\/\/wp.ufpel.edu.br\/nimeq\/ensino\/pos-graduacao\/\" rel=\"bookmark\">Leia Mais <span class=\"screen-reader-text\">&#8220;P\u00f3s Gradua\u00e7\u00e3o&#8221;<\/span><\/a><\/span><\/p>\n","protected":false},"author":111,"featured_media":0,"parent":66,"menu_order":0,"comment_status":"closed","ping_status":"closed","template":"","meta":{"footnotes":""},"class_list":["post-70","page","type-page","status-publish","hentry"],"publishpress_future_action":{"enabled":false,"date":"2026-04-17 05:52:38","action":"change-status","newStatus":"draft","terms":[],"taxonomy":"","extraData":[]},"publishpress_future_workflow_manual_trigger":{"enabledWorkflows":[]},"_links":{"self":[{"href":"https:\/\/wp.ufpel.edu.br\/nimeq\/wp-json\/wp\/v2\/pages\/70","targetHints":{"allow":["GET"]}}],"collection":[{"href":"https:\/\/wp.ufpel.edu.br\/nimeq\/wp-json\/wp\/v2\/pages"}],"about":[{"href":"https:\/\/wp.ufpel.edu.br\/nimeq\/wp-json\/wp\/v2\/types\/page"}],"author":[{"embeddable":true,"href":"https:\/\/wp.ufpel.edu.br\/nimeq\/wp-json\/wp\/v2\/users\/111"}],"replies":[{"embeddable":true,"href":"https:\/\/wp.ufpel.edu.br\/nimeq\/wp-json\/wp\/v2\/comments?post=70"}],"version-history":[{"count":47,"href":"https:\/\/wp.ufpel.edu.br\/nimeq\/wp-json\/wp\/v2\/pages\/70\/revisions"}],"predecessor-version":[{"id":2218,"href":"https:\/\/wp.ufpel.edu.br\/nimeq\/wp-json\/wp\/v2\/pages\/70\/revisions\/2218"}],"up":[{"embeddable":true,"href":"https:\/\/wp.ufpel.edu.br\/nimeq\/wp-json\/wp\/v2\/pages\/66"}],"wp:attachment":[{"href":"https:\/\/wp.ufpel.edu.br\/nimeq\/wp-json\/wp\/v2\/media?parent=70"}],"curies":[{"name":"wp","href":"https:\/\/api.w.org\/{rel}","templated":true}]}}