{"id":62,"date":"2011-04-30T18:26:46","date_gmt":"2011-04-30T21:26:46","guid":{"rendered":"https:\/\/wp.ufpel.edu.br\/maquinasagricolas\/"},"modified":"2021-10-28T15:53:10","modified_gmt":"2021-10-28T18:53:10","slug":"revistas","status":"publish","type":"page","link":"https:\/\/wp.ufpel.edu.br\/nimeq\/publicacoes\/revistas\/","title":{"rendered":"Peri\u00f3dicos"},"content":{"rendered":"<p style=\"text-align: center\"><strong><span style=\"font-size: 18pt\">Artigos Publicados<\/span><\/strong><\/p>\n<p>&nbsp;<\/p>\n<p><span style=\"font-size: 14pt\"><strong>2021<\/strong><\/span><\/p>\n<p class=\"page_title\"><a href=\"https:\/\/periodicos.ufv.br\/reveng\/article\/view\/10573\">Computational tool for selection and ranking of pull-type forage harvesters<\/a><\/p>\n<div class=\"row\">\n<div class=\"main_entry\">\n<hr \/>\n<\/div>\n<\/div>\n<p class=\"titulo-articulo\"><a href=\"http:\/\/portal.amelica.org\/ameli\/jatsRepo\/23\/232004009\/index.html\"><span style=\"font-family: georgia, palatino, serif\">Mapeamento cognitivo sobre ergonomia e seguran\u00e7a em tratores agr\u00edcolas utilizados na agricultura familiar<\/span><\/a><\/p>\n<hr \/>\n<p><a href=\"https:\/\/periodicos.ifsul.edu.br\/index.php\/thema\/article\/view\/2025\">Projeto conceitual de uma m\u00e1quina para conformar canteiros e distribuir fertilizantes org\u00e2nicos<\/a><\/p>\n<hr \/>\n<p><a href=\"https:\/\/www.grupocultivar.com.br\/materias\/tratores-compactos-e-subcompactos-ganham-espaco-no-mercado-brasileiro\">Tratores compactos e subcompactos ganham espa\u00e7o no mercado brasileiro<\/a><\/p>\n<hr \/>\n<p>&nbsp;<\/p>\n<p><span style=\"font-size: 14pt\"><strong>2020<\/strong><\/span><\/p>\n<p><a href=\"https:\/\/www.grupocultivar.com.br\/revistas\/621\">Como a tecnologia mudou o perfil das m\u00e1quinas agr\u00edcolas<\/a><\/p>\n<hr \/>\n<p><a href=\"https:\/\/online.unisc.br\/seer\/index.php\/tecnologica\/article\/view\/13157\">Debulhador manual de milho verde para a agricultura familiar<\/a><\/p>\n<hr \/>\n<p><a href=\"https:\/\/www.grupocultivar.com.br\/acervo\/621\">Escolha facilitada<\/a><\/p>\n<hr \/>\n<p><a href=\"https:\/\/www.scielo.br\/j\/eagri\/a\/cPJhtTLzCL3cx4H5xrYVyPq\/?format=pdf&amp;lang=en\">Heat-applicator machine for weed control<\/a><\/p>\n<hr \/>\n<p><a href=\"https:\/\/periodicos.ufv.br\/reveng\/article\/view\/8896\/6340\">Informational phase of the development of equipament fo analysis of direct shear and pre-compaction of the soil<\/a><\/p>\n<hr \/>\n<p><a href=\"http:\/\/periodicos.ifsul.edu.br\/index.php\/thema\/article\/view\/1327\/1494\">Necessidades dos produtores de hortali\u00e7as e tabaco do sul do Rio Grande do Sul em rela\u00e7\u00e3o a mecaniza\u00e7\u00e3o<\/a><\/p>\n<hr \/>\n<p><a href=\"https:\/\/online.unisc.br\/seer\/index.php\/tecnologica\/article\/view\/15721\">Percep\u00e7\u00e3o dos agricultores familiares sobre ergonomia e seguran\u00e7a em tratores agr\u00edcolas<\/a><\/p>\n<hr \/>\n<p><a href=\"http:\/\/www.ccarevista.ufc.br\/seer\/index.php\/ccarevista\/article\/view\/7740\">Technological trends in digital agriculture and their impact on agricultural machinery development practices<\/a><\/p>\n<hr \/>\n<p>&nbsp;<\/p>\n<p><span style=\"font-size: 14pt\"><strong>2019<\/strong><\/span><\/p>\n<p><a href=\"http:\/\/www.scielo.br\/scielo.php?script=sci_arttext&amp;pid=S0103-84782019000300350&amp;lng=en&amp;tlng=en\">Conceptual design of a thermal weed control machine<\/a><\/p>\n<hr \/>\n<p><a href=\"https:\/\/www.scielo.br\/j\/eagri\/a\/XSXw8CyHnCK3LzjT6xnFbwv\/?lang=en&amp;format=pdf\">Ergonomic and safety conditions assement of tractors used by smallholders according to brazilian legislation and current standards<\/a><\/p>\n<hr \/>\n<p><a href=\"https:\/\/edcentaurus.com.br\/agranja\/edicao\/851\/materia\/10260\">\u00a0O trator adequado \u00e0 sua realidade<\/a><\/p>\n<hr \/>\n<p><a href=\"http:\/\/www.scielo.br\/scielo.php?script=sci_arttext&amp;pid=S0103-84782019000800351&amp;tlng=en\">Pulverizadores costais: esfor\u00e7o para o acionamento da alavanca de bombeamento\u00a0<\/a><\/p>\n<hr \/>\n<p><a href=\"https:\/\/www.scielo.br\/j\/cr\/a\/7tj4z3kZbVTCLjywLNps96K\/?format=pdf&amp;lang=en\">Knapsack sprayers: effort required for pumping lever operation<\/a><\/p>\n<hr \/>\n<p>&nbsp;<\/p>\n<p><span style=\"font-size: 14pt\"><strong>2018<\/strong><\/span><\/p>\n<p><a href=\"http:\/\/www.scielo.br\/pdf\/cr\/v48n2\/1678-4596-cr-48-02-e20170243.pdf\">Design specifications of a heat applicator weed controller device for family farms<\/a><\/p>\n<hr \/>\n<p><a href=\"https:\/\/reveng.ufv.br\/index.php\/reveng\/article\/view\/827\/pdf\">Estrutura funcional de um encanteirador e depositor de fertilizantes para tratores de baixa pot\u00eancia<\/a><\/p>\n<hr \/>\n<p><a href=\"http:\/\/revistathema.ifsul.edu.br\/index.php\/thema\/article\/view\/893\/762\">Projeto, desenvolvimento e constru\u00e7\u00e3o de uma bancada de ensaios para dosadores de semente<\/a><\/p>\n<hr \/>\n<p><a href=\"http:\/\/www.scielo.br\/pdf\/eagri\/v38n2\/1809-4430-eagri-38-02-0238.pdf\">Operator effort on the operation of the knapsack sprayer pumping lever\u00a0<\/a><\/p>\n<hr \/>\n<p><a href=\"https:\/\/www.grupocultivar.com.br\/revistas\/551\">Perdas Identificadas<\/a><\/p>\n<hr \/>\n<p><a href=\"https:\/\/www.researchgate.net\/publication\/326377760_Controle_termico\">Controle T\u00e9rmico<\/a><\/p>\n<hr \/>\n<p>&nbsp;<\/p>\n<p style=\"text-align: left\"><span style=\"font-size: 14pt\"><strong>2017<\/strong><\/span><\/p>\n<hr \/>\n<p><a href=\"http:\/\/www.redalyc.org\/articulo.oa?id=303249921002\">Safety index for agricultural tractors<\/a><\/p>\n<hr \/>\n<p><a href=\"http:\/\/revistathema.ifsul.edu.br\/index.php\/thema\/article\/view\/384\/417\">Semeadoras-adubadoras da atualidade e sua compatibilidade com tratores de baixa pot\u00eancia<\/a><\/p>\n<hr \/>\n<p><a href=\"https:\/\/reveng.ufv.br\/index.php\/reveng\/article\/view\/733\/502\">Comparativo de cargas verticais sobre molas helicoidais e planas e sua aplica\u00e7\u00e3o em semeadoras-adubadoras<\/a><\/p>\n<hr \/>\n<div>\n<p class=\"title\"><a href=\"http:\/\/www.scielo.br\/pdf\/cr\/v47n6\/1678-4596-cr-47-06-e20160743.pdf\">Design requirements of a human-powered planter<\/a><\/p>\n<hr \/>\n<\/div>\n<p><a href=\"https:\/\/reveng.ufv.br\/index.php\/reveng\/article\/view\/789\/pdf\">Desenvolvimento de uma estrutura funcional de linha de aduba\u00e7\u00e3o para semeadora de plantio direto<\/a><\/p>\n<hr \/>\n<p><a href=\"https:\/\/reveng.ufv.br\/index.php\/reveng\/article\/view\/796\/pdf\">Organic production: Properties characterization and mechanical situation on weed control<\/a><\/p>\n<hr \/>\n<p>&nbsp;<\/p>\n<p><span style=\"font-size: 14pt\"><strong>2016<\/strong><\/span><\/p>\n<p><a href=\"http:\/\/www.scielo.br\/pdf\/cr\/v46n12\/1678-4596-cr-0103_8478cr20160262.pdf\">Design specifications of a human-powered planter<\/a><\/p>\n<hr \/>\n<p><a href=\"https:\/\/periodicos.ufpel.edu.br\/ojs2\/index.php\/RBES\/article\/view\/8429\/6634\">Utiliza\u00e7\u00e3o de revestimento soldado para o aumento da vida \u00fatil de ponteiras sulcadoras em semeadoras adubadoras<\/a><\/p>\n<hr \/>\n<p><a href=\"https:\/\/reveng.ufv.br\/index.php\/reveng\/article\/view\/730\/460\">Dosador de fertilizantes com dupla sa\u00edda desenvolvido para agricultura familiar &#8211; Avalia\u00e7\u00e3o da vaz\u00e3o m\u00e1ssica<\/a><\/p>\n<hr \/>\n<p>No tamanho certo<\/p>\n<hr \/>\n<p><span style=\"color: #0000ff\"><a style=\"color: #0000ff\" href=\"https:\/\/www.grupocultivar.com.br\/artigos\/patentes-e-sua-relacao-com-o-agronegocio-familiar\">Patentes e sua rela\u00e7\u00e3o com o agroneg\u00f3cio familiar<\/a><\/span><\/p>\n<hr \/>\n<p>&nbsp;<\/p>\n<p><span style=\"font-size: 14pt\"><strong>2015<\/strong><\/span><\/p>\n<p><a href=\"https:\/\/reveng.ufv.br\/index.php\/reveng\/article\/view\/525\">Custos de manuten\u00e7\u00e3o preventiva para tratores em fun\u00e7\u00e3o do tipo de tra\u00e7\u00e3o e categoria do sistema hidra\u00falico<\/a><\/p>\n<hr \/>\n<p><a href=\"https:\/\/reveng.ufv.br\/index.php\/reveng\/article\/view\/537\/396\">Rela\u00e7\u00e3o de equil\u00edbrio entre tratores e semeadoras adubadoras de baixa pot\u00eancia: Determina\u00e7\u00e3o da estabilidade longitudinal em fun\u00e7\u00e3o das caracter\u00edsticas dimensionais e ponderais<\/a><\/p>\n<hr \/>\n<p><a href=\"http:\/\/sedici.unlp.edu.ar\/bitstream\/handle\/10915\/48674\/Documento_completo.pdf-PDFA.pdf?sequence=1\">\u00cdndices de Deprecia\u00e7\u00e3o, Ergonomia, Seguran\u00e7a, N\u00edvel de ru\u00eddo e\u00a0Manuten\u00e7\u00e3o como Par\u00e2metros de Avalia\u00e7\u00e3o em Tratores Agr\u00edcolas de\u00a0quatro rodas<\/a><\/p>\n<hr \/>\n<p><a href=\"https:\/\/wp.ufpel.edu.br\/nimeq\/files\/2014\/11\/2783-18427-1-PB.pdf\">Use of walking tractor powered rotary tiller in no-tillage system<\/a><\/p>\n<hr \/>\n<p><a href=\"http:\/\/www.seer.ufv.br\/seer\/index.php\/reveng\/article\/viewFile\/525\/389\">Custos de manuten\u00e7\u00e3o preventiva para tratores em fun\u00e7\u00e3o do tipo de tra\u00e7\u00e3o e categoria do sistema hidr\u00e1ulico<\/a><\/p>\n<hr \/>\n<p><a href=\"http:\/\/www.seer.ufv.br\/seer\/index.php\/reveng\/article\/viewFile\/537\/396\">Rela\u00e7\u00e3o de equil\u00edbrio entre tratores e semeadoras adubadoras de baixa pot\u00eancia: Determina\u00e7\u00e3o da estabilidade longitudinal em fun\u00e7\u00e3o das caracter\u00edsticas dimensionais e ponderais.<\/a><\/p>\n<hr \/>\n<p><a href=\"http:\/\/www.agro.unlp.edu.ar\/revista\/index.php\/revagro\/article\/view\/173\" target=\"_blank\" rel=\"noopener noreferrer\">\u00cdndices de deprecia\u00e7\u00e3o, ergonomia, seguran\u00e7a, n\u00edvel de ru\u00eddos e manuten\u00e7\u00e3o como par\u00e2metro de avalia\u00e7\u00e3o em tratores agr\u00edcolas de quatro rodas<\/a><\/p>\n<hr \/>\n<p><a href=\"http:\/\/www.agro.unlp.edu.ar\/revista\/index.php\/revagro\/article\/view\/132\/283\" target=\"_blank\" rel=\"noopener noreferrer\">Desenvolvimento da metodologia multicrit\u00e9rio como modelo na sele\u00e7\u00e3o de tratores de quatro rodas.<\/a><\/p>\n<hr \/>\n<p id=\"yui_3_16_0_ym19_1_1460657529935_4978\"><a href=\"https:\/\/periodicos.ufpel.edu.br\/ojs2\/index.php\/RBES\/article\/view\/5845\/5287\">THE USE OF QUESTIONNAIRES FOR ASSESSMENT OF CUSTOMER\u2019S NEEDS IN SEEDS LABORATORIES<\/a><\/p>\n<hr \/>\n<p>&nbsp;<\/p>\n<p><span style=\"font-size: 14pt\"><strong>2014<\/strong><\/span><\/p>\n<p><a href=\"http:\/\/www.scielo.br\/scielo.php?pid=S0100-69162014000100017&amp;script=sci_arttext\">Valida\u00e7\u00e3o de um modelo de c\u00e1lculo por elementos finitos do chassi de uma semeadora de quatro linhas.<\/a><\/p>\n<hr \/>\n<p><a href=\"http:\/\/www.scielo.br\/pdf\/cr\/v44n9\/0103-8478-cr-44-09-01583.pdf\">Estrutura funcional de uma semeadora de tra\u00e7\u00e3o humana<\/a><\/p>\n<hr \/>\n<p><a href=\"http:\/\/www.scielo.br\/scielo.php?script=sci_arttext&amp;pid=S0100-69162014000400012&amp;lng=en&amp;nrm=iso&amp;tlng=en\">A multicriteria model to assess tractors used in family agriculture.<\/a><\/p>\n<hr \/>\n<p><a href=\"http:\/\/www.seer.ufv.br\/seer\/index.php\/reveng\/issue\/view\/40\/showToc\">Utiliza\u00e7\u00e3o do QFD como ferramenta para sele\u00e7\u00e3o de requisitos de projeto de uma semeadora \u00e0 tra\u00e7\u00e3o animal<\/a><\/p>\n<hr \/>\n<p><a href=\"http:\/\/www.scielo.br\/scielo.php?script=sci_arttext&amp;pid=S1415-43662014001000015&amp;lng=pt&amp;nrm=iso&amp;tlng=en\" target=\"_blank\" rel=\"noopener noreferrer\">Desenvolvimento de dosador de sementes com dupla sa\u00edda para disco horizontal<\/a><\/p>\n<hr \/>\n<p>&nbsp;<\/p>\n<p><span style=\"font-size: 14pt\"><strong>2013<\/strong><\/span><\/p>\n<p><a href=\"http:\/\/www.scielo.br\/scielo.php?pid=S0100-69162013000300013&amp;script=sci_arttext\">Longitudinal distribution of bean seeds in horizontal plate meter operating with one or two seed outlets.<\/a><\/p>\n<hr \/>\n<p><a href=\"https:\/\/wp.ufpel.edu.br\/nimeq\/files\/2014\/12\/Artigo-PA-L%C3%BAcio-04-07-2013.pdf\">Patrulha agr\u00edcola: Uma alternativa de mecaniza\u00e7\u00e3o na agricultura familiar<\/a><\/p>\n<hr \/>\n<p>&nbsp;<\/p>\n<p><span style=\"font-size: 14pt\"><strong>2012<\/strong><\/span><\/p>\n<p><a href=\"http:\/\/www.scielo.br\/scielo.php?pid=S0100-69162012000600015&amp;script=sci_arttext\">Analyzing the efforts in furrow openers used in low power planters<\/a><\/p>\n<hr \/>\n<p>&nbsp;<\/p>\n<p><span style=\"font-size: 14pt\"><strong>2011<\/strong><\/span><\/p>\n<p><a href=\"http:\/\/www.grupocultivar.com.br\/site\/revistas\/maquinas\/MQ_2011_Julho.pdf\">Do corte ao fardo<\/a><\/p>\n<hr \/>\n<p>&nbsp;<\/p>\n<p><strong>2010<\/strong><\/p>\n<p><a href=\"http:\/\/www.scielo.br\/scielo.php?pid=S0100-69162010000200011&amp;script=sci_arttext\">Desenvolvimento de um dispositivo para medi\u00e7\u00e3o de esfor\u00e7os em hastes de semeadoras de plantio direto<\/a><\/p>\n<hr \/>\n<p><a href=\"http:\/\/www.seer.ufv.br\/seer\/index.php\/reveng\/article\/viewFile\/234\/120\">Uniformidade de vaz\u00e3o de fertilizantes por dosadores helicoidais em fun\u00e7\u00e3o do nivelamento longitudinal<\/a><\/p>\n<hr \/>\n<p>&nbsp;<\/p>\n<p><span style=\"font-size: 14pt\"><strong>2009<\/strong><\/span><\/p>\n<p><a href=\"http:\/\/www.scielo.br\/scielo.php?pid=S0103-84782009000800022&amp;script=sci_arttext\">Distribui\u00e7\u00e3o longitudinal de sementes de milho com dosador de disco horizontal operando com uma ou duas sa\u00eddas de sementes<\/a><\/p>\n<hr \/>\n<p><a href=\"http:\/\/www.scielo.br\/scielo.php?script=sci_arttext&amp;pid=S0100-69162009000100016\">Caracteriza\u00e7\u00e3o da produ\u00e7\u00e3o agroecol\u00f3gica do sul do Rio Grande do Sul e sua rela\u00e7\u00e3o com a mecaniza\u00e7\u00e3o agr\u00edcola<\/a><\/p>\n<hr \/>\n<p><a href=\"http:\/\/www.scielo.br\/scielo.php?pid=S1415-43662009000500019&amp;script=sci_arttext\">Metodologia para avalia\u00e7\u00e3o do desgaste em ferramentas sim\u00e9tricas de mobiliza\u00e7\u00e3o do solo<\/a><\/p>\n<hr \/>\n<p><a href=\"http:\/\/www.scielo.br\/scielo.php?script=sci_arttext&amp;pid=S0100-69162009000200009\">Desempenho e caracter\u00edsticas construtivas de um prot\u00f3tipo de dosador pneum\u00e1tico para sementes de arroz<\/a><\/p>\n<hr \/>\n<p><a href=\"http:\/\/www.scielo.br\/scielo.php?pid=S1415-43662009000500020&amp;script=sci_arttext\">Dosador mec\u00e2nico de precis\u00e3o para sementes mi\u00fadas: Testes funcionais<\/a><\/p>\n<p>&nbsp;<\/p>\n<p><span style=\"font-size: 14pt\"><strong>2008<\/strong><\/span><\/p>\n<p>&nbsp;<\/p>\n<p><a href=\"http:\/\/www2.ufpel.edu.br\/faem\/agrociencia\/v14n1\/artigo16.htm\">Utiliza\u00e7\u00e3o de ferro fundido nodular austemperado em ponteiras sulcadoras de adubo de semeadoras de plantio direto.<\/a><\/p>\n<hr \/>\n<p><a href=\"http:\/\/www.scielo.br\/pdf\/cr\/v38n8\/a46v38n8.pdf\">Utiliza\u00e7\u00e3o de um ve\u00edculo a\u00e9reo n\u00e3o tripulado em atividades de imageamento georeferenciado<\/a><\/p>\n<p>&nbsp;<\/p>\n<p><span style=\"font-size: 14pt\"><strong>2007<\/strong><\/span><\/p>\n<p>&nbsp;<\/p>\n<p><a href=\"http:\/\/www2.ufpel.edu.br\/faem\/agrociencia\/v13n3\/artigo17.htm\">Avalia\u00e7\u00e3o do desempenho de tr\u00eas mecanismos dosadores de sementes de arroz vistas \u00e0 semeadura de precis\u00e3o<\/a><\/p>\n<hr \/>\n<p><a href=\"https:\/\/online.unisc.br\/seer\/index.php\/tecnologica\/article\/view\/152\">For\u00e7a de tra\u00e7\u00e3o de semeadoras para plantio direto: Informa\u00e7\u00f5es de campo X Informa\u00e7\u00f5es de cat\u00e1logo<\/a><\/p>\n<hr \/>\n<p><a href=\"http:\/\/online.unisc.br\/seer\/index.php\/tecnologica\/article\/view\/158\">Desempenho de distribuidores de adubo tipo rosca sem fim por transbordo e por gravidade em fun\u00e7\u00e3o do nivelamento longitudinal do dosador<\/a><\/p>\n<hr \/>\n<p><a href=\"http:\/\/www.scielo.br\/scielo.php?pid=S0103-84782007000100020&amp;script=sci_arttext\">N\u00edvel de conhecimento da simbologia gr\u00e1fica utilizada para caracterizar comandos e controles de m\u00e1quinas agr\u00edcolas<\/a><\/p>\n<hr \/>\n<p><a href=\"http:\/\/www.scielo.br\/scielo.php?pid=S0103-84782007000100020&amp;script=sci_arttext\">An\u00e1lise dos s\u00edmbolos gr\u00e1ficos utilizados em controles e comandos nas m\u00e1quinas agr\u00edcolas<\/a><\/p>\n<p>&nbsp;<\/p>\n<p><span style=\"font-size: 14pt\"><strong>2006<\/strong><\/span><\/p>\n<p>&nbsp;<\/p>\n<p><a href=\"http:\/\/www2.ufpel.edu.br\/faem\/agrociencia\/v12n2\/artigo13.pdf\">Avalia\u00e7\u00e3o do di\u00e2metro do orif\u00edcio e da press\u00e3o de ar na dosagem pneum\u00e1tica de sementes de arroz.<\/a><\/p>\n<hr \/>\n<p><a href=\"http:\/\/www.scielo.br\/scielo.php?pid=S0100-69162006000100033&amp;script=sci_arttext\">Identifica\u00e7\u00e3o de requisitos de clientes para o projeto de um dosador de precis\u00e3o para sementes mi\u00fadas.<\/a><\/p>\n<hr \/>\n<p><a href=\"https:\/\/wp.ufpel.edu.br\/nimeq\/publicacoes\/revistas\/engenharia-rural-v17-n1\/\">Obten\u00e7\u00e3o de especifica\u00e7\u00f5es para o projeto de mecanismo dosador de precis\u00e3o para sementes mi\u00fadas.<\/a><\/p>\n<hr \/>\n<p><a href=\"http:\/\/www.scielo.br\/pdf\/cr\/v36n5\/a48v36n5.pdf\">An\u00e1lise Ergon\u00f4mica do Trabalho em Atividades Desenvolvidas com Ro\u00e7adoras Manuais Motorizadas<\/a><\/p>\n<hr \/>\n<p><a href=\"http:\/\/www.scielo.br\/scielo.php?script=sci_arttext&amp;pid=S0100-69162006000200013\">Levantamento e identifica\u00e7\u00e3o dos s\u00edmbolos gr\u00e1ficos utilizados para a caracteriza\u00e7\u00e3o de controles e comandos em m\u00e1quinas agr\u00edcolas<\/a><\/p>\n<hr \/>\n<p>&nbsp;<\/p>\n<p><span style=\"font-size: 14pt\"><strong>2005<\/strong><\/span><\/p>\n<p><a href=\"http:\/\/www2.ufpel.edu.br\/faem\/agrociencia\/v11n4\/artigo15.pdf\">Influ\u00eancia da press\u00e3o de infla\u00e7\u00e3o do pneu do trator na resist\u00eancia do solo \u00e0 penetra\u00e7\u00e3o.<\/a><\/p>\n<hr \/>\n<p>&nbsp;<\/p>\n<p><span style=\"font-size: 14pt\"><strong>2004<\/strong><\/span><\/p>\n<p><a href=\"https:\/\/wp.ufpel.edu.br\/nimeq\/publicacoes\/revistas\/efeito-pressao-interna-eficiencia-tracao-tecnologica\">Efeito da varia\u00e7\u00e3o da press\u00e3o interna dos pneus na efici\u00eancia de tra\u00e7\u00e3o de um trator 4\u00d72<\/a><\/p>\n<hr \/>\n<p><a href=\"http:\/\/www2.ufpel.edu.br\/faem\/agrociencia\/v11n4\/artigo15.pdf\">Influ\u00eancia da press\u00e3o de infla\u00e7\u00e3o do pneu do trator na resist\u00eancia do solo a penetra\u00e7\u00e3o<\/a><\/p>\n<hr \/>\n<p>&nbsp;<\/p>\n<p><span style=\"font-size: 14pt\"><strong>2003<\/strong><\/span><\/p>\n<p><a href=\"https:\/\/wp.ufpel.edu.br\/nimeq\/publicacoes\/revistas\/artigo_sbai-2003-2\/\">Aplica\u00e7\u00e3o de um filtro digital implementado em microcontrolador para sensoreamento \u00f3ptico.\u00a0<\/a><\/p>\n<hr \/>\n<p>&nbsp;<\/p>\n<p><span style=\"font-size: 14pt\"><strong>2002<\/strong><\/span><\/p>\n<p><a href=\"https:\/\/wp.ufpel.edu.br\/nimeq\/publicacoes\/revistas\/rea-selmateriais\/\">Sele\u00e7\u00e3o de materiais para ponteiras de escarificadores.<\/a><\/p>\n<hr \/>\n<p><a href=\"http:\/\/www.scielo.br\/scielo.php?pid=S0103-84782002000600009&amp;script=sci_arttext\">Functional Analysis in the Evaluation of Four Concepts of Planters.<\/a><\/p>\n<hr \/>\n<p><a href=\"https:\/\/wp.ufpel.edu.br\/nimeq\/publicacoes\/revistas\/artplatrecolhedoratecnologica\/\">Perdas na colheita mecanizada de arroz: um comparativo entre dois tipos de plataforma<\/a><\/p>\n<hr \/>\n<p><a href=\"https:\/\/wp.ufpel.edu.br\/nimeq\/publicacoes\/revistas\/tecno-logica-v-6-n2-p-91-104\/\">An\u00e1lise da precis\u00e3o funcional da semeadora<\/a><\/p>\n<hr \/>\n<p><a href=\"http:\/\/www.agrolink.com.br\/downloads\/87493.pdf\">Introdu\u00e7\u00e3o a agricultura de precis\u00e3o: conceitos <\/a><a href=\"http:\/\/www.agrolink.com.br\/downloads\/87493.pdf\">e vantagens<\/a><\/p>\n<hr \/>\n<p>&nbsp;<\/p>\n<p><span style=\"font-size: 14pt\"><strong>2001<\/strong><\/span><\/p>\n<p><a href=\"http:\/\/www2.ufpel.edu.br\/faem\/agrociencia\/v6n3\/artigo16.pdf\">Patinamento de pneus diagonais de um trator 4\u00d72, em fun\u00e7\u00e3o da varia\u00e7\u00e3o das press\u00f5es internas e cargas na barra de tra\u00e7\u00e3o<\/a><\/p>\n<hr \/>\n<p>&nbsp;<\/p>\n<p><span style=\"font-size: 14pt\"><strong>2000<\/strong><\/span><\/p>\n<p><a href=\"http:\/\/periodicos.ufpel.edu.br\/ojs2\/index.php\/CAST\/article\/viewFile\/308\/303\">Influ\u00eancia da press\u00e3o interna em pneus diagonais na for\u00e7a de tra\u00e7\u00e3o de um trator 4\u00d72 em duas condi\u00e7\u00f5es de superf\u00edcie<\/a><\/p>\n<hr \/>\n<p><a href=\"http:\/\/www.scielo.br\/pdf\/cr\/v30n6\/a10v30n6.pdf\">Rela\u00e7\u00e3o cinem\u00e1tica em um trator 4\u00d72 com tra\u00e7\u00e3o dianteira auxiliar equipado com pneus radiais na efici\u00eancia de tra\u00e7\u00e3o<\/a><\/p>\n<hr \/>\n<p><a href=\"http:\/\/coral.ufsm.br\/rba\/p31182.html\">Mudan\u00e7as clim\u00e1ticas projetadas atrav\u00e9s dos modelos GISS e reflexos na produ\u00e7\u00e3o agr\u00edcola brasileira<\/a><\/p>\n<hr \/>\n<p>&nbsp;<\/p>\n<p><span style=\"font-size: 14pt\"><strong>1997<\/strong><\/span><\/p>\n<p><a href=\"https:\/\/wp.ufpel.edu.br\/nimeq\/publicacoes\/revistas\/efeitodaescarificacao97\/\">Efeito da escarifica\u00e7\u00e3o sobre alguns par\u00e2metros f\u00edsicos de um planossolo.<\/a><\/p>\n<hr \/>\n<p>&nbsp;<\/p>\n<p><span style=\"font-size: 14pt\"><strong>1996<\/strong><\/span><\/p>\n<p><a href=\"http:\/\/www2.ufpel.edu.br\/faem\/agrociencia\/v2n3\/artigo08.pdf\">Estudo de par\u00e2metros f\u00edsicos em solos de v\u00e1rzea antes e ap\u00f3s escarifica\u00e7\u00e3o.<\/a><\/p>\n<hr \/>\n<p><a href=\"http:\/\/www2.ufpel.edu.br\/faem\/agrociencia\/v2n3\/artigo03.pdf\">Avalia\u00e7\u00e3o do desempenho de escarificador em planossolo<\/a><\/p>\n<hr \/>\n<p>&nbsp;<\/p>\n<p><span style=\"font-size: 14pt\"><strong>1995<\/strong><\/span><\/p>\n<p><a href=\"http:\/\/periodicos.ufpel.edu.br\/ojs2\/index.php\/CAST\/article\/view\/111\">An\u00e1lise espectral das for\u00e7as no sistema de engate de tr\u00eas pontos do trator agr\u00edcola.<\/a><\/p>\n<hr \/>\n<p>&nbsp;<\/p>\n<p><span style=\"font-size: 14pt\"><strong>1994<\/strong><\/span><\/p>\n<p><a href=\"https:\/\/wp.ufpel.edu.br\/nimeq\/publicacoes\/revistas\/taxa-de-amostragem94\/\">Influ\u00eancia da taxa de amostragem na m\u00e9dia do sinal observado em transdutor de for\u00e7a em opera\u00e7\u00e3o de escarifica\u00e7\u00e3o do solo.<\/a><\/p>\n<hr \/>\n<p>&nbsp;<\/p>\n<p><span style=\"font-size: 14pt\"><strong>1993<\/strong><\/span><\/p>\n<p><a href=\"http:\/\/www.bibliotecadigital.unicamp.br\/document\/?code=vtls000076377\">Sistemas de engate de tr\u00eas pontos: uma revis\u00e3o<\/a><\/p>\n<p>&nbsp;<\/p>\n<p>&nbsp;<\/p>\n<p>&nbsp;<\/p>\n","protected":false},"excerpt":{"rendered":"<p>Artigos Publicados &nbsp; 2021 Computational tool for selection and ranking of pull-type forage harvesters Mapeamento cognitivo sobre ergonomia e seguran\u00e7a em tratores agr\u00edcolas utilizados na agricultura familiar&hellip; <span class=\"read-more\"><a class=\"more-link\" href=\"https:\/\/wp.ufpel.edu.br\/nimeq\/publicacoes\/revistas\/\" rel=\"bookmark\">Leia Mais <span class=\"screen-reader-text\">&#8220;Peri\u00f3dicos&#8221;<\/span><\/a><\/span><\/p>\n","protected":false},"author":111,"featured_media":0,"parent":9,"menu_order":0,"comment_status":"closed","ping_status":"closed","template":"","meta":{"footnotes":""},"class_list":["post-62","page","type-page","status-publish","hentry"],"publishpress_future_action":{"enabled":false,"date":"2026-04-23 01:53:12","action":"change-status","newStatus":"draft","terms":[],"taxonomy":"","extraData":[]},"publishpress_future_workflow_manual_trigger":{"enabledWorkflows":[]},"_links":{"self":[{"href":"https:\/\/wp.ufpel.edu.br\/nimeq\/wp-json\/wp\/v2\/pages\/62","targetHints":{"allow":["GET"]}}],"collection":[{"href":"https:\/\/wp.ufpel.edu.br\/nimeq\/wp-json\/wp\/v2\/pages"}],"about":[{"href":"https:\/\/wp.ufpel.edu.br\/nimeq\/wp-json\/wp\/v2\/types\/page"}],"author":[{"embeddable":true,"href":"https:\/\/wp.ufpel.edu.br\/nimeq\/wp-json\/wp\/v2\/users\/111"}],"replies":[{"embeddable":true,"href":"https:\/\/wp.ufpel.edu.br\/nimeq\/wp-json\/wp\/v2\/comments?post=62"}],"version-history":[{"count":72,"href":"https:\/\/wp.ufpel.edu.br\/nimeq\/wp-json\/wp\/v2\/pages\/62\/revisions"}],"predecessor-version":[{"id":2122,"href":"https:\/\/wp.ufpel.edu.br\/nimeq\/wp-json\/wp\/v2\/pages\/62\/revisions\/2122"}],"up":[{"embeddable":true,"href":"https:\/\/wp.ufpel.edu.br\/nimeq\/wp-json\/wp\/v2\/pages\/9"}],"wp:attachment":[{"href":"https:\/\/wp.ufpel.edu.br\/nimeq\/wp-json\/wp\/v2\/media?parent=62"}],"curies":[{"name":"wp","href":"https:\/\/api.w.org\/{rel}","templated":true}]}}