{"id":25,"date":"2011-04-29T16:15:54","date_gmt":"2011-04-29T19:15:54","guid":{"rendered":"https:\/\/wp.ufpel.edu.br\/maquinasagricolas\/"},"modified":"2020-08-07T23:37:22","modified_gmt":"2020-08-08T02:37:22","slug":"biblioteca","status":"publish","type":"page","link":"https:\/\/wp.ufpel.edu.br\/nimeq\/publicacoes\/biblioteca\/","title":{"rendered":"Livros"},"content":{"rendered":"<p><a href=\"https:\/\/wp.ufpel.edu.br\/nimeq\/files\/2020\/08\/capa-livro-maquinas-para-silagem.jpg\"><img loading=\"lazy\" decoding=\"async\" class=\"size-medium wp-image-1937 alignleft\" src=\"https:\/\/wp.ufpel.edu.br\/nimeq\/files\/2020\/08\/capa-livro-maquinas-para-silagem-400x280.jpg\" alt=\"\" width=\"400\" height=\"280\" srcset=\"https:\/\/wp.ufpel.edu.br\/nimeq\/files\/2020\/08\/capa-livro-maquinas-para-silagem-400x280.jpg 400w, https:\/\/wp.ufpel.edu.br\/nimeq\/files\/2020\/08\/capa-livro-maquinas-para-silagem-768x538.jpg 768w, https:\/\/wp.ufpel.edu.br\/nimeq\/files\/2020\/08\/capa-livro-maquinas-para-silagem-286x200.jpg 286w, https:\/\/wp.ufpel.edu.br\/nimeq\/files\/2020\/08\/capa-livro-maquinas-para-silagem.jpg 1001w\" sizes=\"auto, (max-width: 400px) 100vw, 400px\" \/> <\/a><\/p>\n<p>&nbsp;<\/p>\n<p style=\"text-align: center\"><strong><span style=\"text-align: right\">M\u00e1quinas Para Silagem<\/span><\/strong><\/p>\n<p style=\"text-align: left\">O livro pode ser adquirido atrav\u00e9s do link: <a href=\"https:\/\/www.amazon.com.br\/dp\/B08D5MS2LH\">https:\/\/www.amazon.com.br\/dp\/B08D5MS2LH<\/a><\/p>\n<p style=\"text-align: justify\">Para mais informa\u00e7\u00f5es contate pelo e-mail <a href=\"mailto:maurof@ufpel.edu.br\" target=\"_blank\" rel=\"noopener noreferrer\" data-auth=\"NotApplicable\">maurof@ufpel.edu.br<\/a>.<\/p>\n<p>&nbsp;<\/p>\n<p>&nbsp;<\/p>\n<p>&nbsp;<\/p>\n<p>&nbsp;<\/p>\n<hr \/>\n<p style=\"text-align: center\"><a href=\"https:\/\/wp.ufpel.edu.br\/nimeq\/files\/2019\/07\/capture-20190702-211007.png\"><img loading=\"lazy\" decoding=\"async\" class=\" wp-image-1707 alignleft\" src=\"https:\/\/wp.ufpel.edu.br\/nimeq\/files\/2019\/07\/capture-20190702-211007-400x275.png\" alt=\"\" width=\"410\" height=\"282\" srcset=\"https:\/\/wp.ufpel.edu.br\/nimeq\/files\/2019\/07\/capture-20190702-211007-400x275.png 400w, https:\/\/wp.ufpel.edu.br\/nimeq\/files\/2019\/07\/capture-20190702-211007-768x528.png 768w, https:\/\/wp.ufpel.edu.br\/nimeq\/files\/2019\/07\/capture-20190702-211007-291x200.png 291w, https:\/\/wp.ufpel.edu.br\/nimeq\/files\/2019\/07\/capture-20190702-211007.png 846w\" sizes=\"auto, (max-width: 410px) 100vw, 410px\" \/><\/a><\/p>\n<p style=\"text-align: center\"><strong><span style=\"text-align: right\">Motores, Tratores, Combust\u00edveis e Lubrificantes.\u00a0<\/span><\/strong><\/p>\n<p style=\"text-align: left\">O livro pode ser adquirido diretamente com os autores.<\/p>\n<p style=\"text-align: left\">Para mais informa\u00e7\u00f5es contate pelo e-mail areis@ufpel.edu.br ou pelo telefone 53 3275-7126.<\/p>\n<p>Dispon\u00edvel para venda: <a href=\"https:\/\/www.amazon.com.br\/dp\/B08DC1Z52X\">https:\/\/www.amazon.com.br\/dp\/B08DC1Z52X<\/a><\/p>\n<p>&nbsp;<\/p>\n<p>&nbsp;<\/p>\n<p>&nbsp;<\/p>\n<p>&nbsp;<\/p>\n<hr \/>\n<p><a href=\"https:\/\/wp.ufpel.edu.br\/nimeq\/files\/2019\/06\/Capa-Materiais-tecnicas-1-com-abas.png\"><img loading=\"lazy\" decoding=\"async\" class=\" wp-image-1700 alignleft\" src=\"https:\/\/wp.ufpel.edu.br\/nimeq\/files\/2019\/06\/Capa-Materiais-tecnicas-1-com-abas-400x212.png\" alt=\"\" width=\"447\" height=\"238\" srcset=\"https:\/\/wp.ufpel.edu.br\/nimeq\/files\/2019\/06\/Capa-Materiais-tecnicas-1-com-abas-400x212.png 400w, https:\/\/wp.ufpel.edu.br\/nimeq\/files\/2019\/06\/Capa-Materiais-tecnicas-1-com-abas-768x407.png 768w, https:\/\/wp.ufpel.edu.br\/nimeq\/files\/2019\/06\/Capa-Materiais-tecnicas-1-com-abas-1024x543.png 1024w, https:\/\/wp.ufpel.edu.br\/nimeq\/files\/2019\/06\/Capa-Materiais-tecnicas-1-com-abas-377x200.png 377w\" sizes=\"auto, (max-width: 447px) 100vw, 447px\" \/><\/a><\/p>\n<p style=\"text-align: center\"><strong>\u00a0 Materiais, T\u00e9cnicas e Projeto de Constru\u00e7\u00f5es Rurais\u00a0<\/strong><\/p>\n<p style=\"text-align: justify\">Informa\u00e7\u00f5es para contatar o autor do livro:<\/p>\n<p>Prof. DR. Mauro Fernando Ferreira\u00a0 \u00a0 \u00a0 \u00a0 \u00a0 \u00a0 \u00a0 \u00a0 \u00a0<span style=\"text-align: justify\">DER\/FAEM\/UFPel<\/span><\/p>\n<p>Telefones de contato: (53)32757126<\/p>\n<p>Endere\u00e7os eletr\u00f4nicos:\u00a0<a href=\"mailto:maurof@ufpel.edu.br\" target=\"_blank\" rel=\"noopener noreferrer\" data-auth=\"NotApplicable\">maurof@ufpel.edu.br<\/a>\u00a0ou\u00a0<a href=\"mailto:maurofernandoferreira@gmail.com\" target=\"_blank\" rel=\"noopener noreferrer\" data-auth=\"NotApplicable\">maurofernandoferreira@gmail.com<\/a><\/p>\n<p>Dispon\u00edvel para venda:<a href=\"https:\/\/www.amazon.com.br\/dp\/B08D7Z45SD\"> https:\/\/www.amazon.com.br\/dp\/B08D7Z45SD<\/a><\/p>\n<p>&nbsp;<\/p>\n<hr \/>\n<p style=\"text-align: center\"><a href=\"https:\/\/www.nea-edicoes.com\/catalog\/details\/\/store\/pt\/book\/978-3-639-69839-8\/semeadora-puncionadora-de-tra%C3%A7%C3%A3o-humana\"><img loading=\"lazy\" decoding=\"async\" class=\"wp-image-991 alignleft\" src=\"https:\/\/wp.ufpel.edu.br\/nimeq\/files\/2011\/04\/Capa-livro-Stefanello-1.png\" alt=\"Capa livro Stefanello (1)\" width=\"343\" height=\"230\" \/><\/a><\/p>\n<p>&nbsp;<\/p>\n<p style=\"text-align: center\"><strong><a href=\"https:\/\/www.nea-edicoes.com\/catalog\/details\/\/store\/pt\/book\/978-3-639-69839-8\/semeadora-puncionadora-de-tra%C3%A7%C3%A3o-humana\">Semeadora puncionadora de tra\u00e7\u00e3o humana:<\/a><\/strong><\/p>\n<p style=\"text-align: center\"><a href=\"https:\/\/www.nea-edicoes.com\/catalog\/details\/\/store\/pt\/book\/978-3-639-69839-8\/semeadora-puncionadora-de-tra%C3%A7%C3%A3o-humana\"><strong>Fases de projeto informacional e conceitual<\/strong><\/a><\/p>\n<p>&nbsp;<\/p>\n<p>&nbsp;<\/p>\n<p>&nbsp;<\/p>\n<p>&nbsp;<\/p>\n<hr \/>\n<p><a href=\"https:\/\/wp.ufpel.edu.br\/nimeq\/files\/2011\/04\/CartilhaAgricultoresInternet.pdf\"><img loading=\"lazy\" decoding=\"async\" class=\"wp-image-681 alignleft\" src=\"https:\/\/wp.ufpel.edu.br\/nimeq\/files\/2011\/04\/Capa-acidentes-m\u00e1quinas-agric-Angelo.jpg\" alt=\"Capa acidentes m\u00e1quinas agric Angelo\" width=\"344\" height=\"236\" \/><\/a><\/p>\n<p>&nbsp;<\/p>\n<p style=\"text-align: center\"><strong><a href=\"https:\/\/wp.ufpel.edu.br\/nimeq\/files\/2011\/04\/CartilhaAgricultoresInternet.pdf\">Acidentes com m\u00e1quinas agr\u00edcolas: <\/a><\/strong><\/p>\n<p style=\"text-align: center\"><strong><a href=\"https:\/\/wp.ufpel.edu.br\/nimeq\/files\/2011\/04\/CartilhaAgricultoresInternet.pdf\">Cartilha para Agricultores\u00a0<\/a><\/strong><\/p>\n<p>&nbsp;<\/p>\n<p>&nbsp;<\/p>\n<p>&nbsp;<\/p>\n<p>&nbsp;<\/p>\n<hr \/>\n<p style=\"text-align: center\"><a href=\"https:\/\/wp.ufpel.edu.br\/nimeq\/files\/2011\/04\/LivroSeguran%C3%A7aInternet.pdf\"><img loading=\"lazy\" decoding=\"async\" class=\"wp-image-687 alignleft\" src=\"https:\/\/wp.ufpel.edu.br\/nimeq\/files\/2011\/04\/Capa-Acidentes-c-m\u00e1quinas-Agricolas.jpg\" alt=\"Capa Acidentes c m\u00e1quinas Agricolas\" width=\"346\" height=\"237\" \/><\/a><\/p>\n<p style=\"text-align: center\"><strong><a href=\"https:\/\/wp.ufpel.edu.br\/nimeq\/files\/2011\/04\/LivroSeguran%C3%A7aInternet.pdf\">Acidentes com m\u00e1quinas agr\u00edcolas:<\/a><\/strong><\/p>\n<p style=\"text-align: center\"><strong><a href=\"https:\/\/wp.ufpel.edu.br\/nimeq\/files\/2011\/04\/LivroSeguran%C3%A7aInternet.pdf\">Texto de referencia para t\u00e9cnicos e extensionistas<\/a><\/strong><\/p>\n<p>&nbsp;<\/p>\n<p>&nbsp;<\/p>\n<p>&nbsp;<\/p>\n<p>&nbsp;<\/p>\n<p>&nbsp;<\/p>\n<hr \/>\n<p>&nbsp;<\/p>\n<p style=\"text-align: center\"><a href=\"http:\/\/www.infoteca.cnptia.embrapa.br\/handle\/doc\/1023306\"><img loading=\"lazy\" decoding=\"async\" class=\" wp-image-1126 alignleft\" src=\"https:\/\/wp.ufpel.edu.br\/nimeq\/files\/2011\/04\/Capa-maquinas-agricultores-familiares222.jpg\" alt=\"Capa maquinas agricultores familiares222\" width=\"276\" height=\"392\" srcset=\"https:\/\/wp.ufpel.edu.br\/nimeq\/files\/2011\/04\/Capa-maquinas-agricultores-familiares222.jpg 316w, https:\/\/wp.ufpel.edu.br\/nimeq\/files\/2011\/04\/Capa-maquinas-agricultores-familiares222-112x159.jpg 112w, https:\/\/wp.ufpel.edu.br\/nimeq\/files\/2011\/04\/Capa-maquinas-agricultores-familiares222-224x318.jpg 224w\" sizes=\"auto, (max-width: 276px) 100vw, 276px\" \/><\/a><\/p>\n<p style=\"text-align: center\"><strong><a href=\"http:\/\/www.infoteca.cnptia.embrapa.br\/handle\/doc\/1023306\">M\u00e1quinas para agricultores familiares: ideias, inova\u00e7\u00f5es e cria\u00e7\u00f5es apresentadas na 3\u00aa Mostra de M\u00e1quinas e inventos<\/a><\/strong><\/p>\n<p>&nbsp;<\/p>\n<p>&nbsp;<\/p>\n<p>&nbsp;<\/p>\n<p>&nbsp;<\/p>\n<p>&nbsp;<\/p>\n<p>&nbsp;<\/p>\n<p>&nbsp;<\/p>\n<p>&nbsp;<\/p>\n<p>&nbsp;<\/p>\n<hr \/>\n<p style=\"text-align: center\"><a href=\"https:\/\/wp.ufpel.edu.br\/nimeq\/files\/2011\/04\/Capa-Tratores-Agr-Fam-.jpg\"><img loading=\"lazy\" decoding=\"async\" class=\"wp-image-1142 alignleft\" src=\"https:\/\/wp.ufpel.edu.br\/nimeq\/files\/2011\/04\/Capa-Tratores-Agr-Fam-.jpg\" alt=\"Capa Tratores Agr Fam\" width=\"443\" height=\"228\" srcset=\"https:\/\/wp.ufpel.edu.br\/nimeq\/files\/2011\/04\/Capa-Tratores-Agr-Fam-.jpg 4937w, https:\/\/wp.ufpel.edu.br\/nimeq\/files\/2011\/04\/Capa-Tratores-Agr-Fam--212x109.jpg 212w, https:\/\/wp.ufpel.edu.br\/nimeq\/files\/2011\/04\/Capa-Tratores-Agr-Fam--424x218.jpg 424w\" sizes=\"auto, (max-width: 443px) 100vw, 443px\" \/><strong>Tratores para agricultura familiar:<\/strong><\/a><\/p>\n<p style=\"text-align: center\"><strong>Guia de refer\u00eancia<\/strong><\/p>\n","protected":false},"excerpt":{"rendered":"<p>&nbsp; M\u00e1quinas Para Silagem O livro pode ser adquirido atrav\u00e9s do link: https:\/\/www.amazon.com.br\/dp\/B08D5MS2LH Para mais informa\u00e7\u00f5es contate pelo e-mail maurof@ufpel.edu.br. &nbsp; &nbsp; &nbsp; &nbsp; Motores, Tratores, Combust\u00edveis&hellip; <span class=\"read-more\"><a class=\"more-link\" href=\"https:\/\/wp.ufpel.edu.br\/nimeq\/publicacoes\/biblioteca\/\" rel=\"bookmark\">Leia Mais <span class=\"screen-reader-text\">&#8220;Livros&#8221;<\/span><\/a><\/span><\/p>\n","protected":false},"author":111,"featured_media":0,"parent":9,"menu_order":0,"comment_status":"closed","ping_status":"closed","template":"","meta":{"footnotes":""},"class_list":["post-25","page","type-page","status-publish","hentry"],"publishpress_future_action":{"enabled":false,"date":"2026-04-12 15:25:20","action":"change-status","newStatus":"draft","terms":[],"taxonomy":"","extraData":[]},"publishpress_future_workflow_manual_trigger":{"enabledWorkflows":[]},"_links":{"self":[{"href":"https:\/\/wp.ufpel.edu.br\/nimeq\/wp-json\/wp\/v2\/pages\/25","targetHints":{"allow":["GET"]}}],"collection":[{"href":"https:\/\/wp.ufpel.edu.br\/nimeq\/wp-json\/wp\/v2\/pages"}],"about":[{"href":"https:\/\/wp.ufpel.edu.br\/nimeq\/wp-json\/wp\/v2\/types\/page"}],"author":[{"embeddable":true,"href":"https:\/\/wp.ufpel.edu.br\/nimeq\/wp-json\/wp\/v2\/users\/111"}],"replies":[{"embeddable":true,"href":"https:\/\/wp.ufpel.edu.br\/nimeq\/wp-json\/wp\/v2\/comments?post=25"}],"version-history":[{"count":83,"href":"https:\/\/wp.ufpel.edu.br\/nimeq\/wp-json\/wp\/v2\/pages\/25\/revisions"}],"predecessor-version":[{"id":1939,"href":"https:\/\/wp.ufpel.edu.br\/nimeq\/wp-json\/wp\/v2\/pages\/25\/revisions\/1939"}],"up":[{"embeddable":true,"href":"https:\/\/wp.ufpel.edu.br\/nimeq\/wp-json\/wp\/v2\/pages\/9"}],"wp:attachment":[{"href":"https:\/\/wp.ufpel.edu.br\/nimeq\/wp-json\/wp\/v2\/media?parent=25"}],"curies":[{"name":"wp","href":"https:\/\/api.w.org\/{rel}","templated":true}]}}