{"id":66,"date":"2022-06-29T14:37:32","date_gmt":"2022-06-29T17:37:32","guid":{"rendered":"https:\/\/wp.ufpel.edu.br\/ngc\/?page_id=66"},"modified":"2022-06-29T14:38:51","modified_gmt":"2022-06-29T17:38:51","slug":"igg","status":"publish","type":"page","link":"https:\/\/wp.ufpel.edu.br\/ngc\/governanca\/indicadores-de-governanca-e-gestao\/igg\/","title":{"rendered":"iGG"},"content":{"rendered":"<p style=\"text-align: justify;\"><span style=\"font-weight: 400;\">O Tribunal de Contas da Uni\u00e3o (TCU) vem realizando, sistematicamente, seu Levantamento Integrado de Governan\u00e7a Organizacional P\u00fablica &#8211; IGG, que consiste em levantamentos para conhecer melhor a situa\u00e7\u00e3o da governan\u00e7a no setor p\u00fablico e estimular as organiza\u00e7\u00f5es p\u00fablicas a adotarem boas pr\u00e1ticas de governan\u00e7a. As organiza\u00e7\u00f5es p\u00fablicas brasileiras participam respondendo ao TCU um question\u00e1rio (IGG) sobre os seguintes temas: a) Lideran\u00e7a; b) Estrat\u00e9gia; c) Accountabillity; d) Gest\u00e3o de Pessoas; e) Tecnologia da Informa\u00e7\u00e3o; f) Contrata\u00e7\u00f5es; e g) Resultados Final\u00edsticos.<\/span><\/p>\n<p style=\"text-align: justify;\"><span style=\"font-weight: 400;\">No ano de 2020, em virtude dos reflexos da pandemia da doen\u00e7a causada pelo novo coronav\u00edrus (COVID-19), o IGG, a respeito das rotinas administrativas das organiza\u00e7\u00f5es p\u00fablicas federais, planejado para maio de 2020, foi adiado para o ano de 2021.<\/span><\/p>\n<p style=\"text-align: justify;\"><span style=\"font-weight: 400;\">Nesse contexto, em uma a\u00e7\u00e3o articulada pelo N\u00facleo de Governan\u00e7a e Controle, as respostas relativas ao levantamento de 2021 foram constru\u00eddas com a participa\u00e7\u00e3o de representantes da gest\u00e3o nas diversas \u00e1reas afins.<\/span><\/p>\n<p style=\"text-align: justify;\"><span style=\"font-weight: 400;\">Refletindo a movimenta\u00e7\u00e3o que a UFPel vem realizando com vistas a aperfei\u00e7oar os mecanismos de governan\u00e7a na Institui\u00e7\u00e3o, n\u00e3o obstante esta se encontrar em est\u00e1gio de capacidade intermedi\u00e1rio em governan\u00e7a e gest\u00e3o, os resultados individuais do IGG de 2021 demonstram seu aprimoramento em in\u00fameros pontos, tais como o estabelecimento do modelo de governan\u00e7a, de sua estrutura interna, bem como do modelo de gest\u00e3o dos processos final\u00edsticos e de tecnologia da informa\u00e7\u00e3o. Ademais, merecem ser destacados os resultados que indicam o aprimoramento da UFPel quanto \u00e0 sua capacidade de promo\u00e7\u00e3o da transpar\u00eancia, de gerir o desempenho dos colaboradores e gestores, bem como em realizar planejamento de TI e definir pol\u00edticas de responsabilidades para a gest\u00e3o de TI.<\/span><\/p>\n<p style=\"text-align: justify;\"><span style=\"font-weight: 400;\">Por fim, para maiores\u00a0 informa\u00e7\u00f5es a respeito dos resultados obtidos pela UFPel no referido Levantamento, recomenda-se o acesso ao Relat\u00f3rio individual da autoavalia\u00e7\u00e3o, dispon\u00edvel atrav\u00e9s do endere\u00e7o eletr\u00f4nico &lt;<\/span><a href=\"https:\/\/www.tcu.gov.br\/igg2021\/iGG2021%20-%20203%20-%20UFPel.pdf\"><span style=\"font-weight: 400;\">https:\/\/www.tcu.gov.br\/igg2021\/iGG2021%20-%20203%20-%20UFPel.pdf<\/span><\/a><span style=\"font-weight: 400;\">&gt;.<\/span><\/p>\n","protected":false},"excerpt":{"rendered":"<p>O Tribunal de Contas da Uni\u00e3o (TCU) vem realizando, sistematicamente, seu Levantamento Integrado de Governan\u00e7a Organizacional P\u00fablica &#8211; IGG, que consiste em levantamentos para conhecer melhor a situa\u00e7\u00e3o da governan\u00e7a no setor p\u00fablico e estimular as organiza\u00e7\u00f5es p\u00fablicas a adotarem boas pr\u00e1ticas de governan\u00e7a. As organiza\u00e7\u00f5es p\u00fablicas brasileiras participam respondendo ao TCU um question\u00e1rio (IGG) [&hellip;]<\/p>\n","protected":false},"author":1242,"featured_media":0,"parent":63,"menu_order":1,"comment_status":"closed","ping_status":"closed","template":"","meta":{"footnotes":""},"class_list":["post-66","page","type-page","status-publish","hentry","post"],"yoast_head":"<!-- This site is optimized with the Yoast SEO plugin v26.7 - https:\/\/yoast.com\/wordpress\/plugins\/seo\/ -->\n<title>iGG - N\u00facleo de Governan\u00e7a e Controle - NGC<\/title>\n<meta name=\"robots\" content=\"index, follow, max-snippet:-1, max-image-preview:large, max-video-preview:-1\" \/>\n<link rel=\"canonical\" href=\"https:\/\/wp.ufpel.edu.br\/ngc\/governanca\/indicadores-de-governanca-e-gestao\/igg\/\" \/>\n<meta property=\"og:locale\" content=\"pt_BR\" \/>\n<meta property=\"og:type\" content=\"article\" \/>\n<meta property=\"og:title\" content=\"iGG - N\u00facleo de Governan\u00e7a e Controle - NGC\" \/>\n<meta property=\"og:description\" content=\"O Tribunal de Contas da Uni\u00e3o (TCU) vem realizando, sistematicamente, seu Levantamento Integrado de Governan\u00e7a Organizacional P\u00fablica &#8211; IGG, que consiste em levantamentos para conhecer melhor a situa\u00e7\u00e3o da governan\u00e7a no setor p\u00fablico e estimular as organiza\u00e7\u00f5es p\u00fablicas a adotarem boas pr\u00e1ticas de governan\u00e7a. As organiza\u00e7\u00f5es p\u00fablicas brasileiras participam respondendo ao TCU um question\u00e1rio (IGG) [&hellip;]\" \/>\n<meta property=\"og:url\" content=\"https:\/\/wp.ufpel.edu.br\/ngc\/governanca\/indicadores-de-governanca-e-gestao\/igg\/\" \/>\n<meta property=\"og:site_name\" content=\"N\u00facleo de Governan\u00e7a e Controle - NGC\" \/>\n<meta property=\"article:modified_time\" content=\"2022-06-29T17:38:51+00:00\" \/>\n<meta name=\"twitter:card\" content=\"summary_large_image\" \/>\n<meta name=\"twitter:label1\" content=\"Est. tempo de leitura\" \/>\n\t<meta name=\"twitter:data1\" content=\"2 minutos\" \/>\n<script type=\"application\/ld+json\" class=\"yoast-schema-graph\">{\"@context\":\"https:\/\/schema.org\",\"@graph\":[{\"@type\":\"WebPage\",\"@id\":\"https:\/\/wp.ufpel.edu.br\/ngc\/governanca\/indicadores-de-governanca-e-gestao\/igg\/\",\"url\":\"https:\/\/wp.ufpel.edu.br\/ngc\/governanca\/indicadores-de-governanca-e-gestao\/igg\/\",\"name\":\"iGG - N\u00facleo de Governan\u00e7a e Controle - NGC\",\"isPartOf\":{\"@id\":\"https:\/\/wp.ufpel.edu.br\/ngc\/#website\"},\"datePublished\":\"2022-06-29T17:37:32+00:00\",\"dateModified\":\"2022-06-29T17:38:51+00:00\",\"breadcrumb\":{\"@id\":\"https:\/\/wp.ufpel.edu.br\/ngc\/governanca\/indicadores-de-governanca-e-gestao\/igg\/#breadcrumb\"},\"inLanguage\":\"pt-BR\",\"potentialAction\":[{\"@type\":\"ReadAction\",\"target\":[\"https:\/\/wp.ufpel.edu.br\/ngc\/governanca\/indicadores-de-governanca-e-gestao\/igg\/\"]}]},{\"@type\":\"BreadcrumbList\",\"@id\":\"https:\/\/wp.ufpel.edu.br\/ngc\/governanca\/indicadores-de-governanca-e-gestao\/igg\/#breadcrumb\",\"itemListElement\":[{\"@type\":\"ListItem\",\"position\":1,\"name\":\"In\u00edcio\",\"item\":\"https:\/\/wp.ufpel.edu.br\/ngc\/\"},{\"@type\":\"ListItem\",\"position\":2,\"name\":\"Governan\u00e7a\",\"item\":\"https:\/\/wp.ufpel.edu.br\/ngc\/governanca\/\"},{\"@type\":\"ListItem\",\"position\":3,\"name\":\"Indicadores de Governan\u00e7a e Gest\u00e3o\",\"item\":\"https:\/\/wp.ufpel.edu.br\/ngc\/governanca\/indicadores-de-governanca-e-gestao\/\"},{\"@type\":\"ListItem\",\"position\":4,\"name\":\"iGG\"}]},{\"@type\":\"WebSite\",\"@id\":\"https:\/\/wp.ufpel.edu.br\/ngc\/#website\",\"url\":\"https:\/\/wp.ufpel.edu.br\/ngc\/\",\"name\":\"N\u00facleo de Governan\u00e7a e Controle - NGC\",\"description\":\"Universidade Federal de Pelotas\",\"publisher\":{\"@id\":\"https:\/\/wp.ufpel.edu.br\/ngc\/#organization\"},\"potentialAction\":[{\"@type\":\"SearchAction\",\"target\":{\"@type\":\"EntryPoint\",\"urlTemplate\":\"https:\/\/wp.ufpel.edu.br\/ngc\/?s={search_term_string}\"},\"query-input\":{\"@type\":\"PropertyValueSpecification\",\"valueRequired\":true,\"valueName\":\"search_term_string\"}}],\"inLanguage\":\"pt-BR\"},{\"@type\":\"Organization\",\"@id\":\"https:\/\/wp.ufpel.edu.br\/ngc\/#organization\",\"name\":\"N\u00facleo de Governan\u00e7a e Controle - NGC\",\"url\":\"https:\/\/wp.ufpel.edu.br\/ngc\/\",\"logo\":{\"@type\":\"ImageObject\",\"inLanguage\":\"pt-BR\",\"@id\":\"https:\/\/wp.ufpel.edu.br\/ngc\/#\/schema\/logo\/image\/\",\"url\":\"https:\/\/wp.ufpel.edu.br\/ngc\/files\/2023\/09\/cropped-Escudo-Colorido-UFPEL_10042014.png\",\"contentUrl\":\"https:\/\/wp.ufpel.edu.br\/ngc\/files\/2023\/09\/cropped-Escudo-Colorido-UFPEL_10042014.png\",\"width\":512,\"height\":512,\"caption\":\"N\u00facleo de Governan\u00e7a e Controle - NGC\"},\"image\":{\"@id\":\"https:\/\/wp.ufpel.edu.br\/ngc\/#\/schema\/logo\/image\/\"}}]}<\/script>\n<!-- \/ Yoast SEO plugin. -->","yoast_head_json":{"title":"iGG - N\u00facleo de Governan\u00e7a e Controle - NGC","robots":{"index":"index","follow":"follow","max-snippet":"max-snippet:-1","max-image-preview":"max-image-preview:large","max-video-preview":"max-video-preview:-1"},"canonical":"https:\/\/wp.ufpel.edu.br\/ngc\/governanca\/indicadores-de-governanca-e-gestao\/igg\/","og_locale":"pt_BR","og_type":"article","og_title":"iGG - N\u00facleo de Governan\u00e7a e Controle - NGC","og_description":"O Tribunal de Contas da Uni\u00e3o (TCU) vem realizando, sistematicamente, seu Levantamento Integrado de Governan\u00e7a Organizacional P\u00fablica &#8211; IGG, que consiste em levantamentos para conhecer melhor a situa\u00e7\u00e3o da governan\u00e7a no setor p\u00fablico e estimular as organiza\u00e7\u00f5es p\u00fablicas a adotarem boas pr\u00e1ticas de governan\u00e7a. As organiza\u00e7\u00f5es p\u00fablicas brasileiras participam respondendo ao TCU um question\u00e1rio (IGG) [&hellip;]","og_url":"https:\/\/wp.ufpel.edu.br\/ngc\/governanca\/indicadores-de-governanca-e-gestao\/igg\/","og_site_name":"N\u00facleo de Governan\u00e7a e Controle - NGC","article_modified_time":"2022-06-29T17:38:51+00:00","twitter_card":"summary_large_image","twitter_misc":{"Est. tempo de leitura":"2 minutos"},"schema":{"@context":"https:\/\/schema.org","@graph":[{"@type":"WebPage","@id":"https:\/\/wp.ufpel.edu.br\/ngc\/governanca\/indicadores-de-governanca-e-gestao\/igg\/","url":"https:\/\/wp.ufpel.edu.br\/ngc\/governanca\/indicadores-de-governanca-e-gestao\/igg\/","name":"iGG - N\u00facleo de Governan\u00e7a e Controle - NGC","isPartOf":{"@id":"https:\/\/wp.ufpel.edu.br\/ngc\/#website"},"datePublished":"2022-06-29T17:37:32+00:00","dateModified":"2022-06-29T17:38:51+00:00","breadcrumb":{"@id":"https:\/\/wp.ufpel.edu.br\/ngc\/governanca\/indicadores-de-governanca-e-gestao\/igg\/#breadcrumb"},"inLanguage":"pt-BR","potentialAction":[{"@type":"ReadAction","target":["https:\/\/wp.ufpel.edu.br\/ngc\/governanca\/indicadores-de-governanca-e-gestao\/igg\/"]}]},{"@type":"BreadcrumbList","@id":"https:\/\/wp.ufpel.edu.br\/ngc\/governanca\/indicadores-de-governanca-e-gestao\/igg\/#breadcrumb","itemListElement":[{"@type":"ListItem","position":1,"name":"In\u00edcio","item":"https:\/\/wp.ufpel.edu.br\/ngc\/"},{"@type":"ListItem","position":2,"name":"Governan\u00e7a","item":"https:\/\/wp.ufpel.edu.br\/ngc\/governanca\/"},{"@type":"ListItem","position":3,"name":"Indicadores de Governan\u00e7a e Gest\u00e3o","item":"https:\/\/wp.ufpel.edu.br\/ngc\/governanca\/indicadores-de-governanca-e-gestao\/"},{"@type":"ListItem","position":4,"name":"iGG"}]},{"@type":"WebSite","@id":"https:\/\/wp.ufpel.edu.br\/ngc\/#website","url":"https:\/\/wp.ufpel.edu.br\/ngc\/","name":"N\u00facleo de Governan\u00e7a e Controle - NGC","description":"Universidade Federal de Pelotas","publisher":{"@id":"https:\/\/wp.ufpel.edu.br\/ngc\/#organization"},"potentialAction":[{"@type":"SearchAction","target":{"@type":"EntryPoint","urlTemplate":"https:\/\/wp.ufpel.edu.br\/ngc\/?s={search_term_string}"},"query-input":{"@type":"PropertyValueSpecification","valueRequired":true,"valueName":"search_term_string"}}],"inLanguage":"pt-BR"},{"@type":"Organization","@id":"https:\/\/wp.ufpel.edu.br\/ngc\/#organization","name":"N\u00facleo de Governan\u00e7a e Controle - NGC","url":"https:\/\/wp.ufpel.edu.br\/ngc\/","logo":{"@type":"ImageObject","inLanguage":"pt-BR","@id":"https:\/\/wp.ufpel.edu.br\/ngc\/#\/schema\/logo\/image\/","url":"https:\/\/wp.ufpel.edu.br\/ngc\/files\/2023\/09\/cropped-Escudo-Colorido-UFPEL_10042014.png","contentUrl":"https:\/\/wp.ufpel.edu.br\/ngc\/files\/2023\/09\/cropped-Escudo-Colorido-UFPEL_10042014.png","width":512,"height":512,"caption":"N\u00facleo de Governan\u00e7a e Controle - NGC"},"image":{"@id":"https:\/\/wp.ufpel.edu.br\/ngc\/#\/schema\/logo\/image\/"}}]}},"_links":{"self":[{"href":"https:\/\/wp.ufpel.edu.br\/ngc\/wp-json\/wp\/v2\/pages\/66","targetHints":{"allow":["GET"]}}],"collection":[{"href":"https:\/\/wp.ufpel.edu.br\/ngc\/wp-json\/wp\/v2\/pages"}],"about":[{"href":"https:\/\/wp.ufpel.edu.br\/ngc\/wp-json\/wp\/v2\/types\/page"}],"author":[{"embeddable":true,"href":"https:\/\/wp.ufpel.edu.br\/ngc\/wp-json\/wp\/v2\/users\/1242"}],"replies":[{"embeddable":true,"href":"https:\/\/wp.ufpel.edu.br\/ngc\/wp-json\/wp\/v2\/comments?post=66"}],"version-history":[{"count":1,"href":"https:\/\/wp.ufpel.edu.br\/ngc\/wp-json\/wp\/v2\/pages\/66\/revisions"}],"predecessor-version":[{"id":68,"href":"https:\/\/wp.ufpel.edu.br\/ngc\/wp-json\/wp\/v2\/pages\/66\/revisions\/68"}],"up":[{"embeddable":true,"href":"https:\/\/wp.ufpel.edu.br\/ngc\/wp-json\/wp\/v2\/pages\/63"}],"wp:attachment":[{"href":"https:\/\/wp.ufpel.edu.br\/ngc\/wp-json\/wp\/v2\/media?parent=66"}],"curies":[{"name":"wp","href":"https:\/\/api.w.org\/{rel}","templated":true}]}}