{"id":255,"date":"2019-07-09T16:36:21","date_gmt":"2019-07-09T19:36:21","guid":{"rendered":"https:\/\/wp.ufpel.edu.br\/nez\/?page_id=255"},"modified":"2026-03-02T09:45:15","modified_gmt":"2026-03-02T12:45:15","slug":"seguro-obrigatorio","status":"publish","type":"page","link":"https:\/\/wp.ufpel.edu.br\/nez\/?page_id=255","title":{"rendered":"Contrata\u00e7\u00e3o do Seguro Obrig\u00e1torio"},"content":{"rendered":"<p style=\"text-align: justify;\">O Preenchimento do formul\u00e1rio abaixo \u00e9 indispens\u00e1vel para que a Universidade Federal de Pelotas realize a contrata\u00e7\u00e3o do seguro obrigat\u00f3rio de est\u00e1gio. Somente ap\u00f3s o preenchimento o colegiado ira proceder a contrata\u00e7\u00e3o do seguro, sem o qual n\u00e3o \u00e9 permitido a realiza\u00e7\u00e3o de Est\u00e1gio em nenhuma das suas modalidades.<\/p>\n<p style=\"text-align: justify;\"><b>ATEN\u00c7\u00c3O!<\/b><\/p>\n<p style=\"text-align: justify;\">De acordo com o Projeto Pedag\u00f3gico do Curso de Zootecnia:<br \/>\n<b><\/b><\/p>\n<ul>\n<li style=\"text-align: justify;\">O<b> Est\u00e1gio I:<\/b>\u00a0deve ser realizado com a\u00a0<b>obrigatoriedade de defesa em seis meses ap\u00f3s o encerramento<\/b> do mesmo. Por exemplo, quem realizar est\u00e1gio em 2026\/1, ter\u00e1 at\u00e9 o fina de 2026\/2 para defender.<\/li>\n<li style=\"text-align: justify;\">O<b> Est\u00e1gio II:<\/b>\u00a0deve, obrigatoriamente, ser\u00a0<b>defendido no mesmo semestre<\/b> da matr\u00edcula, ou seja, ao final de sua realiza\u00e7\u00e3o. Por exemplo, que sair para est\u00e1gio em 2026\/1, tem at\u00e9 o final do mesmo semestre para defender.<\/li>\n<\/ul>\n\n<!-- iframe plugin v.6.0 wordpress.org\/plugins\/iframe\/ -->\n<iframe loading=\"lazy\" src=\"https:\/\/docs.google.com\/forms\/d\/e\/1FAIpQLSc34Njf0J76uDexow1z7eVD3GWA3orDjuI-8wCnaLcvZ76eaQ\/viewform?embedded=true\" width=\"640\" height=\"1467\" frameborder=\"0\" marginheight=\"0\" marginwidth=\"0\" scrolling=\"yes\" class=\"iframe-class\"><\/iframe>\n\n","protected":false},"excerpt":{"rendered":"<p>O Preenchimento do formul\u00e1rio abaixo \u00e9 indispens\u00e1vel para que a Universidade Federal de Pelotas realize a contrata\u00e7\u00e3o do seguro obrigat\u00f3rio de est\u00e1gio. Somente ap\u00f3s o preenchimento o colegiado ira proceder a contrata\u00e7\u00e3o do seguro, sem o qual n\u00e3o \u00e9 permitido a realiza\u00e7\u00e3o de Est\u00e1gio em nenhuma das suas modalidades. ATEN\u00c7\u00c3O! De acordo com o Projeto<a class=\"more-link\" href=\"https:\/\/wp.ufpel.edu.br\/nez\/?page_id=255\">Continue reading <span class=\"screen-reader-text\">&#8220;Contrata\u00e7\u00e3o do Seguro Obrig\u00e1torio&#8221;<\/span><\/a><\/p>\n","protected":false},"author":870,"featured_media":0,"parent":0,"menu_order":0,"comment_status":"closed","ping_status":"closed","template":"","meta":{"footnotes":""},"class_list":["post-255","page","type-page","status-publish","hentry"],"yoast_head":"<!-- This site is optimized with the Yoast SEO plugin v26.7 - https:\/\/yoast.com\/wordpress\/plugins\/seo\/ -->\n<title>Contrata\u00e7\u00e3o do Seguro Obrig\u00e1torio - N\u00facleo de Est\u00e1gios em Zootecnia<\/title>\n<meta name=\"robots\" content=\"index, follow, max-snippet:-1, max-image-preview:large, max-video-preview:-1\" \/>\n<link rel=\"canonical\" href=\"https:\/\/wp.ufpel.edu.br\/nez\/?page_id=255\" \/>\n<meta property=\"og:locale\" content=\"pt_BR\" \/>\n<meta property=\"og:type\" content=\"article\" \/>\n<meta property=\"og:title\" content=\"Contrata\u00e7\u00e3o do Seguro Obrig\u00e1torio - N\u00facleo de Est\u00e1gios em Zootecnia\" \/>\n<meta property=\"og:description\" content=\"O Preenchimento do formul\u00e1rio abaixo \u00e9 indispens\u00e1vel para que a Universidade Federal de Pelotas realize a contrata\u00e7\u00e3o do seguro obrigat\u00f3rio de est\u00e1gio. Somente ap\u00f3s o preenchimento o colegiado ira proceder a contrata\u00e7\u00e3o do seguro, sem o qual n\u00e3o \u00e9 permitido a realiza\u00e7\u00e3o de Est\u00e1gio em nenhuma das suas modalidades. ATEN\u00c7\u00c3O! De acordo com o ProjetoContinue reading &quot;Contrata\u00e7\u00e3o do Seguro Obrig\u00e1torio&quot;\" \/>\n<meta property=\"og:url\" content=\"https:\/\/wp.ufpel.edu.br\/nez\/?page_id=255\" \/>\n<meta property=\"og:site_name\" content=\"N\u00facleo de Est\u00e1gios em Zootecnia\" \/>\n<meta property=\"article:modified_time\" content=\"2026-03-02T12:45:15+00:00\" \/>\n<meta name=\"twitter:card\" content=\"summary_large_image\" \/>\n<meta name=\"twitter:label1\" content=\"Est. tempo de leitura\" \/>\n\t<meta name=\"twitter:data1\" content=\"1 minuto\" \/>\n<script type=\"application\/ld+json\" class=\"yoast-schema-graph\">{\"@context\":\"https:\/\/schema.org\",\"@graph\":[{\"@type\":\"WebPage\",\"@id\":\"https:\/\/wp.ufpel.edu.br\/nez\/?page_id=255\",\"url\":\"https:\/\/wp.ufpel.edu.br\/nez\/?page_id=255\",\"name\":\"Contrata\u00e7\u00e3o do Seguro Obrig\u00e1torio - N\u00facleo de Est\u00e1gios em Zootecnia\",\"isPartOf\":{\"@id\":\"https:\/\/wp.ufpel.edu.br\/nez\/#website\"},\"datePublished\":\"2019-07-09T19:36:21+00:00\",\"dateModified\":\"2026-03-02T12:45:15+00:00\",\"breadcrumb\":{\"@id\":\"https:\/\/wp.ufpel.edu.br\/nez\/?page_id=255#breadcrumb\"},\"inLanguage\":\"pt-BR\",\"potentialAction\":[{\"@type\":\"ReadAction\",\"target\":[\"https:\/\/wp.ufpel.edu.br\/nez\/?page_id=255\"]}]},{\"@type\":\"BreadcrumbList\",\"@id\":\"https:\/\/wp.ufpel.edu.br\/nez\/?page_id=255#breadcrumb\",\"itemListElement\":[{\"@type\":\"ListItem\",\"position\":1,\"name\":\"In\u00edcio\",\"item\":\"https:\/\/wp.ufpel.edu.br\/nez\/\"},{\"@type\":\"ListItem\",\"position\":2,\"name\":\"Contrata\u00e7\u00e3o do Seguro Obrig\u00e1torio\"}]},{\"@type\":\"WebSite\",\"@id\":\"https:\/\/wp.ufpel.edu.br\/nez\/#website\",\"url\":\"https:\/\/wp.ufpel.edu.br\/nez\/\",\"name\":\"N\u00facleo de Est\u00e1gios em Zootecnia\",\"description\":\"Universidade Federal de Pelotas\",\"potentialAction\":[{\"@type\":\"SearchAction\",\"target\":{\"@type\":\"EntryPoint\",\"urlTemplate\":\"https:\/\/wp.ufpel.edu.br\/nez\/?s={search_term_string}\"},\"query-input\":{\"@type\":\"PropertyValueSpecification\",\"valueRequired\":true,\"valueName\":\"search_term_string\"}}],\"inLanguage\":\"pt-BR\"}]}<\/script>\n<!-- \/ Yoast SEO plugin. -->","yoast_head_json":{"title":"Contrata\u00e7\u00e3o do Seguro Obrig\u00e1torio - N\u00facleo de Est\u00e1gios em Zootecnia","robots":{"index":"index","follow":"follow","max-snippet":"max-snippet:-1","max-image-preview":"max-image-preview:large","max-video-preview":"max-video-preview:-1"},"canonical":"https:\/\/wp.ufpel.edu.br\/nez\/?page_id=255","og_locale":"pt_BR","og_type":"article","og_title":"Contrata\u00e7\u00e3o do Seguro Obrig\u00e1torio - N\u00facleo de Est\u00e1gios em Zootecnia","og_description":"O Preenchimento do formul\u00e1rio abaixo \u00e9 indispens\u00e1vel para que a Universidade Federal de Pelotas realize a contrata\u00e7\u00e3o do seguro obrigat\u00f3rio de est\u00e1gio. Somente ap\u00f3s o preenchimento o colegiado ira proceder a contrata\u00e7\u00e3o do seguro, sem o qual n\u00e3o \u00e9 permitido a realiza\u00e7\u00e3o de Est\u00e1gio em nenhuma das suas modalidades. ATEN\u00c7\u00c3O! De acordo com o ProjetoContinue reading \"Contrata\u00e7\u00e3o do Seguro Obrig\u00e1torio\"","og_url":"https:\/\/wp.ufpel.edu.br\/nez\/?page_id=255","og_site_name":"N\u00facleo de Est\u00e1gios em Zootecnia","article_modified_time":"2026-03-02T12:45:15+00:00","twitter_card":"summary_large_image","twitter_misc":{"Est. tempo de leitura":"1 minuto"},"schema":{"@context":"https:\/\/schema.org","@graph":[{"@type":"WebPage","@id":"https:\/\/wp.ufpel.edu.br\/nez\/?page_id=255","url":"https:\/\/wp.ufpel.edu.br\/nez\/?page_id=255","name":"Contrata\u00e7\u00e3o do Seguro Obrig\u00e1torio - N\u00facleo de Est\u00e1gios em Zootecnia","isPartOf":{"@id":"https:\/\/wp.ufpel.edu.br\/nez\/#website"},"datePublished":"2019-07-09T19:36:21+00:00","dateModified":"2026-03-02T12:45:15+00:00","breadcrumb":{"@id":"https:\/\/wp.ufpel.edu.br\/nez\/?page_id=255#breadcrumb"},"inLanguage":"pt-BR","potentialAction":[{"@type":"ReadAction","target":["https:\/\/wp.ufpel.edu.br\/nez\/?page_id=255"]}]},{"@type":"BreadcrumbList","@id":"https:\/\/wp.ufpel.edu.br\/nez\/?page_id=255#breadcrumb","itemListElement":[{"@type":"ListItem","position":1,"name":"In\u00edcio","item":"https:\/\/wp.ufpel.edu.br\/nez\/"},{"@type":"ListItem","position":2,"name":"Contrata\u00e7\u00e3o do Seguro Obrig\u00e1torio"}]},{"@type":"WebSite","@id":"https:\/\/wp.ufpel.edu.br\/nez\/#website","url":"https:\/\/wp.ufpel.edu.br\/nez\/","name":"N\u00facleo de Est\u00e1gios em Zootecnia","description":"Universidade Federal de Pelotas","potentialAction":[{"@type":"SearchAction","target":{"@type":"EntryPoint","urlTemplate":"https:\/\/wp.ufpel.edu.br\/nez\/?s={search_term_string}"},"query-input":{"@type":"PropertyValueSpecification","valueRequired":true,"valueName":"search_term_string"}}],"inLanguage":"pt-BR"}]}},"_links":{"self":[{"href":"https:\/\/wp.ufpel.edu.br\/nez\/index.php?rest_route=\/wp\/v2\/pages\/255","targetHints":{"allow":["GET"]}}],"collection":[{"href":"https:\/\/wp.ufpel.edu.br\/nez\/index.php?rest_route=\/wp\/v2\/pages"}],"about":[{"href":"https:\/\/wp.ufpel.edu.br\/nez\/index.php?rest_route=\/wp\/v2\/types\/page"}],"author":[{"embeddable":true,"href":"https:\/\/wp.ufpel.edu.br\/nez\/index.php?rest_route=\/wp\/v2\/users\/870"}],"replies":[{"embeddable":true,"href":"https:\/\/wp.ufpel.edu.br\/nez\/index.php?rest_route=%2Fwp%2Fv2%2Fcomments&post=255"}],"version-history":[{"count":3,"href":"https:\/\/wp.ufpel.edu.br\/nez\/index.php?rest_route=\/wp\/v2\/pages\/255\/revisions"}],"predecessor-version":[{"id":408,"href":"https:\/\/wp.ufpel.edu.br\/nez\/index.php?rest_route=\/wp\/v2\/pages\/255\/revisions\/408"}],"wp:attachment":[{"href":"https:\/\/wp.ufpel.edu.br\/nez\/index.php?rest_route=%2Fwp%2Fv2%2Fmedia&parent=255"}],"curies":[{"name":"wp","href":"https:\/\/api.w.org\/{rel}","templated":true}]}}