{"id":65,"date":"2016-03-07T16:53:39","date_gmt":"2016-03-07T19:53:39","guid":{"rendered":"https:\/\/wp.ufpel.edu.br\/netgeo\/?page_id=65"},"modified":"2016-03-09T16:37:32","modified_gmt":"2016-03-09T19:37:32","slug":"fotos","status":"publish","type":"page","link":"https:\/\/wp.ufpel.edu.br\/netgeo\/fotos\/","title":{"rendered":"Contato"},"content":{"rendered":"<p>NETGeo &#8211; N\u00facleo de Estudos em Tecnologias do Geoprocessamento<\/p>\n<p>&nbsp;<\/p>\n<p>netgeo.ufpel@gmail.com<\/p>\n<p>&nbsp;<\/p>\n<p>Universidade Federal de Pelotas<\/p>\n<p>Pr\u00e9dio da Antiga Alf\u00e2ndega<\/p>\n<p>Pra\u00e7a Domingos Rodrigues, n. 2<\/p>\n<p>CEP: 96.010-440<\/p>\n<p>Pelotas\/RS<\/p>\n","protected":false},"excerpt":{"rendered":"<p>NETGeo &#8211; N\u00facleo de Estudos em Tecnologias do Geoprocessamento &nbsp; netgeo.ufpel@gmail.com &nbsp; Universidade Federal de Pelotas Pr\u00e9dio da Antiga Alf\u00e2ndega Pra\u00e7a Domingos Rodrigues, n. 2 CEP: 96.010-440 Pelotas\/RS<\/p>\n","protected":false},"author":620,"featured_media":0,"parent":0,"menu_order":6,"comment_status":"closed","ping_status":"closed","template":"","meta":{"footnotes":""},"class_list":["post-65","page","type-page","status-publish","hentry"],"_links":{"self":[{"href":"https:\/\/wp.ufpel.edu.br\/netgeo\/wp-json\/wp\/v2\/pages\/65","targetHints":{"allow":["GET"]}}],"collection":[{"href":"https:\/\/wp.ufpel.edu.br\/netgeo\/wp-json\/wp\/v2\/pages"}],"about":[{"href":"https:\/\/wp.ufpel.edu.br\/netgeo\/wp-json\/wp\/v2\/types\/page"}],"author":[{"embeddable":true,"href":"https:\/\/wp.ufpel.edu.br\/netgeo\/wp-json\/wp\/v2\/users\/620"}],"replies":[{"embeddable":true,"href":"https:\/\/wp.ufpel.edu.br\/netgeo\/wp-json\/wp\/v2\/comments?post=65"}],"version-history":[{"count":4,"href":"https:\/\/wp.ufpel.edu.br\/netgeo\/wp-json\/wp\/v2\/pages\/65\/revisions"}],"predecessor-version":[{"id":147,"href":"https:\/\/wp.ufpel.edu.br\/netgeo\/wp-json\/wp\/v2\/pages\/65\/revisions\/147"}],"wp:attachment":[{"href":"https:\/\/wp.ufpel.edu.br\/netgeo\/wp-json\/wp\/v2\/media?parent=65"}],"curies":[{"name":"wp","href":"https:\/\/api.w.org\/{rel}","templated":true}]}}