{"id":35,"date":"2016-03-07T16:46:31","date_gmt":"2016-03-07T19:46:31","guid":{"rendered":"https:\/\/wp.ufpel.edu.br\/netgeo\/?page_id=35"},"modified":"2019-05-16T17:16:17","modified_gmt":"2019-05-16T20:16:17","slug":"extensao","status":"publish","type":"page","link":"https:\/\/wp.ufpel.edu.br\/netgeo\/projetos-2\/extensao\/","title":{"rendered":"Extens\u00e3o"},"content":{"rendered":"<p style=\"text-align: center\"><strong>N\u00facleo de Estudos em Geomorfologia Estrutural Escultural e Ambiental &#8211; NEGEEA<\/strong><\/p>\n<p>O projeto tem como objetivo proporcionar a difus\u00e3o do conhecimento t\u00e9cnico e metodol\u00f3gico da geomorfologia pelas diversas ci\u00eancias que dela se utilizam. Mais especificamente difundir a geomorfologia e suas metodologias pelas engenharias e geoci\u00eancias; Orientar a comunidade acad\u00eamica sobre a import\u00e2ncia da geomorfologia; Inserir as t\u00e9cnicas geomorfol\u00f3gicas no entendimento do ambiente; Minimizar a ocupa\u00e7\u00e3o de ambientes eminentes aos riscos geomorfol\u00f3gicos; Mapear as \u00e1reas de risco geomorfol\u00f3gico.<\/p>\n<p>&nbsp;<\/p>\n<p style=\"text-align: center\"><strong>Geotecnologias\u00a0na educa\u00e7\u00e3o b\u00e1sica<\/strong><\/p>\n<p>O projeto tem como objetivo desenvolver atividades did\u00e1ticas a partir da utiliza\u00e7\u00e3o de ferramentas do geoprocessamento, para contribuir no processo de ensino e aprendizagem da educa\u00e7\u00e3o b\u00e1sica. Mais especificamente, difundir as geotecnologias e suas metodologias na educa\u00e7\u00e3o b\u00e1sica, com base no uso de equipamentos t\u00e9cnicos\u037e Orientar a comunidade acad\u00eamica sobre a import\u00e2ncia e os avan\u00e7os da geotecnologia em diferentes \u00e1reas\u037e Incentivar a utiliza\u00e7\u00e3o das novas tecnologias do geoprocessamento no ambiente escolar com a finalidade de tornar o ensino<br \/>\nmais interativo.<\/p>\n<p><strong>Bolsista:<\/strong><\/p>\n<ul>\n<li>Fernanda Luz de Freitas<\/li>\n<\/ul>\n<p style=\"text-align: center\"><strong>A inclus\u00e3o digital em escolas p\u00fablicas<\/strong><\/p>\n<p>O projeto tem como objetivo proporcionar a comunidade escolar municipal de Pelotas os conhecimentos das atuais tecnologias digitais de mapeamento e de seu uso pr\u00e1tico na educa\u00e7\u00e3o. Mais especificamente, divulgar as t\u00e9cnicas recentes de mapeamento digital\u037e Propiciar o treinamento para o uso de Web SIG e de sistemas de visualiza\u00e7\u00e3o de imagens terrestres\u037e Proporcionar uma forma\u00e7\u00e3o continuada em cartografia digital aos professores municipais\u037e Demonstrar o espa\u00e7o vivido pelo aluno atrav\u00e9s de imagens de sat\u00e9lite.<\/p>\n<p><strong>Bolsista:<\/strong><\/p>\n<ul>\n<li>Felipe Cunha da Rocha<\/li>\n<\/ul>\n<p>&nbsp;<\/p>\n","protected":false},"excerpt":{"rendered":"<p>N\u00facleo de Estudos em Geomorfologia Estrutural Escultural e Ambiental &#8211; NEGEEA O projeto tem como objetivo proporcionar a difus\u00e3o do conhecimento t\u00e9cnico e metodol\u00f3gico da geomorfologia pelas diversas ci\u00eancias que dela se utilizam. Mais especificamente difundir a geomorfologia e suas metodologias pelas engenharias e geoci\u00eancias; Orientar a comunidade acad\u00eamica sobre a import\u00e2ncia da geomorfologia; Inserir [&hellip;]<\/p>\n","protected":false},"author":620,"featured_media":0,"parent":24,"menu_order":0,"comment_status":"closed","ping_status":"closed","template":"","meta":{"footnotes":""},"class_list":["post-35","page","type-page","status-publish","hentry"],"_links":{"self":[{"href":"https:\/\/wp.ufpel.edu.br\/netgeo\/wp-json\/wp\/v2\/pages\/35","targetHints":{"allow":["GET"]}}],"collection":[{"href":"https:\/\/wp.ufpel.edu.br\/netgeo\/wp-json\/wp\/v2\/pages"}],"about":[{"href":"https:\/\/wp.ufpel.edu.br\/netgeo\/wp-json\/wp\/v2\/types\/page"}],"author":[{"embeddable":true,"href":"https:\/\/wp.ufpel.edu.br\/netgeo\/wp-json\/wp\/v2\/users\/620"}],"replies":[{"embeddable":true,"href":"https:\/\/wp.ufpel.edu.br\/netgeo\/wp-json\/wp\/v2\/comments?post=35"}],"version-history":[{"count":8,"href":"https:\/\/wp.ufpel.edu.br\/netgeo\/wp-json\/wp\/v2\/pages\/35\/revisions"}],"predecessor-version":[{"id":489,"href":"https:\/\/wp.ufpel.edu.br\/netgeo\/wp-json\/wp\/v2\/pages\/35\/revisions\/489"}],"up":[{"embeddable":true,"href":"https:\/\/wp.ufpel.edu.br\/netgeo\/wp-json\/wp\/v2\/pages\/24"}],"wp:attachment":[{"href":"https:\/\/wp.ufpel.edu.br\/netgeo\/wp-json\/wp\/v2\/media?parent=35"}],"curies":[{"name":"wp","href":"https:\/\/api.w.org\/{rel}","templated":true}]}}