{"id":326,"date":"2018-02-21T10:08:00","date_gmt":"2018-02-21T13:08:00","guid":{"rendered":"https:\/\/wp.ufpel.edu.br\/netgeo\/?page_id=326"},"modified":"2018-04-18T16:07:00","modified_gmt":"2018-04-18T19:07:00","slug":"2017-2","status":"publish","type":"page","link":"https:\/\/wp.ufpel.edu.br\/netgeo\/extensao\/2017-2\/","title":{"rendered":"2017"},"content":{"rendered":"<p><em><strong>IV SEMIN\u00c1RIO DO PROGRAMA DE P\u00d3S-GRADUA\u00c7\u00c3O EM GEOGRAFIA DA UFPEL: (DES)CONTINUIDADES DO PENSAR GEOGR\u00c1FICO<\/strong><\/em><\/p>\n<ul>\n<li><strong>Os avan\u00e7os geotecnol\u00f3gicos e os novos meios de inclus\u00e3o digital <\/strong><\/li>\n<\/ul>\n<p style=\"text-align: center\"><em><span style=\"font-size: 8pt\">FONSECA, Elisandra Hernandes; SILVA, Rosane Vieira; CIROLINI, Ang\u00e9lica; BRUCH, Alexandre Felipe<\/span><\/em><\/p>\n<p>&nbsp;<\/p>\n<p><em><strong>SAL\u00c3O UNIVERSIT\u00c1RIO DA UCPel<\/strong><\/em><\/p>\n<ul>\n<li><strong><a href=\"http:\/\/salao.ucpel.edu.br\/edicoes-anteriores\/\">Geotecnologias na Educa\u00e7\u00e3o B\u00e1sica<\/a>\u00a0<\/strong><\/li>\n<\/ul>\n<p style=\"text-align: center\"><em><span style=\"font-size: 8pt\">SILVA, Rosane Vieira; FONSECA, Elisandra Hernandes; BRUCH, Alexandre Felipe; CIROLINI, Ang\u00e9lica<\/span><\/em><\/p>\n<ul>\n<li><a href=\"http:\/\/salao.ucpel.edu.br\/edicoes-anteriores\/\"><strong>Inclus\u00e3o Digital: Elabora\u00e7\u00e3o de mapa virtual da escola <\/strong><\/a><\/li>\n<\/ul>\n<p style=\"text-align: center\"><em><span style=\"font-size: 8pt\"> FONSECA, Elisandra Hernandes; SILVA, Rosane Vieira; CIROLINI, Ang\u00e9lica; BRUCH, Alexandre Felipe<\/span><\/em><\/p>\n<p>&nbsp;<\/p>\n<p><em><strong>35\u00ba SEURS \u2013 SEMIN\u00c1RIO DE EXTENS\u00c3O UNIVERSIT\u00c1RIA DA REGI\u00c3O SUL<\/strong><\/em><\/p>\n<ul>\n<li><a href=\"https:\/\/unila.edu.br\/35seurs\/anais\/\"><strong>Geotecnologias como recurso did\u00e1tico na educa\u00e7\u00e3o b\u00e1sica<\/strong><\/a><\/li>\n<\/ul>\n<p style=\"text-align: center\"><em><span style=\"font-size: 8pt\">SILVA, Rosane Vieira; CIROLINI, Ang\u00e9lica;\u00a0FONSECA, Elisandra Hernandes; BRUCH, Alexandre Felipe<\/span><\/em><\/p>\n<p>&nbsp;<\/p>\n<p><em><strong>XXVI CONGRESSO DE INICIA\u00c7\u00c3O CIENT\u00cdFICA &#8211; CIC<br \/>\n<\/strong><\/em><\/p>\n<ul>\n<li><a href=\"http:\/\/cti.ufpel.edu.br\/siepe\/arquivos\/2017\/CE_03084.pdf\"><strong>Avalia\u00e7\u00e3o do rendimento nominal da popula\u00e7\u00e3o do munic\u00edpio de Arroio do Padre\/RS, no ano de 2010<\/strong><\/a><\/li>\n<\/ul>\n<p style=\"text-align: center\"><em><span style=\"font-size: 8pt\">PEREIRA, Letiane Borges; BRAGA, Liciane; FARIAS, Nathalia; MORAES, Taiane Duarte; BRUCH, Alexandre Felipe; CIROLINI, Ang\u00e9lica<\/span><\/em><\/p>\n<p>&nbsp;<\/p>\n<p style=\"text-align: left\"><em><strong>III CONGRESSO DE ENSINO DE GRADUA\u00c7\u00c3O<\/strong><\/em><\/p>\n<ul>\n<li><a href=\"http:\/\/cti.ufpel.edu.br\/siepe\/arquivos\/2017\/CE_02726.pdf\"><strong>Avalia\u00e7\u00e3o da Monitoria no desempenho acad\u00eamico nas disciplinas de Cartografia e Topografia<\/strong><\/a><\/li>\n<\/ul>\n<p style=\"text-align: center\"><em><span style=\"font-size: 8pt\">BOM, Thiago Feij\u00f3; COELHO, Pedro Andrade; BRUCH, Alexandre Felipe; CIROLINI, Ang\u00e9lica<\/span><\/em><\/p>\n<p>&nbsp;<\/p>\n<p style=\"text-align: left\"><em><strong>III CONGRESSO DE EXTENS\u00c3O E CULTURA<\/strong><\/em><\/p>\n<ul>\n<li><a href=\"https:\/\/wp.ufpel.edu.br\/congressoextensao\/anais\/\"><strong>Geotecnologias, orienta\u00e7\u00e3o e navega\u00e7\u00e3o terrestre na educa\u00e7\u00e3o b\u00e1sica<\/strong><\/a><\/li>\n<\/ul>\n<p style=\"text-align: center\"><em><span style=\"font-size: 8pt\">SILVA, Rosane Vieira; FONSECA, Elisandra Hernandes; BRUCH, Alexandre Felipe; CIROLINI, Ang\u00e9lica<\/span><\/em><\/p>\n<ul>\n<li><strong><a href=\"https:\/\/wp.ufpel.edu.br\/congressoextensao\/anais\/\">Inclus\u00e3o digital: elaborando mapa virtual da escola<\/a><\/strong><\/li>\n<\/ul>\n<p style=\"text-align: center\"><em><span style=\"font-size: 8pt\">FONSECA, Elisandra Hernandes; SILVA, Rosane Vieira; SILVA NETO, Abilio Prudente; CAMPOS, Suyane Gon\u00e7alves de.; CIROLINI, Ang\u00e9lica; BRUCH, Alexandre Felipe<\/span><\/em><\/p>\n<p>&nbsp;<\/p>\n<p><em><strong>X ENCONTRO NACIONAL DE GERENCIAMENTO COSTEIRO<\/strong><\/em><\/p>\n<ul>\n<li><strong>Influ\u00eancia da sub-bacia hidrogr\u00e1fica do Arroio S\u00e3o Louren\u00e7o nos eventos de inunda\u00e7\u00f5es registrados na \u00e1rea urbana do munic\u00edpio de S\u00e3o Louren\u00e7o do Sul, RS<\/strong><\/li>\n<\/ul>\n<p style=\"text-align: center\"><em><span style=\"font-size: 8pt\">BEHLING, J\u00e9ssica Stern; CIROLINI, Ang\u00e9lica<\/span><\/em><\/p>\n<p>&nbsp;<\/p>\n<p><em><strong>TCC<\/strong><\/em><\/p>\n<ul>\n<li><strong><b>Ajustamento da constante &#8220;L&#8221; do \u00edndice de vegeta\u00e7\u00e3o ajustado ao solo &#8211; SAVI<\/b>. <\/strong><span style=\"font-size: 8pt\"><em>(Clismam Soares Porto)<\/em><\/span><\/li>\n<\/ul>\n<p>&nbsp;<\/p>\n<ul>\n<li><strong><b>Equa\u00e7\u00e3o Universal de Perda do Solo Aplicada ao Munic\u00edpio de Arroio do Padre, RS<\/b>. <\/strong><span style=\"font-size: 8pt\"><em>(Juliana Maciel Bicca)<\/em><\/span><\/li>\n<\/ul>\n<p>&nbsp;<\/p>\n<ul>\n<li><strong><b>\u00c1reas potenciais de alagamento no munic\u00edpio de Arroio do Padre-RS<\/b>. <\/strong><span style=\"font-size: 8pt\"><em>(Ingrid Silva Correa)<\/em><\/span><\/li>\n<\/ul>\n","protected":false},"excerpt":{"rendered":"<p>IV SEMIN\u00c1RIO DO PROGRAMA DE P\u00d3S-GRADUA\u00c7\u00c3O EM GEOGRAFIA DA UFPEL: (DES)CONTINUIDADES DO PENSAR GEOGR\u00c1FICO Os avan\u00e7os geotecnol\u00f3gicos e os novos meios de inclus\u00e3o digital FONSECA, Elisandra Hernandes; SILVA, Rosane Vieira; CIROLINI, Ang\u00e9lica; BRUCH, Alexandre Felipe &nbsp; SAL\u00c3O UNIVERSIT\u00c1RIO DA UCPel Geotecnologias na Educa\u00e7\u00e3o B\u00e1sica\u00a0 SILVA, Rosane Vieira; FONSECA, Elisandra Hernandes; BRUCH, Alexandre Felipe; CIROLINI, Ang\u00e9lica [&hellip;]<\/p>\n","protected":false},"author":620,"featured_media":0,"parent":31,"menu_order":0,"comment_status":"closed","ping_status":"closed","template":"","meta":{"footnotes":""},"class_list":["post-326","page","type-page","status-publish","hentry"],"_links":{"self":[{"href":"https:\/\/wp.ufpel.edu.br\/netgeo\/wp-json\/wp\/v2\/pages\/326","targetHints":{"allow":["GET"]}}],"collection":[{"href":"https:\/\/wp.ufpel.edu.br\/netgeo\/wp-json\/wp\/v2\/pages"}],"about":[{"href":"https:\/\/wp.ufpel.edu.br\/netgeo\/wp-json\/wp\/v2\/types\/page"}],"author":[{"embeddable":true,"href":"https:\/\/wp.ufpel.edu.br\/netgeo\/wp-json\/wp\/v2\/users\/620"}],"replies":[{"embeddable":true,"href":"https:\/\/wp.ufpel.edu.br\/netgeo\/wp-json\/wp\/v2\/comments?post=326"}],"version-history":[{"count":8,"href":"https:\/\/wp.ufpel.edu.br\/netgeo\/wp-json\/wp\/v2\/pages\/326\/revisions"}],"predecessor-version":[{"id":340,"href":"https:\/\/wp.ufpel.edu.br\/netgeo\/wp-json\/wp\/v2\/pages\/326\/revisions\/340"}],"up":[{"embeddable":true,"href":"https:\/\/wp.ufpel.edu.br\/netgeo\/wp-json\/wp\/v2\/pages\/31"}],"wp:attachment":[{"href":"https:\/\/wp.ufpel.edu.br\/netgeo\/wp-json\/wp\/v2\/media?parent=326"}],"curies":[{"name":"wp","href":"https:\/\/api.w.org\/{rel}","templated":true}]}}

<p><em><strong>IV SEMINÁRIO DO PROGRAMA DE PÓS-GRADUAÇÃO EM GEOGRAFIA DA UFPEL: (DES)CONTINUIDADES DO PENSAR GEOGRÁFICO</strong></em></p>
<ul>
<li><strong>Os avanços geotecnológicos e os novos meios de inclusão digital </strong></li>
</ul>
<p style="text-align: center"><em><span style="font-size: 8pt">FONSECA, Elisandra Hernandes; SILVA, Rosane Vieira; CIROLINI, Angélica; BRUCH, Alexandre Felipe</span></em></p>
<p>&nbsp;</p>
<p><em><strong>SALÃO UNIVERSITÁRIO DA UCPel</strong></em></p>
<ul>
<li><strong><a href="http://salao.ucpel.edu.br/edicoes-anteriores/">Geotecnologias na Educação Básica</a> </strong></li>
</ul>
<p style="text-align: center"><em><span style="font-size: 8pt">SILVA, Rosane Vieira; FONSECA, Elisandra Hernandes; BRUCH, Alexandre Felipe; CIROLINI, Angélica</span></em></p>
<ul>
<li><a href="http://salao.ucpel.edu.br/edicoes-anteriores/"><strong>Inclusão Digital: Elaboração de mapa virtual da escola </strong></a></li>
</ul>
<p style="text-align: center"><em><span style="font-size: 8pt"> FONSECA, Elisandra Hernandes; SILVA, Rosane Vieira; CIROLINI, Angélica; BRUCH, Alexandre Felipe</span></em></p>
<p>&nbsp;</p>
<p><em><strong>35º SEURS – SEMINÁRIO DE EXTENSÃO UNIVERSITÁRIA DA REGIÃO SUL</strong></em></p>
<ul>
<li><a href="https://unila.edu.br/35seurs/anais/"><strong>Geotecnologias como recurso didático na educação básica</strong></a></li>
</ul>
<p style="text-align: center"><em><span style="font-size: 8pt">SILVA, Rosane Vieira; CIROLINI, Angélica; FONSECA, Elisandra Hernandes; BRUCH, Alexandre Felipe</span></em></p>
<p>&nbsp;</p>
<p><em><strong>XXVI CONGRESSO DE INICIAÇÃO CIENTÍFICA &#8211; CIC<br />
</strong></em></p>
<ul>
<li><a href="http://cti.ufpel.edu.br/siepe/arquivos/2017/CE_03084.pdf"><strong>Avaliação do rendimento nominal da população do município de Arroio do Padre/RS, no ano de 2010</strong></a></li>
</ul>
<p style="text-align: center"><em><span style="font-size: 8pt">PEREIRA, Letiane Borges; BRAGA, Liciane; FARIAS, Nathalia; MORAES, Taiane Duarte; BRUCH, Alexandre Felipe; CIROLINI, Angélica</span></em></p>
<p>&nbsp;</p>
<p style="text-align: left"><em><strong>III CONGRESSO DE ENSINO DE GRADUAÇÃO</strong></em></p>
<ul>
<li><a href="http://cti.ufpel.edu.br/siepe/arquivos/2017/CE_02726.pdf"><strong>Avaliação da Monitoria no desempenho acadêmico nas disciplinas de Cartografia e Topografia</strong></a></li>
</ul>
<p style="text-align: center"><em><span style="font-size: 8pt">BOM, Thiago Feijó; COELHO, Pedro Andrade; BRUCH, Alexandre Felipe; CIROLINI, Angélica</span></em></p>
<p>&nbsp;</p>
<p style="text-align: left"><em><strong>III CONGRESSO DE EXTENSÃO E CULTURA</strong></em></p>
<ul>
<li><a href="https://wp.ufpel.edu.br/congressoextensao/anais/"><strong>Geotecnologias, orientação e navegação terrestre na educação básica</strong></a></li>
</ul>
<p style="text-align: center"><em><span style="font-size: 8pt">SILVA, Rosane Vieira; FONSECA, Elisandra Hernandes; BRUCH, Alexandre Felipe; CIROLINI, Angélica</span></em></p>
<ul>
<li><strong><a href="https://wp.ufpel.edu.br/congressoextensao/anais/">Inclusão digital: elaborando mapa virtual da escola</a></strong></li>
</ul>
<p style="text-align: center"><em><span style="font-size: 8pt">FONSECA, Elisandra Hernandes; SILVA, Rosane Vieira; SILVA NETO, Abilio Prudente; CAMPOS, Suyane Gonçalves de.; CIROLINI, Angélica; BRUCH, Alexandre Felipe</span></em></p>
<p>&nbsp;</p>
<p><em><strong>X ENCONTRO NACIONAL DE GERENCIAMENTO COSTEIRO</strong></em></p>
<ul>
<li><strong>Influência da sub-bacia hidrográfica do Arroio São Lourenço nos eventos de inundações registrados na área urbana do município de São Lourenço do Sul, RS</strong></li>
</ul>
<p style="text-align: center"><em><span style="font-size: 8pt">BEHLING, Jéssica Stern; CIROLINI, Angélica</span></em></p>
<p>&nbsp;</p>
<p><em><strong>TCC</strong></em></p>
<ul>
<li><strong><b>Ajustamento da constante &#8220;L&#8221; do índice de vegetação ajustado ao solo &#8211; SAVI</b>. </strong><span style="font-size: 8pt"><em>(Clismam Soares Porto)</em></span></li>
</ul>
<p>&nbsp;</p>
<ul>
<li><strong><b>Equação Universal de Perda do Solo Aplicada ao Município de Arroio do Padre, RS</b>. </strong><span style="font-size: 8pt"><em>(Juliana Maciel Bicca)</em></span></li>
</ul>
<p>&nbsp;</p>
<ul>
<li><strong><b>Áreas potenciais de alagamento no município de Arroio do Padre-RS</b>. </strong><span style="font-size: 8pt"><em>(Ingrid Silva Correa)</em></span></li>
</ul>

<p>IV SEMINÁRIO DO PROGRAMA DE PÓS-GRADUAÇÃO EM GEOGRAFIA DA UFPEL: (DES)CONTINUIDADES DO PENSAR GEOGRÁFICO Os avanços geotecnológicos e os novos meios de inclusão digital FONSECA, Elisandra Hernandes; SILVA, Rosane Vieira; CIROLINI, Angélica; BRUCH, Alexandre Felipe &nbsp; SALÃO UNIVERSITÁRIO DA UCPel Geotecnologias na Educação Básica  SILVA, Rosane Vieira; FONSECA, Elisandra Hernandes; BRUCH, Alexandre Felipe; CIROLINI, Angélica [&hellip;]</p>
