{"id":808,"date":"2020-07-15T21:07:50","date_gmt":"2020-07-16T00:07:50","guid":{"rendered":"https:\/\/wp.ufpel.edu.br\/nepsi\/?page_id=808"},"modified":"2026-03-26T21:17:25","modified_gmt":"2026-03-27T00:17:25","slug":"colaboracoes-atuais","status":"publish","type":"page","link":"https:\/\/wp.ufpel.edu.br\/nepsi\/pesquisas\/colaboracoes-atuais\/","title":{"rendered":"Colabora\u00e7\u00f5es"},"content":{"rendered":"<p><strong>T\u00edtulo do Projeto:\u00a0 Avalia\u00e7\u00e3o do Impacto do Programa Crian\u00e7a Feliz<\/strong><\/p>\n<p><strong>Coordenador: <\/strong>C\u00e9sar G Victora (Programa de P\u00f3s-Gradua\u00e7\u00e3o em Epidemiologia)<\/p>\n<p><strong>Pesquisadores: <\/strong>In\u00e1 da Silva dos Santos (Programa de P\u00f3s-Gradua\u00e7\u00e3o em Epidemiologia)<\/p>\n<p>Tiago Neuenfeld Munhoz (Curso de Psicologia e Programa de P\u00f3s-Gradua\u00e7\u00e3o em Epidemiologia)<\/p>\n<p><strong>RESUMO: <\/strong>O objetivo do projeto ser\u00e1 avaliar o impacto do Programa Crian\u00e7a Feliz sobre o desenvolvimento infantil. Para isso, ser\u00e1 empregado um estudo randomizado controlado que incluir\u00e1 um total de 4000 crian\u00e7as (2000 no grupo interven\u00e7\u00e3o e 2000 no grupo controle), de sete estados brasileiros (um de cada uma das cinco regi\u00f5es, exceto a regi\u00e3o Nordeste, que participar\u00e1 com 3 estados). Ser\u00e3o eleg\u00edveis para o estudo de avalia\u00e7\u00e3o crian\u00e7as participantes do Programa Bolsa Fam\u00edlia (que fazem parte da popula\u00e7\u00e3o alvo do Programa Crian\u00e7a Feliz), com menos de 12 meses de idade, cujos pais ou respons\u00e1veis aceitem participar do Programa Crian\u00e7a Feliz e do estudo de avalia\u00e7\u00e3o do Programa Feliz. O estudo de avalia\u00e7\u00e3o do programa incluir\u00e1 uma avalia\u00e7\u00e3o de linha de base (prevista para iniciar em 2017) e tr\u00eas acompanhamentos anuais, at\u00e9 o ano de 2020, quando os participantes da avalia\u00e7\u00e3o estiverem com 36 meses de idade. Para avalia\u00e7\u00e3o do desenvolvimento infantil ser\u00e3o empregados os testes &#8220;Ages &amp; Stages Questionnaire&#8221; (ASQ-3) (nas visitas de 12 e 24 meses) e o teste de Bayley-III (na visita final, em 2020). A intera\u00e7\u00e3o parental ser\u00e1 avaliada com o instrumento &#8220;Maternal Cognitive Sensitivity&#8221;, que ser\u00e1 aplicado a uma subamostra de 400 m\u00e3es (200 do grupo interven\u00e7\u00e3o e 200 do grupo controle).<\/p>\n<p>&nbsp;<\/p>\n<p><strong>T\u00edtulo do Projeto: AVALIA\u00c7\u00c3O DE DETERMINANTES PRECOCES DE VIOL\u00caNCIA EM CRIAN\u00c7AS DE UMA COORTE DE NASCIMENTOS DO SUL DO BRASIL<\/strong><\/p>\n<p>&nbsp;<\/p>\n<p><strong>Coordenador: Joe Murray<\/strong>\u00a0(Programa de P\u00f3s-Gradua\u00e7\u00e3o em Epidemiologia)<\/p>\n<p><strong>Pesquisadores:\u00a0\u00a0Tiago Neuenfeld Munhoz<\/strong> (Curso de Psicologia e Programa de P\u00f3s-Gradua\u00e7\u00e3o em Epidemiologia)<\/p>\n<p>A viol\u00eancia \u00e9 a principal causa de mortes entre jovens no Brasil e uma importante causa de adoecimento mental, instabilidade social e altos custos econ\u00f4micos para o pa\u00eds. Cientistas identificaram que a primeira inf\u00e2ncia \u00e9 um per\u00edodo sens\u00edvel, em que o ambiente familiar pode ter um grande impacto no desenvolvimento das crian\u00e7as e assim, reduzir o risco de comportamentos agressivos precoces que est\u00e3o associados ao envolvimento com viol\u00eancias no futuro. S\u00e3o v\u00e1rios os fatores de risco para viol\u00eancia apontados pela literatura: fatores individuais (como autocontrole deficit\u00e1rio, baixo QI verbal e pouco rendimento escolar, por exemplo); fatores parentais (tais como disciplina punitiva e maus-tratos); caracter\u00edsticas familiares (por exemplo, discord\u00e2ncia parental e baixa renda); relacionamento com pares antissociais; e moradia em bairros com altos \u00edndices de criminalidade. Poucos estudos investigaram os fatores de risco para a viol\u00eancia em pa\u00edses em desenvolvimento e, os que fizeram, concentraram-se na faixa et\u00e1ria final da inf\u00e2ncia-adolesc\u00eancia. Entretanto, as teorias proeminentes sugerem que a viol\u00eancia grave tem suas origens no in\u00edcio da vida, e est\u00e1 relacionada \u00e0 adversidade ambiental. Sendo assim, o estudo dos determinantes precoces da viol\u00eancia, especialmente em pa\u00edses em desenvolvimento, \u00e9 de<br \/>\nextrema import\u00e2ncia para que se possa tra\u00e7ar planos de combate \u00e0 viol\u00eancia na aten\u00e7\u00e3o prim\u00e1ria. O objetivo do presente estudo ser\u00e1 avaliar os determinantes precoces da viol\u00eancia em crian\u00e7as de uma coorte de nascimentos de Pelotas, cidade localizada no sul do Brasil. Trata-se de um projeto aninhado \u00e0 Coorte de Nascimentos de 2015, no acompanhamento dos 4 anos<\/p>\n<p>&nbsp;<\/p>\n<p><strong>T\u00edtulo do Projeto: Determinantes ao longo do ciclo vital da obesidade, precursores de doen\u00e7as cr\u00f4nicas, capital humano e sa\u00fade mental: uma contribui\u00e7\u00e3o da coorte de nascimento de 2004 para o SUS<\/strong><\/p>\n<p><strong>Coordenador: <\/strong>In\u00e1 da Silva dos Santos (Programa de P\u00f3s-Gradua\u00e7\u00e3o em Epidemiologia)<\/p>\n<p><strong>\u00a0<\/strong><\/p>\n<p><strong>RESUMO: <\/strong>Os objetivos do projeto s\u00e3o determinar a frequ\u00eancia e os fatores de risco dos transtornos mentais e do consumo de tabaco e \u00e1lcool no in\u00edcio da adolesc\u00eancia (11 anos de idade), avaliar o comprometimento das fun\u00e7\u00f5es executivas nos indiv\u00edduos com transtornos mentais e em aqueles que referem consumo de tabaco e \u00e1lcool e elucidar o papel mediador das fun\u00e7\u00f5es executivas nas associa\u00e7\u00f5es entre os determinantes precoces e os transtornos mencionados. Ser\u00e3o avaliados aproximadamente 3600 adolescentes que pertencem a uma coorte brasileira de base populacional e que v\u00eam sendo acompanhados, sempre com altas taxas de resposta, em intervalos regulares desde o nascimento. Os resultados do presente projeto contribuir\u00e3o para delinear recomenda\u00e7\u00f5es e desenvolver estrat\u00e9gias preventivas para reduzir os problemas de sa\u00fade mental na adolesc\u00eancia e suas consequ\u00eancias m\u00e9dicas e sociais na vida adulta.<\/p>\n","protected":false},"excerpt":{"rendered":"<p>T\u00edtulo do Projeto:\u00a0 Avalia\u00e7\u00e3o do Impacto do Programa Crian\u00e7a Feliz Coordenador: C\u00e9sar G Victora (Programa de P\u00f3s-Gradua\u00e7\u00e3o em Epidemiologia) Pesquisadores: In\u00e1 da Silva dos Santos (Programa de P\u00f3s-Gradua\u00e7\u00e3o em Epidemiologia) Tiago Neuenfeld Munhoz (Curso de Psicologia e Programa de P\u00f3s-Gradua\u00e7\u00e3o em Epidemiologia) RESUMO: O objetivo do projeto ser\u00e1 avaliar o impacto do Programa Crian\u00e7a Feliz [&hellip;]<\/p>\n","protected":false},"author":807,"featured_media":0,"parent":81,"menu_order":3,"comment_status":"closed","ping_status":"closed","template":"","meta":{"jetpack_post_was_ever_published":false,"footnotes":""},"class_list":["post-808","page","type-page","status-publish","hentry"],"yoast_head":"<!-- This site is optimized with the Yoast SEO plugin v26.7 - https:\/\/yoast.com\/wordpress\/plugins\/seo\/ -->\n<title>Colabora\u00e7\u00f5es -<\/title>\n<meta name=\"robots\" content=\"index, follow, max-snippet:-1, max-image-preview:large, max-video-preview:-1\" \/>\n<link rel=\"canonical\" href=\"https:\/\/wp.ufpel.edu.br\/nepsi\/pesquisas\/colaboracoes-atuais\/\" \/>\n<meta property=\"og:locale\" content=\"pt_BR\" \/>\n<meta property=\"og:type\" content=\"article\" \/>\n<meta property=\"og:title\" content=\"Colabora\u00e7\u00f5es -\" \/>\n<meta property=\"og:description\" content=\"T\u00edtulo do Projeto:\u00a0 Avalia\u00e7\u00e3o do Impacto do Programa Crian\u00e7a Feliz Coordenador: C\u00e9sar G Victora (Programa de P\u00f3s-Gradua\u00e7\u00e3o em Epidemiologia) Pesquisadores: In\u00e1 da Silva dos Santos (Programa de P\u00f3s-Gradua\u00e7\u00e3o em Epidemiologia) Tiago Neuenfeld Munhoz (Curso de Psicologia e Programa de P\u00f3s-Gradua\u00e7\u00e3o em Epidemiologia) RESUMO: O objetivo do projeto ser\u00e1 avaliar o impacto do Programa Crian\u00e7a Feliz [&hellip;]\" \/>\n<meta property=\"og:url\" content=\"https:\/\/wp.ufpel.edu.br\/nepsi\/pesquisas\/colaboracoes-atuais\/\" \/>\n<meta property=\"article:publisher\" content=\"https:\/\/www.facebook.com\/ufpel.nepsi\/\" \/>\n<meta property=\"article:modified_time\" content=\"2026-03-27T00:17:25+00:00\" \/>\n<meta property=\"og:image\" content=\"https:\/\/i0.wp.com\/wp.ufpel.edu.br\/nepsi\/files\/2020\/06\/MINIATURAS-LARANJA-1.png?fit=867%2C715&ssl=1\" \/>\n\t<meta property=\"og:image:width\" content=\"867\" \/>\n\t<meta property=\"og:image:height\" content=\"715\" \/>\n\t<meta property=\"og:image:type\" content=\"image\/png\" \/>\n<meta name=\"twitter:card\" content=\"summary_large_image\" \/>\n<meta name=\"twitter:site\" content=\"@ufpel_nepsi\" \/>\n<meta name=\"twitter:label1\" content=\"Est. tempo de leitura\" \/>\n\t<meta name=\"twitter:data1\" content=\"4 minutos\" \/>\n<script type=\"application\/ld+json\" class=\"yoast-schema-graph\">{\"@context\":\"https:\/\/schema.org\",\"@graph\":[{\"@type\":\"WebPage\",\"@id\":\"https:\/\/wp.ufpel.edu.br\/nepsi\/pesquisas\/colaboracoes-atuais\/\",\"url\":\"https:\/\/wp.ufpel.edu.br\/nepsi\/pesquisas\/colaboracoes-atuais\/\",\"name\":\"Colabora\u00e7\u00f5es -\",\"isPartOf\":{\"@id\":\"https:\/\/wp.ufpel.edu.br\/nepsi\/#website\"},\"datePublished\":\"2020-07-16T00:07:50+00:00\",\"dateModified\":\"2026-03-27T00:17:25+00:00\",\"breadcrumb\":{\"@id\":\"https:\/\/wp.ufpel.edu.br\/nepsi\/pesquisas\/colaboracoes-atuais\/#breadcrumb\"},\"inLanguage\":\"pt-BR\",\"potentialAction\":[{\"@type\":\"ReadAction\",\"target\":[\"https:\/\/wp.ufpel.edu.br\/nepsi\/pesquisas\/colaboracoes-atuais\/\"]}]},{\"@type\":\"BreadcrumbList\",\"@id\":\"https:\/\/wp.ufpel.edu.br\/nepsi\/pesquisas\/colaboracoes-atuais\/#breadcrumb\",\"itemListElement\":[{\"@type\":\"ListItem\",\"position\":1,\"name\":\"In\u00edcio\",\"item\":\"https:\/\/wp.ufpel.edu.br\/nepsi\/\"},{\"@type\":\"ListItem\",\"position\":2,\"name\":\"Pesquisas\",\"item\":\"https:\/\/wp.ufpel.edu.br\/nepsi\/pesquisas\/\"},{\"@type\":\"ListItem\",\"position\":3,\"name\":\"Colabora\u00e7\u00f5es\"}]},{\"@type\":\"WebSite\",\"@id\":\"https:\/\/wp.ufpel.edu.br\/nepsi\/#website\",\"url\":\"https:\/\/wp.ufpel.edu.br\/nepsi\/\",\"name\":\"\",\"description\":\"Coordena\u00e7\u00e3o: Prof. Tiago Neuenfeld Munhoz\",\"publisher\":{\"@id\":\"https:\/\/wp.ufpel.edu.br\/nepsi\/#organization\"},\"potentialAction\":[{\"@type\":\"SearchAction\",\"target\":{\"@type\":\"EntryPoint\",\"urlTemplate\":\"https:\/\/wp.ufpel.edu.br\/nepsi\/?s={search_term_string}\"},\"query-input\":{\"@type\":\"PropertyValueSpecification\",\"valueRequired\":true,\"valueName\":\"search_term_string\"}}],\"inLanguage\":\"pt-BR\"},{\"@type\":\"Organization\",\"@id\":\"https:\/\/wp.ufpel.edu.br\/nepsi\/#organization\",\"name\":\"N\u00facleo de Estudos, Pesquisas e Interven\u00e7\u00f5es em Sa\u00fade Mental, Cogni\u00e7\u00e3o e Comportamento\",\"url\":\"https:\/\/wp.ufpel.edu.br\/nepsi\/\",\"logo\":{\"@type\":\"ImageObject\",\"inLanguage\":\"pt-BR\",\"@id\":\"https:\/\/wp.ufpel.edu.br\/nepsi\/#\/schema\/logo\/image\/\",\"url\":\"https:\/\/i2.wp.com\/wp.ufpel.edu.br\/nepsi\/files\/2020\/06\/NEPSI-22-1.jpg?fit=632%2C591&ssl=1\",\"contentUrl\":\"https:\/\/i2.wp.com\/wp.ufpel.edu.br\/nepsi\/files\/2020\/06\/NEPSI-22-1.jpg?fit=632%2C591&ssl=1\",\"width\":632,\"height\":591,\"caption\":\"N\u00facleo de Estudos, Pesquisas e Interven\u00e7\u00f5es em Sa\u00fade Mental, Cogni\u00e7\u00e3o e Comportamento\"},\"image\":{\"@id\":\"https:\/\/wp.ufpel.edu.br\/nepsi\/#\/schema\/logo\/image\/\"},\"sameAs\":[\"https:\/\/www.facebook.com\/ufpel.nepsi\/\",\"https:\/\/x.com\/ufpel_nepsi\",\"https:\/\/www.instagram.com\/ufpel_nepsi\",\"https:\/\/www.youtube.com\/channel\/UCMFJAGTPIQf5MMjvJCDyPDw\"]}]}<\/script>\n<!-- \/ Yoast SEO plugin. -->","yoast_head_json":{"title":"Colabora\u00e7\u00f5es -","robots":{"index":"index","follow":"follow","max-snippet":"max-snippet:-1","max-image-preview":"max-image-preview:large","max-video-preview":"max-video-preview:-1"},"canonical":"https:\/\/wp.ufpel.edu.br\/nepsi\/pesquisas\/colaboracoes-atuais\/","og_locale":"pt_BR","og_type":"article","og_title":"Colabora\u00e7\u00f5es -","og_description":"T\u00edtulo do Projeto:\u00a0 Avalia\u00e7\u00e3o do Impacto do Programa Crian\u00e7a Feliz Coordenador: C\u00e9sar G Victora (Programa de P\u00f3s-Gradua\u00e7\u00e3o em Epidemiologia) Pesquisadores: In\u00e1 da Silva dos Santos (Programa de P\u00f3s-Gradua\u00e7\u00e3o em Epidemiologia) Tiago Neuenfeld Munhoz (Curso de Psicologia e Programa de P\u00f3s-Gradua\u00e7\u00e3o em Epidemiologia) RESUMO: O objetivo do projeto ser\u00e1 avaliar o impacto do Programa Crian\u00e7a Feliz [&hellip;]","og_url":"https:\/\/wp.ufpel.edu.br\/nepsi\/pesquisas\/colaboracoes-atuais\/","article_publisher":"https:\/\/www.facebook.com\/ufpel.nepsi\/","article_modified_time":"2026-03-27T00:17:25+00:00","og_image":[{"width":867,"height":715,"url":"https:\/\/i0.wp.com\/wp.ufpel.edu.br\/nepsi\/files\/2020\/06\/MINIATURAS-LARANJA-1.png?fit=867%2C715&ssl=1","type":"image\/png"}],"twitter_card":"summary_large_image","twitter_site":"@ufpel_nepsi","twitter_misc":{"Est. tempo de leitura":"4 minutos"},"schema":{"@context":"https:\/\/schema.org","@graph":[{"@type":"WebPage","@id":"https:\/\/wp.ufpel.edu.br\/nepsi\/pesquisas\/colaboracoes-atuais\/","url":"https:\/\/wp.ufpel.edu.br\/nepsi\/pesquisas\/colaboracoes-atuais\/","name":"Colabora\u00e7\u00f5es -","isPartOf":{"@id":"https:\/\/wp.ufpel.edu.br\/nepsi\/#website"},"datePublished":"2020-07-16T00:07:50+00:00","dateModified":"2026-03-27T00:17:25+00:00","breadcrumb":{"@id":"https:\/\/wp.ufpel.edu.br\/nepsi\/pesquisas\/colaboracoes-atuais\/#breadcrumb"},"inLanguage":"pt-BR","potentialAction":[{"@type":"ReadAction","target":["https:\/\/wp.ufpel.edu.br\/nepsi\/pesquisas\/colaboracoes-atuais\/"]}]},{"@type":"BreadcrumbList","@id":"https:\/\/wp.ufpel.edu.br\/nepsi\/pesquisas\/colaboracoes-atuais\/#breadcrumb","itemListElement":[{"@type":"ListItem","position":1,"name":"In\u00edcio","item":"https:\/\/wp.ufpel.edu.br\/nepsi\/"},{"@type":"ListItem","position":2,"name":"Pesquisas","item":"https:\/\/wp.ufpel.edu.br\/nepsi\/pesquisas\/"},{"@type":"ListItem","position":3,"name":"Colabora\u00e7\u00f5es"}]},{"@type":"WebSite","@id":"https:\/\/wp.ufpel.edu.br\/nepsi\/#website","url":"https:\/\/wp.ufpel.edu.br\/nepsi\/","name":"","description":"Coordena\u00e7\u00e3o: Prof. Tiago Neuenfeld Munhoz","publisher":{"@id":"https:\/\/wp.ufpel.edu.br\/nepsi\/#organization"},"potentialAction":[{"@type":"SearchAction","target":{"@type":"EntryPoint","urlTemplate":"https:\/\/wp.ufpel.edu.br\/nepsi\/?s={search_term_string}"},"query-input":{"@type":"PropertyValueSpecification","valueRequired":true,"valueName":"search_term_string"}}],"inLanguage":"pt-BR"},{"@type":"Organization","@id":"https:\/\/wp.ufpel.edu.br\/nepsi\/#organization","name":"N\u00facleo de Estudos, Pesquisas e Interven\u00e7\u00f5es em Sa\u00fade Mental, Cogni\u00e7\u00e3o e Comportamento","url":"https:\/\/wp.ufpel.edu.br\/nepsi\/","logo":{"@type":"ImageObject","inLanguage":"pt-BR","@id":"https:\/\/wp.ufpel.edu.br\/nepsi\/#\/schema\/logo\/image\/","url":"https:\/\/i2.wp.com\/wp.ufpel.edu.br\/nepsi\/files\/2020\/06\/NEPSI-22-1.jpg?fit=632%2C591&ssl=1","contentUrl":"https:\/\/i2.wp.com\/wp.ufpel.edu.br\/nepsi\/files\/2020\/06\/NEPSI-22-1.jpg?fit=632%2C591&ssl=1","width":632,"height":591,"caption":"N\u00facleo de Estudos, Pesquisas e Interven\u00e7\u00f5es em Sa\u00fade Mental, Cogni\u00e7\u00e3o e Comportamento"},"image":{"@id":"https:\/\/wp.ufpel.edu.br\/nepsi\/#\/schema\/logo\/image\/"},"sameAs":["https:\/\/www.facebook.com\/ufpel.nepsi\/","https:\/\/x.com\/ufpel_nepsi","https:\/\/www.instagram.com\/ufpel_nepsi","https:\/\/www.youtube.com\/channel\/UCMFJAGTPIQf5MMjvJCDyPDw"]}]}},"jetpack_sharing_enabled":true,"jetpack_shortlink":"https:\/\/wp.me\/P9iCrQ-d2","jetpack_likes_enabled":true,"jetpack-related-posts":[{"id":723,"url":"https:\/\/wp.ufpel.edu.br\/nepsi\/publicacoes\/prof-tiago-n-munhoz\/","url_meta":{"origin":808,"position":0},"title":"Prof. Tiago N Munhoz","author":"nepsi","date":"26\/06\/2020","format":false,"excerpt":"Docente e Curr\u00edculo Lattes P\u00e1gina institucional Dr. Tiago Neuenfeld Munhoz Universidade Federal de Pelotas (UFPel) Psic\u00f3logo. Especialista em Terapia Cognitivo-Comportamental, Aten\u00e7\u00e3o Psicossocial e Sociologia. Mestre em Ci\u00eancias Sociais e mestre e doutor em Epidemiologia pela Universidade Federal de Pelotas (UFPel). Atualmente, Professor adjunto do curso de Psicologia e do Programa\u2026","rel":"","context":"Post similar","block_context":{"text":"Post similar","link":""},"img":{"alt_text":"","src":"","width":0,"height":0},"classes":[]},{"id":111,"url":"https:\/\/wp.ufpel.edu.br\/nepsi\/publicacoes\/","url_meta":{"origin":808,"position":1},"title":"Publica\u00e7\u00f5es","author":"nepsi","date":"21\/10\/2017","format":false,"excerpt":"Docente e Curr\u00edculo Lattes P\u00e1gina institucional Dr. Tiago Neuenfeld Munhoz Universidade Federal de Pelotas (UFPel) Psic\u00f3logo. Especialista em Terapia Cognitivo-Comportamental, Aten\u00e7\u00e3o Psicossocial e Sociologia. Mestre em Ci\u00eancias Sociais e mestre e doutor em Epidemiologia pela Universidade Federal de Pelotas (UFPel). Atualmente, Professor adjunto do curso de Psicologia e do Programa\u2026","rel":"","context":"Post similar","block_context":{"text":"Post similar","link":""},"img":{"alt_text":"","src":"","width":0,"height":0},"classes":[]},{"id":812,"url":"https:\/\/wp.ufpel.edu.br\/nepsi\/pesquisas\/pesquisas-finalizadas\/","url_meta":{"origin":808,"position":2},"title":"Pesquisas finalizadas","author":"nepsi","date":"15\/07\/2020","format":false,"excerpt":"\u00a0 Projetos anteriores T\u00edtulo do Projeto: Padr\u00f5es de sono e Transtorno do D\u00e9ficit de Aten\u00e7\u00e3o e Hiperatividade (TDAH): perspectivas observacional e gen\u00e9tica Coordenador: LUCIANA TOVO RODRIGUES\u00a0(Programa de P\u00f3s-Gradua\u00e7\u00e3o em Epidemiologia) Pesquisadores:\u00a0\u00a0Tiago Neuenfeld Munhoz (Curso de Psicologia e Programa de P\u00f3s-Gradua\u00e7\u00e3o em Epidemiologia) RESUMO: O Transtorno do D\u00e9ficit de Aten\u00e7\u00e3o e\u2026","rel":"","context":"Post similar","block_context":{"text":"Post similar","link":""},"img":{"alt_text":"","src":"","width":0,"height":0},"classes":[]},{"id":1972,"url":"https:\/\/wp.ufpel.edu.br\/nepsi\/pesquisas\/pesquisas-finalizadas\/parentalidade-e-desempenho-escolar\/","url_meta":{"origin":808,"position":3},"title":"Parentalidade e desempenho escolar","author":"nepsi","date":"10\/11\/2022","format":false,"excerpt":"Estilos parentais e desempenho escolar em crian\u00e7as (6 anos) de fam\u00edlias benefici\u00e1rias de programa nacional de transfer\u00eancia de renda: estudo longitudinal (antes, durante e ap\u00f3s pandemia COVID-19) T\u00edtulo do projeto Contexto do projeto Esta proposta se insere no contexto social de avalia\u00e7\u00e3o da popula\u00e7\u00e3o participante de programas sociais do governo\u2026","rel":"","context":"Post similar","block_context":{"text":"Post similar","link":""},"img":{"alt_text":"","src":"","width":0,"height":0},"classes":[]},{"id":2341,"url":"https:\/\/wp.ufpel.edu.br\/nepsi\/editais\/2024-2\/entrevistadores\/","url_meta":{"origin":808,"position":4},"title":"Entrevistadores","author":"nepsi","date":"17\/01\/2024","format":false,"excerpt":"Confira abaixo o EDITAL RETIFICADO, publicado \u00e0s 15h23min do dia 23\/01\/2024 EDITAL-No-01-2024-Retificado-1Baixar Divulgada a lista de inscri\u00e7\u00f5es homologadas e n\u00e3o homologadas para PROCESSO SELETIVO SIMPLIFICADO PARA SELE\u00c7\u00c3O DE ENTREVISTADORAS PARA O ACOMPANHAMENTO TELEF\u00d4NICO DOS PARTICIPANTES DO ESTUDO DE AVALIA\u00c7\u00c3O DO IMPACTO DO PROGRAMA CRIAN\u00c7A FELIZ (PCF) DO PROJETO EDITAIS CAPES\u2026","rel":"","context":"Post similar","block_context":{"text":"Post similar","link":""},"img":{"alt_text":"","src":"","width":0,"height":0},"classes":[]},{"id":2057,"url":"https:\/\/wp.ufpel.edu.br\/nepsi\/pesquisas\/pesquisas-finalizadas\/depressao-materna-e-desenvolvimento-infantil\/","url_meta":{"origin":808,"position":5},"title":"Depress\u00e3o materna e desenvolvimento infantil","author":"nepsi","date":"21\/12\/2022","format":false,"excerpt":"Depress\u00e3o materna e sua associa\u00e7\u00e3o com desenvolvimento infantil, pr\u00e1ticas parentais violentas e comportamentos agressivos em crian\u00e7as brasileiras benefici\u00e1rias do Programa Bolsa Fam\u00edlia (2018\u20132025) Contexto Esta proposta se insere no contexto social de avalia\u00e7\u00e3o da popula\u00e7\u00e3o participante de programas sociais do governo brasileiro, como o Programa Bolsa Fam\u00edlia (BPF) e Programa\u2026","rel":"","context":"Post similar","block_context":{"text":"Post similar","link":""},"img":{"alt_text":"","src":"","width":0,"height":0},"classes":[]}],"_links":{"self":[{"href":"https:\/\/wp.ufpel.edu.br\/nepsi\/wp-json\/wp\/v2\/pages\/808","targetHints":{"allow":["GET"]}}],"collection":[{"href":"https:\/\/wp.ufpel.edu.br\/nepsi\/wp-json\/wp\/v2\/pages"}],"about":[{"href":"https:\/\/wp.ufpel.edu.br\/nepsi\/wp-json\/wp\/v2\/types\/page"}],"author":[{"embeddable":true,"href":"https:\/\/wp.ufpel.edu.br\/nepsi\/wp-json\/wp\/v2\/users\/807"}],"replies":[{"embeddable":true,"href":"https:\/\/wp.ufpel.edu.br\/nepsi\/wp-json\/wp\/v2\/comments?post=808"}],"version-history":[{"count":8,"href":"https:\/\/wp.ufpel.edu.br\/nepsi\/wp-json\/wp\/v2\/pages\/808\/revisions"}],"predecessor-version":[{"id":2049,"href":"https:\/\/wp.ufpel.edu.br\/nepsi\/wp-json\/wp\/v2\/pages\/808\/revisions\/2049"}],"up":[{"embeddable":true,"href":"https:\/\/wp.ufpel.edu.br\/nepsi\/wp-json\/wp\/v2\/pages\/81"}],"wp:attachment":[{"href":"https:\/\/wp.ufpel.edu.br\/nepsi\/wp-json\/wp\/v2\/media?parent=808"}],"curies":[{"name":"wp","href":"https:\/\/api.w.org\/{rel}","templated":true}]}}