{"id":2057,"date":"2022-12-21T10:08:14","date_gmt":"2022-12-21T13:08:14","guid":{"rendered":"https:\/\/wp.ufpel.edu.br\/nepsi\/?page_id=2057"},"modified":"2026-03-05T16:29:43","modified_gmt":"2026-03-05T19:29:43","slug":"depressao-materna-e-desenvolvimento-infantil","status":"publish","type":"page","link":"https:\/\/wp.ufpel.edu.br\/nepsi\/pesquisas\/pesquisas-finalizadas\/depressao-materna-e-desenvolvimento-infantil\/","title":{"rendered":"Depress\u00e3o materna e desenvolvimento infantil"},"content":{"rendered":"\n<style>\n  :root{\n    \/* Nova paleta baseada no guia (ajustada) *\/\n    --brand: #236092;                 \/* azul principal *\/\n    --brand-strong: #1a4e78;          \/* azul mais escuro *\/\n    --brand-soft: #5f8fb8;            \/* azul claro *\/\n    --title-fg:#FFFFFF;\n\n    --text:#1f1f1f;\n    --muted:#B2B2B1;\n    --bg:#FFFFFF;\n  }\n\n  #projeto{\n    font-family: Arial, Helvetica, sans-serif;\n    line-height: 1.6;\n    max-width: 900px;\n    margin: 0 auto;\n    padding: 12px 16px;\n    color: var(--text);\n    background: var(--bg);\n  }\n  #projeto p{ margin:10px 0; }\n  #projeto ul, #projeto ol{ margin:8px 0 16px 22px; }\n\n  \/* Box inicial do t\u00edtulo *\/\n  #projeto .title-box{\n    background: linear-gradient(135deg, var(--brand), var(--brand-strong));\n    color: var(--title-fg);\n    padding: 18px 20px;\n    margin: 10px 0 22px;\n    border-radius: 10px;\n    font-weight: 700;\n    font-size: 1.35rem;\n  }\n\n  \/* T\u00edtulos das se\u00e7\u00f5es *\/\n  #projeto .section-title{\n    background: var(--brand-soft);\n    color: var(--title-fg);\n    padding: 10px 14px;\n    margin: 28px 0 12px;\n    border-radius: 6px;\n    font-weight: 700;\n  }\n  #projeto .section-title.medium{ font-size: 1.25rem; }\n\n  #projeto hr{\n    border:0;\n    border-top:1px solid var(--muted);\n    margin: 18px 0;\n  }\n<\/style>\n\n<div id=\"projeto\">\n\n  <!-- T\u00cdTULO -->\n  <div class=\"title-box\">\n    Depress\u00e3o materna e sua associa\u00e7\u00e3o com desenvolvimento infantil, pr\u00e1ticas parentais violentas e comportamentos agressivos em crian\u00e7as brasileiras benefici\u00e1rias do Programa Bolsa Fam\u00edlia (2018\u20132025)\n  <\/div>\n\n  <!-- CONTEXTO -->\n  <div class=\"section-title medium\">Contexto<\/div>\n\n  <p>\n    Esta proposta se insere no contexto social de avalia\u00e7\u00e3o da popula\u00e7\u00e3o participante de programas sociais do governo brasileiro,\n    como o Programa Bolsa Fam\u00edlia (BPF) e Programa Crian\u00e7a Feliz (PCF). No Brasil, o <em>Marco Legal da Primeira Inf\u00e2ncia<\/em>\n    (2016) (1) estabelece que as pol\u00edticas p\u00fablicas dever\u00e3o monitorar, coletar dados e avaliar periodicamente os elementos que\n    constituem a oferta dos servi\u00e7os\/programas \u00e0 crian\u00e7a. Contudo, o monitoramento do desenvolvimento na primeira inf\u00e2ncia,\n    das pr\u00e1ticas parentais e comportamentos violentos, em n\u00edvel populacional, \u00e9 desafio no Brasil e em v\u00e1rios pa\u00edses do mundo.\n    Neste cen\u00e1rio, a avalia\u00e7\u00e3o do desenvolvimento da crian\u00e7a e da sua fam\u00edlia com instrumentos adequados torna-se fundamental\n    para atingir esse objetivo.\n  <\/p>\n\n  <p>\n    A depress\u00e3o materna tem impacto negativo em diferentes aspectos do neurodesenvolvimento e sa\u00fade mental de crian\u00e7as e\n    adolescentes (2\u20136). Liu e colaboradores conduziram metan\u00e1lise de 17 estudos para avaliar os efeitos de sintomas depressivos\n    maternos no desenvolvimento cognitivo de crian\u00e7as menores de sete anos (7). Sintomas depressivos maternos foram associados\n    a redu\u00e7\u00e3o de 0,25 desvios padr\u00e3o nos escores de desenvolvimento cognitivo dos filhos. Outra revis\u00e3o sistem\u00e1tica incluiu\n    73 estudos que avaliaram as consequ\u00eancias da depress\u00e3o materna no desenvolvimento da linguagem, motor e cognitivo, al\u00e9m\n    de aspectos socioemocionais e de sa\u00fade mental das crian\u00e7as (3).\n  <\/p>\n\n  <p>\n    As pr\u00e1ticas parentais \u2014 entendidas como estrat\u00e9gias e t\u00e9cnicas utilizadas pelos pais e\/ou cuidadores para cuidar, educar e\n    possibilitar que os filhos se desenvolvam \u2014 tendem a ser mais violentas e menos afetivas em m\u00e3es deprimidas (8). Estudos\n    com filhos de m\u00e3es deprimidas mostraram padr\u00f5es de atividade cerebral semelhantes aos encontrados em adultos com depress\u00e3o\n    (9,10). Ainda, pr\u00e1ticas parentais violentas s\u00e3o um problema de sa\u00fade p\u00fablica global. Mesmo havendo conhecimento sobre as\n    repercuss\u00f5es causadas pela viol\u00eancia infantil e com a exist\u00eancia do Estatuto da Crian\u00e7a e do Adolescente (11), o Brasil ainda\n    apresenta altos \u00edndices de crian\u00e7as em situa\u00e7\u00e3o de vulnerabilidade social e expostas a viol\u00eancias (12).\n  <\/p>\n\n  <p>\n    A exposi\u00e7\u00e3o a grandes adversidades e traumas est\u00e1 associada a altera\u00e7\u00f5es no curso t\u00edpico do desenvolvimento, incluindo\n    problemas emocionais, de sa\u00fade e escolares (13). Postula-se que hist\u00f3rico de viol\u00eancia na inf\u00e2ncia reprograma o sistema\n    biol\u00f3gico de resposta ao estresse, podendo conferir risco \u00e0 tomada de decis\u00e3o impulsiva e comportamentos de risco ao longo\n    da vida, como envolvimento com drogas, comportamentos violentos e abandono escolar (14).\n  <\/p>\n\n  <p>\n    Com potencial de agravar estes problemas, em mar\u00e7o de 2020 foi decretado estado de calamidade p\u00fablica no Brasil devido \u00e0\n    pandemia de COVID-19. Especialistas alertaram para o aumento de sintomas de ansiedade, estresse e depress\u00e3o (15,16) e de\n    viol\u00eancia contra crian\u00e7as e adolescentes (17,18). Assim, o objetivo deste estudo \u00e9 avaliar estes fen\u00f4menos antes, durante e\n    ap\u00f3s a pandemia de COVID-19.\n  <\/p>\n\n  <!-- REFER\u00caNCIAS -->\n  <div class=\"section-title medium\">Refer\u00eancias<\/div>\n\n  <ol>\n    <li>BRASIL. Lei 13.257 de 8 de mar\u00e7o de 2016. Disp\u00f5e sobre as pol\u00edticas p\u00fablicas para a primeira inf\u00e2ncia.<\/li>\n    <li>Letourneau NL et al. The effect of perinatal depression treatment for mothers on parenting and child development: A systematic review. Depression and Anxiety. 2017.<\/li>\n    <li>Slomian J et al. Consequences of maternal postpartum depression: A systematic review of maternal and infant outcomes. Women&#8217;s Health. 2019.<\/li>\n    <li>Woldeyohannes D et al. The Effect of Postpartum Depression on Infant Feeding Practice in Sub-Saharan African Countries.<\/li>\n    <li>Dadi AF et al. Postnatal depression and infant health outcomes. BMC Pregnancy Childbirth. 2020.<\/li>\n    <li>Goodman SH et al. Parenting as mediator between maternal depression and child functioning. Clinical Child and Family Psychology Review. 2020.<\/li>\n    <li>Liu Y et al. Maternal depressive symptoms and early childhood cognitive development: a meta-analysis. Psychological Medicine. 2017.<\/li>\n    <li>Lovejoy MC et al. Maternal depression and parenting behavior: a meta-analytic review. Clinical Psychology Review. 2000.<\/li>\n    <li>Dawson G et al. Infants of depressed mothers exhibit atypical frontal brain activity. Journal of Child Psychology and Psychiatry. 1997.<\/li>\n    <li>Wen DJ et al. Infant frontal EEG asymmetry and postnatal maternal depression. Translational Psychiatry. 2017.<\/li>\n    <li>BRASIL. Estatuto da Crian\u00e7a e do Adolescente. 1990.<\/li>\n    <li>Hutz CS. Preven\u00e7\u00e3o e interven\u00e7\u00e3o em situa\u00e7\u00f5es de risco. Casa do Psic\u00f3logo; 2007.<\/li>\n    <li>Teicher MH et al. Effects of childhood maltreatment on brain structure and function. Nature Reviews Neuroscience. 2016.<\/li>\n    <li>Tyrka AR et al. Neurobiological correlates of childhood adversity. Acta Psychiatrica Scandinavica. 2013.<\/li>\n    <li>K\u00e4mpfen F et al. Predictors of mental health during COVID-19. PLoS One. 2020.<\/li>\n    <li>Ettman CK et al. Prevalence of depression symptoms during COVID-19 pandemic. JAMA Network Open. 2020.<\/li>\n    <li>Marques ES et al. Violence against women and children during COVID-19 pandemic. Cadernos de Sa\u00fade P\u00fablica. 2020.<\/li>\n    <li>Katz C et al. Child maltreatment in the time of COVID-19. Child Abuse &#038; Neglect. 2021.<\/li>\n    <li>Santos I et al. Estudo de Linha de Base da Avalia\u00e7\u00e3o de Impacto do Programa Crian\u00e7a Feliz. 2020.<\/li>\n    <li>Barros RP et al. Sobre as utilidades do Cadastro \u00danico. 2009.<\/li>\n    <li>Filgueiras A et al. Psychometric properties of the Brazilian-adapted Ages and Stages Questionnaire. 2013.<\/li>\n    <li>Fioravanti-bastos ACM et al. Evaluation of the Ages and Stages Questionnaire-Brazil. 2016.<\/li>\n    <li>Santana CMT et al. Ages &#038; Stages Questionnaire\u2013Brazil\u20132011 adjustments. 2015.<\/li>\n    <li>Santos IS et al. Validation of the Edinburgh Postnatal Depression Scale. 2007.<\/li>\n    <li>Matijasevich A et al. Validation of EPDS for screening of major depressive episode. BMC Psychiatry. 2014.<\/li>\n    <li>Harris PA et al. Research electronic data capture (REDCap). J Biomed Inform. 2009.<\/li>\n  <\/ol>\n\n<\/div>\n","protected":false},"excerpt":{"rendered":"<p>Depress\u00e3o materna e sua associa\u00e7\u00e3o com desenvolvimento infantil, pr\u00e1ticas parentais violentas e comportamentos agressivos em crian\u00e7as brasileiras benefici\u00e1rias do Programa Bolsa Fam\u00edlia (2018\u20132025) Contexto Esta proposta se insere no contexto social de avalia\u00e7\u00e3o da popula\u00e7\u00e3o participante de programas sociais do governo brasileiro, como o Programa Bolsa Fam\u00edlia (BPF) e Programa Crian\u00e7a Feliz (PCF). No Brasil, [&hellip;]<\/p>\n","protected":false},"author":807,"featured_media":0,"parent":812,"menu_order":1,"comment_status":"closed","ping_status":"closed","template":"","meta":{"jetpack_post_was_ever_published":false,"footnotes":""},"class_list":["post-2057","page","type-page","status-publish","hentry"],"yoast_head":"<!-- This site is optimized with the Yoast SEO plugin v26.7 - https:\/\/yoast.com\/wordpress\/plugins\/seo\/ -->\n<title>Depress\u00e3o materna e desenvolvimento infantil -<\/title>\n<meta name=\"robots\" content=\"index, follow, max-snippet:-1, max-image-preview:large, max-video-preview:-1\" \/>\n<link rel=\"canonical\" href=\"https:\/\/wp.ufpel.edu.br\/nepsi\/pesquisas\/pesquisas-finalizadas\/depressao-materna-e-desenvolvimento-infantil\/\" \/>\n<meta property=\"og:locale\" content=\"pt_BR\" \/>\n<meta property=\"og:type\" content=\"article\" \/>\n<meta property=\"og:title\" content=\"Depress\u00e3o materna e desenvolvimento infantil -\" \/>\n<meta property=\"og:description\" content=\"Depress\u00e3o materna e sua associa\u00e7\u00e3o com desenvolvimento infantil, pr\u00e1ticas parentais violentas e comportamentos agressivos em crian\u00e7as brasileiras benefici\u00e1rias do Programa Bolsa Fam\u00edlia (2018\u20132025) Contexto Esta proposta se insere no contexto social de avalia\u00e7\u00e3o da popula\u00e7\u00e3o participante de programas sociais do governo brasileiro, como o Programa Bolsa Fam\u00edlia (BPF) e Programa Crian\u00e7a Feliz (PCF). No Brasil, [&hellip;]\" \/>\n<meta property=\"og:url\" content=\"https:\/\/wp.ufpel.edu.br\/nepsi\/pesquisas\/pesquisas-finalizadas\/depressao-materna-e-desenvolvimento-infantil\/\" \/>\n<meta property=\"article:publisher\" content=\"https:\/\/www.facebook.com\/ufpel.nepsi\/\" \/>\n<meta property=\"article:modified_time\" content=\"2026-03-05T19:29:43+00:00\" \/>\n<meta property=\"og:image\" content=\"https:\/\/i0.wp.com\/wp.ufpel.edu.br\/nepsi\/files\/2020\/06\/MINIATURAS-LARANJA-1.png?fit=867%2C715&ssl=1\" \/>\n\t<meta property=\"og:image:width\" content=\"867\" \/>\n\t<meta property=\"og:image:height\" content=\"715\" \/>\n\t<meta property=\"og:image:type\" content=\"image\/png\" \/>\n<meta name=\"twitter:card\" content=\"summary_large_image\" \/>\n<meta name=\"twitter:site\" content=\"@ufpel_nepsi\" \/>\n<meta name=\"twitter:label1\" content=\"Est. tempo de leitura\" \/>\n\t<meta name=\"twitter:data1\" content=\"5 minutos\" \/>\n<script type=\"application\/ld+json\" class=\"yoast-schema-graph\">{\"@context\":\"https:\/\/schema.org\",\"@graph\":[{\"@type\":\"WebPage\",\"@id\":\"https:\/\/wp.ufpel.edu.br\/nepsi\/pesquisas\/pesquisas-finalizadas\/depressao-materna-e-desenvolvimento-infantil\/\",\"url\":\"https:\/\/wp.ufpel.edu.br\/nepsi\/pesquisas\/pesquisas-finalizadas\/depressao-materna-e-desenvolvimento-infantil\/\",\"name\":\"Depress\u00e3o materna e desenvolvimento infantil -\",\"isPartOf\":{\"@id\":\"https:\/\/wp.ufpel.edu.br\/nepsi\/#website\"},\"datePublished\":\"2022-12-21T13:08:14+00:00\",\"dateModified\":\"2026-03-05T19:29:43+00:00\",\"breadcrumb\":{\"@id\":\"https:\/\/wp.ufpel.edu.br\/nepsi\/pesquisas\/pesquisas-finalizadas\/depressao-materna-e-desenvolvimento-infantil\/#breadcrumb\"},\"inLanguage\":\"pt-BR\",\"potentialAction\":[{\"@type\":\"ReadAction\",\"target\":[\"https:\/\/wp.ufpel.edu.br\/nepsi\/pesquisas\/pesquisas-finalizadas\/depressao-materna-e-desenvolvimento-infantil\/\"]}]},{\"@type\":\"BreadcrumbList\",\"@id\":\"https:\/\/wp.ufpel.edu.br\/nepsi\/pesquisas\/pesquisas-finalizadas\/depressao-materna-e-desenvolvimento-infantil\/#breadcrumb\",\"itemListElement\":[{\"@type\":\"ListItem\",\"position\":1,\"name\":\"In\u00edcio\",\"item\":\"https:\/\/wp.ufpel.edu.br\/nepsi\/\"},{\"@type\":\"ListItem\",\"position\":2,\"name\":\"Pesquisas\",\"item\":\"https:\/\/wp.ufpel.edu.br\/nepsi\/pesquisas\/\"},{\"@type\":\"ListItem\",\"position\":3,\"name\":\"Pesquisas finalizadas\",\"item\":\"https:\/\/wp.ufpel.edu.br\/nepsi\/pesquisas\/pesquisas-finalizadas\/\"},{\"@type\":\"ListItem\",\"position\":4,\"name\":\"Depress\u00e3o materna e desenvolvimento infantil\"}]},{\"@type\":\"WebSite\",\"@id\":\"https:\/\/wp.ufpel.edu.br\/nepsi\/#website\",\"url\":\"https:\/\/wp.ufpel.edu.br\/nepsi\/\",\"name\":\"\",\"description\":\"Coordena\u00e7\u00e3o: Prof. Tiago Neuenfeld Munhoz\",\"publisher\":{\"@id\":\"https:\/\/wp.ufpel.edu.br\/nepsi\/#organization\"},\"potentialAction\":[{\"@type\":\"SearchAction\",\"target\":{\"@type\":\"EntryPoint\",\"urlTemplate\":\"https:\/\/wp.ufpel.edu.br\/nepsi\/?s={search_term_string}\"},\"query-input\":{\"@type\":\"PropertyValueSpecification\",\"valueRequired\":true,\"valueName\":\"search_term_string\"}}],\"inLanguage\":\"pt-BR\"},{\"@type\":\"Organization\",\"@id\":\"https:\/\/wp.ufpel.edu.br\/nepsi\/#organization\",\"name\":\"N\u00facleo de Estudos, Pesquisas e Interven\u00e7\u00f5es em Sa\u00fade Mental, Cogni\u00e7\u00e3o e Comportamento\",\"url\":\"https:\/\/wp.ufpel.edu.br\/nepsi\/\",\"logo\":{\"@type\":\"ImageObject\",\"inLanguage\":\"pt-BR\",\"@id\":\"https:\/\/wp.ufpel.edu.br\/nepsi\/#\/schema\/logo\/image\/\",\"url\":\"https:\/\/i2.wp.com\/wp.ufpel.edu.br\/nepsi\/files\/2020\/06\/NEPSI-22-1.jpg?fit=632%2C591&ssl=1\",\"contentUrl\":\"https:\/\/i2.wp.com\/wp.ufpel.edu.br\/nepsi\/files\/2020\/06\/NEPSI-22-1.jpg?fit=632%2C591&ssl=1\",\"width\":632,\"height\":591,\"caption\":\"N\u00facleo de Estudos, Pesquisas e Interven\u00e7\u00f5es em Sa\u00fade Mental, Cogni\u00e7\u00e3o e Comportamento\"},\"image\":{\"@id\":\"https:\/\/wp.ufpel.edu.br\/nepsi\/#\/schema\/logo\/image\/\"},\"sameAs\":[\"https:\/\/www.facebook.com\/ufpel.nepsi\/\",\"https:\/\/x.com\/ufpel_nepsi\",\"https:\/\/www.instagram.com\/ufpel_nepsi\",\"https:\/\/www.youtube.com\/channel\/UCMFJAGTPIQf5MMjvJCDyPDw\"]}]}<\/script>\n<!-- \/ Yoast SEO plugin. -->","yoast_head_json":{"title":"Depress\u00e3o materna e desenvolvimento infantil -","robots":{"index":"index","follow":"follow","max-snippet":"max-snippet:-1","max-image-preview":"max-image-preview:large","max-video-preview":"max-video-preview:-1"},"canonical":"https:\/\/wp.ufpel.edu.br\/nepsi\/pesquisas\/pesquisas-finalizadas\/depressao-materna-e-desenvolvimento-infantil\/","og_locale":"pt_BR","og_type":"article","og_title":"Depress\u00e3o materna e desenvolvimento infantil -","og_description":"Depress\u00e3o materna e sua associa\u00e7\u00e3o com desenvolvimento infantil, pr\u00e1ticas parentais violentas e comportamentos agressivos em crian\u00e7as brasileiras benefici\u00e1rias do Programa Bolsa Fam\u00edlia (2018\u20132025) Contexto Esta proposta se insere no contexto social de avalia\u00e7\u00e3o da popula\u00e7\u00e3o participante de programas sociais do governo brasileiro, como o Programa Bolsa Fam\u00edlia (BPF) e Programa Crian\u00e7a Feliz (PCF). No Brasil, [&hellip;]","og_url":"https:\/\/wp.ufpel.edu.br\/nepsi\/pesquisas\/pesquisas-finalizadas\/depressao-materna-e-desenvolvimento-infantil\/","article_publisher":"https:\/\/www.facebook.com\/ufpel.nepsi\/","article_modified_time":"2026-03-05T19:29:43+00:00","og_image":[{"width":867,"height":715,"url":"https:\/\/i0.wp.com\/wp.ufpel.edu.br\/nepsi\/files\/2020\/06\/MINIATURAS-LARANJA-1.png?fit=867%2C715&ssl=1","type":"image\/png"}],"twitter_card":"summary_large_image","twitter_site":"@ufpel_nepsi","twitter_misc":{"Est. tempo de leitura":"5 minutos"},"schema":{"@context":"https:\/\/schema.org","@graph":[{"@type":"WebPage","@id":"https:\/\/wp.ufpel.edu.br\/nepsi\/pesquisas\/pesquisas-finalizadas\/depressao-materna-e-desenvolvimento-infantil\/","url":"https:\/\/wp.ufpel.edu.br\/nepsi\/pesquisas\/pesquisas-finalizadas\/depressao-materna-e-desenvolvimento-infantil\/","name":"Depress\u00e3o materna e desenvolvimento infantil -","isPartOf":{"@id":"https:\/\/wp.ufpel.edu.br\/nepsi\/#website"},"datePublished":"2022-12-21T13:08:14+00:00","dateModified":"2026-03-05T19:29:43+00:00","breadcrumb":{"@id":"https:\/\/wp.ufpel.edu.br\/nepsi\/pesquisas\/pesquisas-finalizadas\/depressao-materna-e-desenvolvimento-infantil\/#breadcrumb"},"inLanguage":"pt-BR","potentialAction":[{"@type":"ReadAction","target":["https:\/\/wp.ufpel.edu.br\/nepsi\/pesquisas\/pesquisas-finalizadas\/depressao-materna-e-desenvolvimento-infantil\/"]}]},{"@type":"BreadcrumbList","@id":"https:\/\/wp.ufpel.edu.br\/nepsi\/pesquisas\/pesquisas-finalizadas\/depressao-materna-e-desenvolvimento-infantil\/#breadcrumb","itemListElement":[{"@type":"ListItem","position":1,"name":"In\u00edcio","item":"https:\/\/wp.ufpel.edu.br\/nepsi\/"},{"@type":"ListItem","position":2,"name":"Pesquisas","item":"https:\/\/wp.ufpel.edu.br\/nepsi\/pesquisas\/"},{"@type":"ListItem","position":3,"name":"Pesquisas finalizadas","item":"https:\/\/wp.ufpel.edu.br\/nepsi\/pesquisas\/pesquisas-finalizadas\/"},{"@type":"ListItem","position":4,"name":"Depress\u00e3o materna e desenvolvimento infantil"}]},{"@type":"WebSite","@id":"https:\/\/wp.ufpel.edu.br\/nepsi\/#website","url":"https:\/\/wp.ufpel.edu.br\/nepsi\/","name":"","description":"Coordena\u00e7\u00e3o: Prof. Tiago Neuenfeld Munhoz","publisher":{"@id":"https:\/\/wp.ufpel.edu.br\/nepsi\/#organization"},"potentialAction":[{"@type":"SearchAction","target":{"@type":"EntryPoint","urlTemplate":"https:\/\/wp.ufpel.edu.br\/nepsi\/?s={search_term_string}"},"query-input":{"@type":"PropertyValueSpecification","valueRequired":true,"valueName":"search_term_string"}}],"inLanguage":"pt-BR"},{"@type":"Organization","@id":"https:\/\/wp.ufpel.edu.br\/nepsi\/#organization","name":"N\u00facleo de Estudos, Pesquisas e Interven\u00e7\u00f5es em Sa\u00fade Mental, Cogni\u00e7\u00e3o e Comportamento","url":"https:\/\/wp.ufpel.edu.br\/nepsi\/","logo":{"@type":"ImageObject","inLanguage":"pt-BR","@id":"https:\/\/wp.ufpel.edu.br\/nepsi\/#\/schema\/logo\/image\/","url":"https:\/\/i2.wp.com\/wp.ufpel.edu.br\/nepsi\/files\/2020\/06\/NEPSI-22-1.jpg?fit=632%2C591&ssl=1","contentUrl":"https:\/\/i2.wp.com\/wp.ufpel.edu.br\/nepsi\/files\/2020\/06\/NEPSI-22-1.jpg?fit=632%2C591&ssl=1","width":632,"height":591,"caption":"N\u00facleo de Estudos, Pesquisas e Interven\u00e7\u00f5es em Sa\u00fade Mental, Cogni\u00e7\u00e3o e Comportamento"},"image":{"@id":"https:\/\/wp.ufpel.edu.br\/nepsi\/#\/schema\/logo\/image\/"},"sameAs":["https:\/\/www.facebook.com\/ufpel.nepsi\/","https:\/\/x.com\/ufpel_nepsi","https:\/\/www.instagram.com\/ufpel_nepsi","https:\/\/www.youtube.com\/channel\/UCMFJAGTPIQf5MMjvJCDyPDw"]}]}},"jetpack_sharing_enabled":true,"jetpack_shortlink":"https:\/\/wp.me\/P9iCrQ-xb","jetpack_likes_enabled":true,"jetpack-related-posts":[{"id":2862,"url":"https:\/\/wp.ufpel.edu.br\/nepsi\/pesquisas\/perfil-dos-estudantes-de-psicologia\/","url_meta":{"origin":2057,"position":0},"title":"Perfil dos estudantes de Psicologia","author":"nepsi","date":"26\/03\/2026","format":false,"excerpt":"Perfil e sa\u00fade mental de estudantes de Psicologia T\u00edtulo do projeto Contextualiza\u00e7\u00e3o A forma\u00e7\u00e3o universit\u00e1ria em Psicologia envolve desafios acad\u00eamicos, sociais e emocionais que impactam diretamente o bem-estar dos estudantes. Conhecer quem s\u00e3o esses alunos, suas trajet\u00f3rias, condi\u00e7\u00f5es de vida, expectativas e dificuldades \u00e9 fundamental para qualificar a forma\u00e7\u00e3o e\u2026","rel":"","context":"Post similar","block_context":{"text":"Post similar","link":""},"img":{"alt_text":"","src":"","width":0,"height":0},"classes":[]},{"id":2053,"url":"https:\/\/wp.ufpel.edu.br\/nepsi\/pesquisas\/prevencao-da-depressao-em-adolescentes-escolares\/","url_meta":{"origin":2057,"position":1},"title":"Preven\u00e7\u00e3o da depress\u00e3o em adolescentes escolares","author":"nepsi","date":"21\/12\/2022","format":false,"excerpt":"Preven\u00e7\u00e3o da depress\u00e3o em adolescentes escolares: explorando a aplicabilidade e efetividade de uma interven\u00e7\u00e3o cognitivo-comportamental T\u00edtulo do projeto Contextualiza\u00e7\u00e3o A adolesc\u00eancia \u00e9 uma fase vulner\u00e1vel ao desenvolvimento de transtornos mentais, como a depress\u00e3o, que afeta significativamente o bem-estar e o desenvolvimento dos jovens. Estima-se que metade dos problemas de sa\u00fade\u2026","rel":"","context":"Post similar","block_context":{"text":"Post similar","link":""},"img":{"alt_text":"","src":"","width":0,"height":0},"classes":[]},{"id":723,"url":"https:\/\/wp.ufpel.edu.br\/nepsi\/publicacoes\/prof-tiago-n-munhoz\/","url_meta":{"origin":2057,"position":2},"title":"Prof. Tiago N Munhoz","author":"nepsi","date":"26\/06\/2020","format":false,"excerpt":"Docente e Curr\u00edculo Lattes P\u00e1gina institucional Dr. Tiago Neuenfeld Munhoz Universidade Federal de Pelotas (UFPel) Psic\u00f3logo. Especialista em Terapia Cognitivo-Comportamental, Aten\u00e7\u00e3o Psicossocial e Sociologia. Mestre em Ci\u00eancias Sociais e mestre e doutor em Epidemiologia pela Universidade Federal de Pelotas (UFPel). Atualmente, Professor adjunto do curso de Psicologia e do Programa\u2026","rel":"","context":"Post similar","block_context":{"text":"Post similar","link":""},"img":{"alt_text":"","src":"","width":0,"height":0},"classes":[]},{"id":111,"url":"https:\/\/wp.ufpel.edu.br\/nepsi\/publicacoes\/","url_meta":{"origin":2057,"position":3},"title":"Publica\u00e7\u00f5es","author":"nepsi","date":"21\/10\/2017","format":false,"excerpt":"Docente e Curr\u00edculo Lattes P\u00e1gina institucional Dr. Tiago Neuenfeld Munhoz Universidade Federal de Pelotas (UFPel) Psic\u00f3logo. Especialista em Terapia Cognitivo-Comportamental, Aten\u00e7\u00e3o Psicossocial e Sociologia. Mestre em Ci\u00eancias Sociais e mestre e doutor em Epidemiologia pela Universidade Federal de Pelotas (UFPel). Atualmente, Professor adjunto do curso de Psicologia e do Programa\u2026","rel":"","context":"Post similar","block_context":{"text":"Post similar","link":""},"img":{"alt_text":"","src":"","width":0,"height":0},"classes":[]},{"id":1972,"url":"https:\/\/wp.ufpel.edu.br\/nepsi\/pesquisas\/pesquisas-finalizadas\/parentalidade-e-desempenho-escolar\/","url_meta":{"origin":2057,"position":4},"title":"Parentalidade e desempenho escolar","author":"nepsi","date":"10\/11\/2022","format":false,"excerpt":"Estilos parentais e desempenho escolar em crian\u00e7as (6 anos) de fam\u00edlias benefici\u00e1rias de programa nacional de transfer\u00eancia de renda: estudo longitudinal (antes, durante e ap\u00f3s pandemia COVID-19) T\u00edtulo do projeto Contexto do projeto Esta proposta se insere no contexto social de avalia\u00e7\u00e3o da popula\u00e7\u00e3o participante de programas sociais do governo\u2026","rel":"","context":"Post similar","block_context":{"text":"Post similar","link":""},"img":{"alt_text":"","src":"","width":0,"height":0},"classes":[]},{"id":2637,"url":"https:\/\/wp.ufpel.edu.br\/nepsi\/editais\/2025-2\/assistentes-de-pesquisa\/","url_meta":{"origin":2057,"position":5},"title":"Assistentes de pesquisa","author":"nepsi","date":"09\/06\/2025","format":false,"excerpt":"Assistente de Pesquisa - Edital 02\/2025 Assistente de Pesquisa Edital 02\/2025 Publicado em: 05 de agosto de 2025 Est\u00e1 dispon\u00edvel o edital para a sele\u00e7\u00e3o de Assistente de Pesquisa no \u00e2mbito do projeto NEPSI da UFPel. Os interessados devem consultar o documento completo no link abaixo: Acessar Edital 02\/2025 (PDF)","rel":"","context":"Post similar","block_context":{"text":"Post similar","link":""},"img":{"alt_text":"","src":"","width":0,"height":0},"classes":[]}],"_links":{"self":[{"href":"https:\/\/wp.ufpel.edu.br\/nepsi\/wp-json\/wp\/v2\/pages\/2057","targetHints":{"allow":["GET"]}}],"collection":[{"href":"https:\/\/wp.ufpel.edu.br\/nepsi\/wp-json\/wp\/v2\/pages"}],"about":[{"href":"https:\/\/wp.ufpel.edu.br\/nepsi\/wp-json\/wp\/v2\/types\/page"}],"author":[{"embeddable":true,"href":"https:\/\/wp.ufpel.edu.br\/nepsi\/wp-json\/wp\/v2\/users\/807"}],"replies":[{"embeddable":true,"href":"https:\/\/wp.ufpel.edu.br\/nepsi\/wp-json\/wp\/v2\/comments?post=2057"}],"version-history":[{"count":2,"href":"https:\/\/wp.ufpel.edu.br\/nepsi\/wp-json\/wp\/v2\/pages\/2057\/revisions"}],"predecessor-version":[{"id":2824,"href":"https:\/\/wp.ufpel.edu.br\/nepsi\/wp-json\/wp\/v2\/pages\/2057\/revisions\/2824"}],"up":[{"embeddable":true,"href":"https:\/\/wp.ufpel.edu.br\/nepsi\/wp-json\/wp\/v2\/pages\/812"}],"wp:attachment":[{"href":"https:\/\/wp.ufpel.edu.br\/nepsi\/wp-json\/wp\/v2\/media?parent=2057"}],"curies":[{"name":"wp","href":"https:\/\/api.w.org\/{rel}","templated":true}]}}