{"id":1639,"date":"2021-08-30T19:18:33","date_gmt":"2021-08-30T22:18:33","guid":{"rendered":"https:\/\/wp.ufpel.edu.br\/nepsi\/?page_id=1639"},"modified":"2021-08-30T19:29:06","modified_gmt":"2021-08-30T22:29:06","slug":"2021-2","status":"publish","type":"page","link":"https:\/\/wp.ufpel.edu.br\/nepsi\/editais\/2021-2\/","title":{"rendered":"2021"},"content":{"rendered":"<p style=\"text-align: center\"><span style=\"background-color: #f75200;color: #ffffff\"><strong>ACESSE O EDITAL:<\/strong><\/span> <span style=\"color: #f75200\"><a style=\"color: #f75200\" href=\"https:\/\/wp.ufpel.edu.br\/nepsi\/editais\/2021-2\/edital-posdoc-nepsi\/\" rel=\"attachment wp-att-1645\">2021 &#8211; EDITAL P\u00daBLICO &#8211; DUAS VAGAS DE P\u00d3S-DOUTORADO\u00a0<\/a><\/span><\/p>\n<p style=\"text-align: center\"><span style=\"color: #000000\"><a style=\"color: #000000\" href=\"https:\/\/wp.ufpel.edu.br\/nepsi\/editais\/2021-2\/panfleto-divulgacao-posdoc-nepsi-2\/\" target=\"_blank\" rel=\"attachment noopener wp-att-1643\">Divulga\u00e7\u00e3o DUAS VAGAS DE P\u00d3S-DOUTORADO\u00a0<\/a><\/span><\/p>\n<p>&nbsp;<\/p>\n<p><a href=\"https:\/\/wp.ufpel.edu.br\/nepsi\/files\/2021\/08\/Panfleto.jpg\"><img data-attachment-id=\"1646\" data-permalink=\"https:\/\/wp.ufpel.edu.br\/nepsi\/editais\/2021-2\/panfleto\/\" data-orig-file=\"https:\/\/i0.wp.com\/wp.ufpel.edu.br\/nepsi\/files\/2021\/08\/Panfleto.jpg?fit=1414%2C2000&amp;ssl=1\" data-orig-size=\"1414,2000\" data-comments-opened=\"0\" data-image-meta=\"{&quot;aperture&quot;:&quot;0&quot;,&quot;credit&quot;:&quot;&quot;,&quot;camera&quot;:&quot;&quot;,&quot;caption&quot;:&quot;&quot;,&quot;created_timestamp&quot;:&quot;0&quot;,&quot;copyright&quot;:&quot;&quot;,&quot;focal_length&quot;:&quot;0&quot;,&quot;iso&quot;:&quot;0&quot;,&quot;shutter_speed&quot;:&quot;0&quot;,&quot;title&quot;:&quot;&quot;,&quot;orientation&quot;:&quot;1&quot;}\" data-image-title=\"Panfleto\" data-image-description=\"\" data-image-caption=\"\" data-medium-file=\"https:\/\/i0.wp.com\/wp.ufpel.edu.br\/nepsi\/files\/2021\/08\/Panfleto.jpg?fit=424%2C600&amp;ssl=1\" data-large-file=\"https:\/\/i0.wp.com\/wp.ufpel.edu.br\/nepsi\/files\/2021\/08\/Panfleto.jpg?fit=724%2C1024&amp;ssl=1\" class=\"aligncenter size-large wp-image-1646\"  src=\"data:image\/svg+xml,%3Csvg xmlns=\"http:\/\/www.w3.org\/2000\/svg\" viewBox=\"0 0 1 1\"%3E%3C\/svg%3E\" data-src=\"https:\/\/wp.ufpel.edu.br\/nepsi\/files\/2021\/08\/Panfleto-724x1024.jpg\" class=\"lazy-load\" loading=\"lazy\" decoding=\"async\" alt=\"\" width=\"724\" height=\"1024\" \/><\/a><\/p>\n","protected":false},"excerpt":{"rendered":"<p>ACESSE O EDITAL: 2021 &#8211; EDITAL P\u00daBLICO &#8211; DUAS VAGAS DE P\u00d3S-DOUTORADO\u00a0 Divulga\u00e7\u00e3o DUAS VAGAS DE P\u00d3S-DOUTORADO\u00a0 &nbsp;<\/p>\n","protected":false},"author":807,"featured_media":1646,"parent":1635,"menu_order":0,"comment_status":"closed","ping_status":"closed","template":"","meta":{"jetpack_post_was_ever_published":false,"footnotes":""},"class_list":["post-1639","page","type-page","status-publish","has-post-thumbnail","hentry"],"yoast_head":"<!-- This site is optimized with the Yoast SEO plugin v26.7 - https:\/\/yoast.com\/wordpress\/plugins\/seo\/ -->\n<title>2021 -<\/title>\n<meta name=\"robots\" content=\"index, follow, max-snippet:-1, max-image-preview:large, max-video-preview:-1\" \/>\n<link rel=\"canonical\" href=\"https:\/\/wp.ufpel.edu.br\/nepsi\/editais\/2021-2\/\" \/>\n<meta property=\"og:locale\" content=\"pt_BR\" \/>\n<meta property=\"og:type\" content=\"article\" \/>\n<meta property=\"og:title\" content=\"Vagas para P\u00f3s-Doutorado NEPSI-UFPel\" \/>\n<meta property=\"og:description\" content=\"ACESSE O EDITAL: 2021 &#8211; EDITAL P\u00daBLICO &#8211; DUAS VAGAS DE P\u00d3S-DOUTORADO\u00a0 Divulga\u00e7\u00e3o DUAS VAGAS DE P\u00d3S-DOUTORADO\u00a0 &nbsp;\" \/>\n<meta property=\"og:url\" content=\"https:\/\/wp.ufpel.edu.br\/nepsi\/editais\/2021-2\/\" \/>\n<meta property=\"article:publisher\" content=\"https:\/\/www.facebook.com\/ufpel.nepsi\/\" \/>\n<meta property=\"article:modified_time\" content=\"2021-08-30T22:29:06+00:00\" \/>\n<meta property=\"og:image\" content=\"https:\/\/i1.wp.com\/wp.ufpel.edu.br\/nepsi\/files\/2021\/08\/Imagem-1.jpg?fit=1414%2C1461&ssl=1\" \/>\n\t<meta property=\"og:image:width\" content=\"1414\" \/>\n\t<meta property=\"og:image:height\" content=\"1461\" \/>\n\t<meta property=\"og:image:type\" content=\"image\/jpeg\" \/>\n<meta name=\"twitter:card\" content=\"summary_large_image\" \/>\n<meta name=\"twitter:title\" content=\"Vagas para P\u00f3s-Doutorado NEPSI-UFPel\" \/>\n<meta name=\"twitter:image\" content=\"https:\/\/i0.wp.com\/wp.ufpel.edu.br\/nepsi\/files\/2021\/08\/Imagem-1.jpg?fit=1414%2C1461&ssl=1\" \/>\n<meta name=\"twitter:site\" content=\"@ufpel_nepsi\" \/>\n<meta name=\"twitter:label1\" content=\"Est. tempo de leitura\" \/>\n\t<meta name=\"twitter:data1\" content=\"1 minuto\" \/>\n<script type=\"application\/ld+json\" class=\"yoast-schema-graph\">{\"@context\":\"https:\/\/schema.org\",\"@graph\":[{\"@type\":\"WebPage\",\"@id\":\"https:\/\/wp.ufpel.edu.br\/nepsi\/editais\/2021-2\/\",\"url\":\"https:\/\/wp.ufpel.edu.br\/nepsi\/editais\/2021-2\/\",\"name\":\"2021 -\",\"isPartOf\":{\"@id\":\"https:\/\/wp.ufpel.edu.br\/nepsi\/#website\"},\"primaryImageOfPage\":{\"@id\":\"https:\/\/wp.ufpel.edu.br\/nepsi\/editais\/2021-2\/#primaryimage\"},\"image\":{\"@id\":\"https:\/\/wp.ufpel.edu.br\/nepsi\/editais\/2021-2\/#primaryimage\"},\"thumbnailUrl\":\"https:\/\/i0.wp.com\/wp.ufpel.edu.br\/nepsi\/files\/2021\/08\/Panfleto.jpg?fit=1414%2C2000&ssl=1\",\"datePublished\":\"2021-08-30T22:18:33+00:00\",\"dateModified\":\"2021-08-30T22:29:06+00:00\",\"breadcrumb\":{\"@id\":\"https:\/\/wp.ufpel.edu.br\/nepsi\/editais\/2021-2\/#breadcrumb\"},\"inLanguage\":\"pt-BR\",\"potentialAction\":[{\"@type\":\"ReadAction\",\"target\":[\"https:\/\/wp.ufpel.edu.br\/nepsi\/editais\/2021-2\/\"]}]},{\"@type\":\"ImageObject\",\"inLanguage\":\"pt-BR\",\"@id\":\"https:\/\/wp.ufpel.edu.br\/nepsi\/editais\/2021-2\/#primaryimage\",\"url\":\"https:\/\/i0.wp.com\/wp.ufpel.edu.br\/nepsi\/files\/2021\/08\/Panfleto.jpg?fit=1414%2C2000&ssl=1\",\"contentUrl\":\"https:\/\/i0.wp.com\/wp.ufpel.edu.br\/nepsi\/files\/2021\/08\/Panfleto.jpg?fit=1414%2C2000&ssl=1\",\"width\":1414,\"height\":2000},{\"@type\":\"BreadcrumbList\",\"@id\":\"https:\/\/wp.ufpel.edu.br\/nepsi\/editais\/2021-2\/#breadcrumb\",\"itemListElement\":[{\"@type\":\"ListItem\",\"position\":1,\"name\":\"In\u00edcio\",\"item\":\"https:\/\/wp.ufpel.edu.br\/nepsi\/\"},{\"@type\":\"ListItem\",\"position\":2,\"name\":\"Editais\",\"item\":\"https:\/\/wp.ufpel.edu.br\/nepsi\/editais\/\"},{\"@type\":\"ListItem\",\"position\":3,\"name\":\"2021\"}]},{\"@type\":\"WebSite\",\"@id\":\"https:\/\/wp.ufpel.edu.br\/nepsi\/#website\",\"url\":\"https:\/\/wp.ufpel.edu.br\/nepsi\/\",\"name\":\"\",\"description\":\"Coordena\u00e7\u00e3o: Prof. Tiago Neuenfeld Munhoz\",\"publisher\":{\"@id\":\"https:\/\/wp.ufpel.edu.br\/nepsi\/#organization\"},\"potentialAction\":[{\"@type\":\"SearchAction\",\"target\":{\"@type\":\"EntryPoint\",\"urlTemplate\":\"https:\/\/wp.ufpel.edu.br\/nepsi\/?s={search_term_string}\"},\"query-input\":{\"@type\":\"PropertyValueSpecification\",\"valueRequired\":true,\"valueName\":\"search_term_string\"}}],\"inLanguage\":\"pt-BR\"},{\"@type\":\"Organization\",\"@id\":\"https:\/\/wp.ufpel.edu.br\/nepsi\/#organization\",\"name\":\"N\u00facleo de Estudos, Pesquisas e Interven\u00e7\u00f5es em Sa\u00fade Mental, Cogni\u00e7\u00e3o e Comportamento\",\"url\":\"https:\/\/wp.ufpel.edu.br\/nepsi\/\",\"logo\":{\"@type\":\"ImageObject\",\"inLanguage\":\"pt-BR\",\"@id\":\"https:\/\/wp.ufpel.edu.br\/nepsi\/#\/schema\/logo\/image\/\",\"url\":\"https:\/\/i2.wp.com\/wp.ufpel.edu.br\/nepsi\/files\/2020\/06\/NEPSI-22-1.jpg?fit=632%2C591&ssl=1\",\"contentUrl\":\"https:\/\/i2.wp.com\/wp.ufpel.edu.br\/nepsi\/files\/2020\/06\/NEPSI-22-1.jpg?fit=632%2C591&ssl=1\",\"width\":632,\"height\":591,\"caption\":\"N\u00facleo de Estudos, Pesquisas e Interven\u00e7\u00f5es em Sa\u00fade Mental, Cogni\u00e7\u00e3o e Comportamento\"},\"image\":{\"@id\":\"https:\/\/wp.ufpel.edu.br\/nepsi\/#\/schema\/logo\/image\/\"},\"sameAs\":[\"https:\/\/www.facebook.com\/ufpel.nepsi\/\",\"https:\/\/x.com\/ufpel_nepsi\",\"https:\/\/www.instagram.com\/ufpel_nepsi\",\"https:\/\/www.youtube.com\/channel\/UCMFJAGTPIQf5MMjvJCDyPDw\"]}]}<\/script>\n<!-- \/ Yoast SEO plugin. -->","yoast_head_json":{"title":"2021 -","robots":{"index":"index","follow":"follow","max-snippet":"max-snippet:-1","max-image-preview":"max-image-preview:large","max-video-preview":"max-video-preview:-1"},"canonical":"https:\/\/wp.ufpel.edu.br\/nepsi\/editais\/2021-2\/","og_locale":"pt_BR","og_type":"article","og_title":"Vagas para P\u00f3s-Doutorado NEPSI-UFPel","og_description":"ACESSE O EDITAL: 2021 &#8211; EDITAL P\u00daBLICO &#8211; DUAS VAGAS DE P\u00d3S-DOUTORADO\u00a0 Divulga\u00e7\u00e3o DUAS VAGAS DE P\u00d3S-DOUTORADO\u00a0 &nbsp;","og_url":"https:\/\/wp.ufpel.edu.br\/nepsi\/editais\/2021-2\/","article_publisher":"https:\/\/www.facebook.com\/ufpel.nepsi\/","article_modified_time":"2021-08-30T22:29:06+00:00","og_image":[{"width":1414,"height":1461,"url":"https:\/\/i1.wp.com\/wp.ufpel.edu.br\/nepsi\/files\/2021\/08\/Imagem-1.jpg?fit=1414%2C1461&ssl=1","type":"image\/jpeg"}],"twitter_card":"summary_large_image","twitter_title":"Vagas para P\u00f3s-Doutorado NEPSI-UFPel","twitter_image":"https:\/\/i0.wp.com\/wp.ufpel.edu.br\/nepsi\/files\/2021\/08\/Imagem-1.jpg?fit=1414%2C1461&ssl=1","twitter_site":"@ufpel_nepsi","twitter_misc":{"Est. tempo de leitura":"1 minuto"},"schema":{"@context":"https:\/\/schema.org","@graph":[{"@type":"WebPage","@id":"https:\/\/wp.ufpel.edu.br\/nepsi\/editais\/2021-2\/","url":"https:\/\/wp.ufpel.edu.br\/nepsi\/editais\/2021-2\/","name":"2021 -","isPartOf":{"@id":"https:\/\/wp.ufpel.edu.br\/nepsi\/#website"},"primaryImageOfPage":{"@id":"https:\/\/wp.ufpel.edu.br\/nepsi\/editais\/2021-2\/#primaryimage"},"image":{"@id":"https:\/\/wp.ufpel.edu.br\/nepsi\/editais\/2021-2\/#primaryimage"},"thumbnailUrl":"https:\/\/i0.wp.com\/wp.ufpel.edu.br\/nepsi\/files\/2021\/08\/Panfleto.jpg?fit=1414%2C2000&ssl=1","datePublished":"2021-08-30T22:18:33+00:00","dateModified":"2021-08-30T22:29:06+00:00","breadcrumb":{"@id":"https:\/\/wp.ufpel.edu.br\/nepsi\/editais\/2021-2\/#breadcrumb"},"inLanguage":"pt-BR","potentialAction":[{"@type":"ReadAction","target":["https:\/\/wp.ufpel.edu.br\/nepsi\/editais\/2021-2\/"]}]},{"@type":"ImageObject","inLanguage":"pt-BR","@id":"https:\/\/wp.ufpel.edu.br\/nepsi\/editais\/2021-2\/#primaryimage","url":"https:\/\/i0.wp.com\/wp.ufpel.edu.br\/nepsi\/files\/2021\/08\/Panfleto.jpg?fit=1414%2C2000&ssl=1","contentUrl":"https:\/\/i0.wp.com\/wp.ufpel.edu.br\/nepsi\/files\/2021\/08\/Panfleto.jpg?fit=1414%2C2000&ssl=1","width":1414,"height":2000},{"@type":"BreadcrumbList","@id":"https:\/\/wp.ufpel.edu.br\/nepsi\/editais\/2021-2\/#breadcrumb","itemListElement":[{"@type":"ListItem","position":1,"name":"In\u00edcio","item":"https:\/\/wp.ufpel.edu.br\/nepsi\/"},{"@type":"ListItem","position":2,"name":"Editais","item":"https:\/\/wp.ufpel.edu.br\/nepsi\/editais\/"},{"@type":"ListItem","position":3,"name":"2021"}]},{"@type":"WebSite","@id":"https:\/\/wp.ufpel.edu.br\/nepsi\/#website","url":"https:\/\/wp.ufpel.edu.br\/nepsi\/","name":"","description":"Coordena\u00e7\u00e3o: Prof. Tiago Neuenfeld Munhoz","publisher":{"@id":"https:\/\/wp.ufpel.edu.br\/nepsi\/#organization"},"potentialAction":[{"@type":"SearchAction","target":{"@type":"EntryPoint","urlTemplate":"https:\/\/wp.ufpel.edu.br\/nepsi\/?s={search_term_string}"},"query-input":{"@type":"PropertyValueSpecification","valueRequired":true,"valueName":"search_term_string"}}],"inLanguage":"pt-BR"},{"@type":"Organization","@id":"https:\/\/wp.ufpel.edu.br\/nepsi\/#organization","name":"N\u00facleo de Estudos, Pesquisas e Interven\u00e7\u00f5es em Sa\u00fade Mental, Cogni\u00e7\u00e3o e Comportamento","url":"https:\/\/wp.ufpel.edu.br\/nepsi\/","logo":{"@type":"ImageObject","inLanguage":"pt-BR","@id":"https:\/\/wp.ufpel.edu.br\/nepsi\/#\/schema\/logo\/image\/","url":"https:\/\/i2.wp.com\/wp.ufpel.edu.br\/nepsi\/files\/2020\/06\/NEPSI-22-1.jpg?fit=632%2C591&ssl=1","contentUrl":"https:\/\/i2.wp.com\/wp.ufpel.edu.br\/nepsi\/files\/2020\/06\/NEPSI-22-1.jpg?fit=632%2C591&ssl=1","width":632,"height":591,"caption":"N\u00facleo de Estudos, Pesquisas e Interven\u00e7\u00f5es em Sa\u00fade Mental, Cogni\u00e7\u00e3o e Comportamento"},"image":{"@id":"https:\/\/wp.ufpel.edu.br\/nepsi\/#\/schema\/logo\/image\/"},"sameAs":["https:\/\/www.facebook.com\/ufpel.nepsi\/","https:\/\/x.com\/ufpel_nepsi","https:\/\/www.instagram.com\/ufpel_nepsi","https:\/\/www.youtube.com\/channel\/UCMFJAGTPIQf5MMjvJCDyPDw"]}]}},"jetpack_sharing_enabled":true,"jetpack_shortlink":"https:\/\/wp.me\/P9iCrQ-qr","jetpack_likes_enabled":true,"jetpack-related-posts":[{"id":2014,"url":"https:\/\/wp.ufpel.edu.br\/nepsi\/editais\/2022-2\/pos-doutorado\/","url_meta":{"origin":1639,"position":0},"title":"P\u00f3s-Doutorado","author":"nepsi","date":"20\/11\/2022","format":false,"excerpt":"EDITAL P\u00daBLICO DE SELE\u00c7\u00c3O DE BOLSISTA P\u00d3S-DOUTORADO CAPES - Edital da CAPES n\u00b0 12\/2022 \u2013 Fam\u00edlia e Pol\u00edticas P\u00fablicas no Brasil II \u00a0RETIFICA\u00c7\u00c3O 01","rel":"","context":"Post similar","block_context":{"text":"Post similar","link":""},"img":{"alt_text":"","src":"","width":0,"height":0},"classes":[]},{"id":2341,"url":"https:\/\/wp.ufpel.edu.br\/nepsi\/editais\/2024-2\/entrevistadores\/","url_meta":{"origin":1639,"position":1},"title":"Entrevistadores","author":"nepsi","date":"17\/01\/2024","format":false,"excerpt":"Confira abaixo o EDITAL RETIFICADO, publicado \u00e0s 15h23min do dia 23\/01\/2024 EDITAL-No-01-2024-Retificado-1Baixar Divulgada a lista de inscri\u00e7\u00f5es homologadas e n\u00e3o homologadas para PROCESSO SELETIVO SIMPLIFICADO PARA SELE\u00c7\u00c3O DE ENTREVISTADORAS PARA O ACOMPANHAMENTO TELEF\u00d4NICO DOS PARTICIPANTES DO ESTUDO DE AVALIA\u00c7\u00c3O DO IMPACTO DO PROGRAMA CRIAN\u00c7A FELIZ (PCF) DO PROJETO EDITAIS CAPES\u2026","rel":"","context":"Post similar","block_context":{"text":"Post similar","link":""},"img":{"alt_text":"","src":"","width":0,"height":0},"classes":[]},{"id":105,"url":"https:\/\/wp.ufpel.edu.br\/nepsi\/equipe\/","url_meta":{"origin":1639,"position":2},"title":"Equipe","author":"nepsi","date":"21\/10\/2017","format":false,"excerpt":"Coordena\u00e7\u00e3o geral Tiago Neuenfeld Munhoz Professor do Curso de Psicologia \u2013 UFPel Curr\u00edculo Lattes Contato (e-mail) Equipe discente Produ\u00e7\u00f5es (desde 2016) \u2014 organizado por ano Tabelas por ano (ordem decrescente). 2025 TipoAnoNome Inicia\u00e7\u00e3o Cient\u00edfica (em andamento)2025LUISA PALMERO LORENZON Inicia\u00e7\u00e3o Cient\u00edfica (em andamento)2025NATALI PERES DE OLIVEIRA Mestrado (em andamento)2025Ja\u00edne Corr\u00eaa Pereira\u2026","rel":"","context":"Post similar","block_context":{"text":"Post similar","link":""},"img":{"alt_text":"","src":"","width":0,"height":0},"classes":[]},{"id":1388,"url":"https:\/\/wp.ufpel.edu.br\/nepsi\/midia\/","url_meta":{"origin":1639,"position":3},"title":"M\u00eddia","author":"nepsi","date":"30\/03\/2021","format":false,"excerpt":"Leituras recomendadas: Maternal depression found to disrupt key parenting behaviors - News Medical Maternal depression linked to poor parenting outcomes - Contemporary OB\/GYN The impact of maternal depression on parenting - Medxy.ai Maternal depression and child bonding - Neuroscience News Maternal depression and child bonding (post) - Neuroscience News (X\/Twitter)\u2026","rel":"","context":"Post similar","block_context":{"text":"Post similar","link":""},"img":{"alt_text":"","src":"","width":0,"height":0},"classes":[]},{"id":1998,"url":"https:\/\/wp.ufpel.edu.br\/nepsi\/editais\/2022-2\/","url_meta":{"origin":1639,"position":4},"title":"2022","author":"nepsi","date":"20\/11\/2022","format":false,"excerpt":"https:\/\/wp.ufpel.edu.br\/nepsi\/editais\/2022-2\/mestrado https:\/\/wp.ufpel.edu.br\/nepsi\/editais\/2022-2\/pos-doutorado","rel":"","context":"Post similar","block_context":{"text":"Post similar","link":""},"img":{"alt_text":"","src":"","width":0,"height":0},"classes":[]},{"id":2637,"url":"https:\/\/wp.ufpel.edu.br\/nepsi\/editais\/2025-2\/assistentes-de-pesquisa\/","url_meta":{"origin":1639,"position":5},"title":"Assistentes de pesquisa","author":"nepsi","date":"09\/06\/2025","format":false,"excerpt":"Assistente de Pesquisa - Edital 02\/2025 Assistente de Pesquisa Edital 02\/2025 Publicado em: 05 de agosto de 2025 Est\u00e1 dispon\u00edvel o edital para a sele\u00e7\u00e3o de Assistente de Pesquisa no \u00e2mbito do projeto NEPSI da UFPel. Os interessados devem consultar o documento completo no link abaixo: Acessar Edital 02\/2025 (PDF)","rel":"","context":"Post similar","block_context":{"text":"Post similar","link":""},"img":{"alt_text":"","src":"","width":0,"height":0},"classes":[]}],"_links":{"self":[{"href":"https:\/\/wp.ufpel.edu.br\/nepsi\/wp-json\/wp\/v2\/pages\/1639","targetHints":{"allow":["GET"]}}],"collection":[{"href":"https:\/\/wp.ufpel.edu.br\/nepsi\/wp-json\/wp\/v2\/pages"}],"about":[{"href":"https:\/\/wp.ufpel.edu.br\/nepsi\/wp-json\/wp\/v2\/types\/page"}],"author":[{"embeddable":true,"href":"https:\/\/wp.ufpel.edu.br\/nepsi\/wp-json\/wp\/v2\/users\/807"}],"replies":[{"embeddable":true,"href":"https:\/\/wp.ufpel.edu.br\/nepsi\/wp-json\/wp\/v2\/comments?post=1639"}],"version-history":[{"count":4,"href":"https:\/\/wp.ufpel.edu.br\/nepsi\/wp-json\/wp\/v2\/pages\/1639\/revisions"}],"predecessor-version":[{"id":1644,"href":"https:\/\/wp.ufpel.edu.br\/nepsi\/wp-json\/wp\/v2\/pages\/1639\/revisions\/1644"}],"up":[{"embeddable":true,"href":"https:\/\/wp.ufpel.edu.br\/nepsi\/wp-json\/wp\/v2\/pages\/1635"}],"wp:featuredmedia":[{"embeddable":true,"href":"https:\/\/wp.ufpel.edu.br\/nepsi\/wp-json\/wp\/v2\/media\/1646"}],"wp:attachment":[{"href":"https:\/\/wp.ufpel.edu.br\/nepsi\/wp-json\/wp\/v2\/media?parent=1639"}],"curies":[{"name":"wp","href":"https:\/\/api.w.org\/{rel}","templated":true}]}}