{"id":215,"date":"2019-10-09T16:24:44","date_gmt":"2019-10-09T19:24:44","guid":{"rendered":"https:\/\/wp.ufpel.edu.br\/neppe\/?page_id=215"},"modified":"2026-03-10T15:29:27","modified_gmt":"2026-03-10T18:29:27","slug":"pesquisas","status":"publish","type":"page","link":"https:\/\/wp.ufpel.edu.br\/neppe\/pesquisas\/","title":{"rendered":"Pesquisas"},"content":{"rendered":"<h2><span style=\"color: #000000; font-size: 14pt; background-color: #ffffff;\">Pesquisa atual:<\/span><\/h2>\n<p><span style=\"color: #000000;\">&#8220;<a href=\"https:\/\/wp.ufpel.edu.br\/neppe\/pesquisas\/atual\/as-contribicoes-entre-o-setor-publico-e-privado-para-qualidade-da-educacao-nos-municipios-do-rio-grande-do-sul-2021-2024-a-luz-dos-objetivos-do-desenvolvimento-sustentavel\/\">As contribui\u00e7\u00f5es entre o setor p\u00fablico e privado para qualidade da educa\u00e7\u00e3o nos munic\u00edpios do Rio Grande do Sul (2021-2024), \u00e0 luz dos Objetivos do Desenvolvimento Sustent\u00e1vel<\/a>&#8221; (2026 &#8211; atual)<\/span><\/p>\n<p>&nbsp;<\/p>\n<p>&#8220;<a href=\"https:\/\/wp.ufpel.edu.br\/neppe\/pesquisas\/atual\/a-contrarrevolucao-da-nova-gestao-publica-na-educacao-publica-basica-no-estado-do-rs-e-em-bogota-dc-2016-2024\/\">A contrarrevolu\u00e7\u00e3o da Nova Gest\u00e3o P\u00fablica na educa\u00e7\u00e3o p\u00fablica b\u00e1sica no estado do RS e em Bogot\u00e1, DC (2016-2024)&#8221;<\/a> (2026 &#8211; atual)<\/p>\n<p>&nbsp;<\/p>\n<p><span style=\"font-size: 12pt; background-color: #ffffff; color: #000000;\"><a style=\"background-color: #ffffff; color: #000000;\" href=\"https:\/\/wp.ufpel.edu.br\/neppe\/pesquisas\/metapesquisa\/\">&#8220;Levantamento dos grupos de pesquisa das IES p\u00fablicas que atuam no mapeamento das parcerias p\u00fablico-privadas na educa\u00e7\u00e3o b\u00e1sica&#8221;<\/a>\u00a0(2023 &#8211; atual)<\/span><\/p>\n<h2><span style=\"color: #000000; font-size: 14pt; background-color: #ffffff;\">Pesquisas anteriores:<\/span><\/h2>\n<p><span style=\"font-size: 12pt; background-color: #ffffff; color: #000000;\"><a style=\"background-color: #ffffff; color: #000000;\" href=\"https:\/\/wp.ufpel.edu.br\/neppe\/pesquisa\/mapeamento-das-parcerias-publico-privadas\/\">&#8220;Mapeamento das Parcerias P\u00fablico-Privadas em educa\u00e7\u00e3o nos munic\u00edpios do estado do Rio Grande do Sul&#8221;<\/a> (2019 &#8211; 2024)<\/span><\/p>\n<p>&nbsp;<\/p>\n<p style=\"text-align: left;\"><span style=\"font-size: 12pt; background-color: #ffffff; color: #000000;\"><a style=\"background-color: #ffffff; color: #000000;\" href=\"https:\/\/wp.ufpel.edu.br\/neppe\/pesquisa\/pesquisas-realizadas-2016_2019\/\">&#8220;Redes Pol\u00edticas e as Parcerias P\u00fablico-Privadas no estado do RS&#8221;<\/a> (2016 &#8211; 2019)<\/span><\/p>\n<p>&nbsp;<\/p>\n<p style=\"text-align: left;\"><span style=\"font-size: 12pt; background-color: #ffffff; color: #000000;\"><a style=\"background-color: #ffffff; color: #000000;\" href=\"https:\/\/wp.ufpel.edu.br\/neppe\/pesquisa\/a-nova-gestao-publica\/\">&#8220;A Nova Gest\u00e3o P\u00fablica e avalia\u00e7\u00e3o em larga escala<\/a><a style=\"background-color: #ffffff; color: #000000;\" href=\"https:\/\/wp.ufpel.edu.br\/neppe\/pesquisa\/a-nova-gestao-publica\/\">: efeitos nas pol\u00edticas educacionais locais&#8221;<\/a> (2014 &#8211; 2016)<\/span><\/p>\n","protected":false},"excerpt":{"rendered":"<p>Pesquisa atual: &#8220;As contribui\u00e7\u00f5es entre o setor p\u00fablico e privado para qualidade da educa\u00e7\u00e3o nos munic\u00edpios do Rio Grande do Sul (2021-2024), \u00e0 luz dos Objetivos do Desenvolvimento Sustent\u00e1vel&#8221; (2026 &#8211; atual) &nbsp; &#8220;A contrarrevolu\u00e7\u00e3o da Nova Gest\u00e3o P\u00fablica na educa\u00e7\u00e3o p\u00fablica b\u00e1sica no estado do RS e em Bogot\u00e1, DC (2016-2024)&#8221; (2026 &#8211; atual) [&hellip;]<\/p>\n","protected":false},"author":835,"featured_media":0,"parent":0,"menu_order":0,"comment_status":"closed","ping_status":"closed","template":"","meta":{"footnotes":""},"class_list":["post-215","page","type-page","status-publish","hentry"],"_links":{"self":[{"href":"https:\/\/wp.ufpel.edu.br\/neppe\/wp-json\/wp\/v2\/pages\/215","targetHints":{"allow":["GET"]}}],"collection":[{"href":"https:\/\/wp.ufpel.edu.br\/neppe\/wp-json\/wp\/v2\/pages"}],"about":[{"href":"https:\/\/wp.ufpel.edu.br\/neppe\/wp-json\/wp\/v2\/types\/page"}],"author":[{"embeddable":true,"href":"https:\/\/wp.ufpel.edu.br\/neppe\/wp-json\/wp\/v2\/users\/835"}],"replies":[{"embeddable":true,"href":"https:\/\/wp.ufpel.edu.br\/neppe\/wp-json\/wp\/v2\/comments?post=215"}],"version-history":[{"count":3,"href":"https:\/\/wp.ufpel.edu.br\/neppe\/wp-json\/wp\/v2\/pages\/215\/revisions"}],"predecessor-version":[{"id":1328,"href":"https:\/\/wp.ufpel.edu.br\/neppe\/wp-json\/wp\/v2\/pages\/215\/revisions\/1328"}],"wp:attachment":[{"href":"https:\/\/wp.ufpel.edu.br\/neppe\/wp-json\/wp\/v2\/media?parent=215"}],"curies":[{"name":"wp","href":"https:\/\/api.w.org\/{rel}","templated":true}]}}