{"id":148,"date":"2019-10-09T14:16:08","date_gmt":"2019-10-09T17:16:08","guid":{"rendered":"https:\/\/wp.ufpel.edu.br\/neppe\/?page_id=148"},"modified":"2026-02-25T17:01:36","modified_gmt":"2026-02-25T20:01:36","slug":"teses","status":"publish","type":"page","link":"https:\/\/wp.ufpel.edu.br\/neppe\/producao-intelectual\/teses\/","title":{"rendered":"Teses"},"content":{"rendered":"<p>PINTO, Maria Ver\u00f4nica Rold\u00e1n. <a href=\"https:\/\/guaiaca.ufpel.edu.br\/handle\/prefix\/16630\"><span style=\"color: #333399;\"><strong>Efeitos das pol\u00edticas educacionais neoliberais sobre o trabalho e a autonomia dos professores e processos de resist\u00eancia e de constru\u00e7\u00e3o da doc\u00eancia aut\u00f4noma<\/strong><\/span><\/a>. 282f. Tese (Doutorado em Educa\u00e7\u00e3o) \u2013 Programa de P\u00f3s-Gradua\u00e7\u00e3o em Educa\u00e7\u00e3o. Faculdade de Educa\u00e7\u00e3o. Universidade Federal de Pelotas, 2025.<\/p>\n<p>NASCIMENTO, Fl\u00e1via Marchi. <a href=\"https:\/\/guaiaca.ufpel.edu.br\/handle\/prefix\/9549\" target=\"_blank\" rel=\"noopener\"><span style=\"color: #003366;\"><strong><span style=\"color: #003366;\">Avalia\u00e7\u00e3o no ensino superior: pistas para pensar as concep\u00e7\u00f5es e pr\u00e1ticas avaliativas<\/span><\/strong><\/span><\/a>. 207f. Tese (Doutorado em Educa\u00e7\u00e3o) \u2013 Programa de P\u00f3s-Gradua\u00e7\u00e3o em Educa\u00e7\u00e3o, Faculdade de Educa\u00e7\u00e3o, Universidade Federal de Pelotas, Pelotas, 2022.<\/p>\n<p>COSTA, Robinson Francino da. <span style=\"color: #003366;\"><strong><a style=\"color: #003366;\" href=\"https:\/\/wp.ufpel.edu.br\/neppe\/files\/2023\/07\/Gestao-nas-Universidades-Publicas-Federais-intensidades-democraticas-em-analise.pdf\" target=\"_blank\" rel=\"noopener\">Gest\u00e3o nas Universidades P\u00fablicas Federais: intensidades democr\u00e1ticas em an\u00e1lise<\/a><\/strong><\/span>. Tese (Doutorado em Educa\u00e7\u00e3o) &#8211; Programa de P\u00f3s-Gradua\u00e7\u00e3o em Educa\u00e7\u00e3o. Faculdade de Educa\u00e7\u00e3o. Universidade Federal de Pelotas, 2021.<\/p>\n<p>SCHERER, Susana Schneid. <a href=\"http:\/\/guaiaca.ufpel.edu.br:8080\/bitstream\/prefix\/6176\/1\/Tese_Susana_Schneid_Scherer.pdf\" target=\"_blank\" rel=\"noopener\"><span style=\"color: #000080;\"><strong><span style=\"color: #003366;\">Performatividade e seus efeitos sobre o trabalho docente: an\u00e1lise em duas escolas da rede p\u00fablica de ensino m\u00e9dio de Pelotas\/RS<\/span><\/strong><\/span><\/a>. Tese (Doutorado em Educa\u00e7\u00e3o) &#8211; Programa de P\u00f3s-Gradua\u00e7\u00e3o em Educa\u00e7\u00e3o. Faculdade de Educa\u00e7\u00e3o. Universidade Federal de Pelotas, 2020.<\/p>\n<p><span style=\"font-weight: 400;\">OLIVEIRA, Ant\u00f4nio Cardoso. <span style=\"color: #003366;\"><a style=\"color: #003366;\" href=\"http:\/\/guaiaca.ufpel.edu.br:8080\/handle\/prefix\/4432\" target=\"_blank\" rel=\"noopener\"><strong>As parcerias p\u00fablico-privadas na educa\u00e7\u00e3o profissional : um estudo sobre o Pronatec no munic\u00edpio de Pelotas<\/strong><\/a>.<\/span>\u00a0187 f. Tese (Doutorado em Educa\u00e7\u00e3o) &#8211; Programa de P\u00f3s-Gradua\u00e7\u00e3o em Educa\u00e7\u00e3o. Faculdade de Educa\u00e7\u00e3o. Universidade Federal de Pelotas, 2018.<\/span><\/p>\n","protected":false},"excerpt":{"rendered":"<p>PINTO, Maria Ver\u00f4nica Rold\u00e1n. Efeitos das pol\u00edticas educacionais neoliberais sobre o trabalho e a autonomia dos professores e processos de resist\u00eancia e de constru\u00e7\u00e3o da doc\u00eancia aut\u00f4noma. 282f. Tese (Doutorado em Educa\u00e7\u00e3o) \u2013 Programa de P\u00f3s-Gradua\u00e7\u00e3o em Educa\u00e7\u00e3o. Faculdade de Educa\u00e7\u00e3o. Universidade Federal de Pelotas, 2025. NASCIMENTO, Fl\u00e1via Marchi. Avalia\u00e7\u00e3o no ensino superior: pistas para [&hellip;]<\/p>\n","protected":false},"author":835,"featured_media":0,"parent":128,"menu_order":3,"comment_status":"closed","ping_status":"closed","template":"","meta":{"footnotes":""},"class_list":["post-148","page","type-page","status-publish","hentry"],"_links":{"self":[{"href":"https:\/\/wp.ufpel.edu.br\/neppe\/wp-json\/wp\/v2\/pages\/148","targetHints":{"allow":["GET"]}}],"collection":[{"href":"https:\/\/wp.ufpel.edu.br\/neppe\/wp-json\/wp\/v2\/pages"}],"about":[{"href":"https:\/\/wp.ufpel.edu.br\/neppe\/wp-json\/wp\/v2\/types\/page"}],"author":[{"embeddable":true,"href":"https:\/\/wp.ufpel.edu.br\/neppe\/wp-json\/wp\/v2\/users\/835"}],"replies":[{"embeddable":true,"href":"https:\/\/wp.ufpel.edu.br\/neppe\/wp-json\/wp\/v2\/comments?post=148"}],"version-history":[{"count":3,"href":"https:\/\/wp.ufpel.edu.br\/neppe\/wp-json\/wp\/v2\/pages\/148\/revisions"}],"predecessor-version":[{"id":1294,"href":"https:\/\/wp.ufpel.edu.br\/neppe\/wp-json\/wp\/v2\/pages\/148\/revisions\/1294"}],"up":[{"embeddable":true,"href":"https:\/\/wp.ufpel.edu.br\/neppe\/wp-json\/wp\/v2\/pages\/128"}],"wp:attachment":[{"href":"https:\/\/wp.ufpel.edu.br\/neppe\/wp-json\/wp\/v2\/media?parent=148"}],"curies":[{"name":"wp","href":"https:\/\/api.w.org\/{rel}","templated":true}]}}