{"id":921,"date":"2020-07-29T17:52:03","date_gmt":"2020-07-29T20:52:03","guid":{"rendered":"https:\/\/wp.ufpel.edu.br\/nepca\/?page_id=921"},"modified":"2025-12-24T17:52:09","modified_gmt":"2025-12-24T20:52:09","slug":"parcerias","status":"publish","type":"page","link":"https:\/\/wp.ufpel.edu.br\/nepca\/parcerias\/","title":{"rendered":"PARCERIA"},"content":{"rendered":"<div style=\"font-family: 'Open Sans', Helvetica, Arial, sans-serif; color: #444; line-height: 1.5; width: 100%; background-color: #fff;\">\n<div style=\"text-align: center; margin-bottom: 40px; padding: 0 20px;\">\n<h1 style=\"color: #004a80; font-size: 2rem; margin-bottom: 10px; border-bottom: 3px solid #ffc107; display: inline-block; padding-bottom: 5px;\">Rede de Colabora\u00e7\u00e3o<\/h1>\n<p style=\"color: #666; font-size: 1.1rem;\">Parceiros institucionais, projetos e acervo multim\u00eddia.<\/p>\n<\/div>\n<div style=\"max-width: 1000px; margin: 0 auto; padding: 0 20px;\">\n<div style=\"display: flex; flex-wrap: wrap; gap: 15px; margin-bottom: 50px;\">\n<p><a style=\"text-decoration: none; flex: 1 1 45%; min-width: 300px; background: #f9f9f9; padding: 15px 20px; border-radius: 4px; border-left: 4px solid #004a80; display: flex; align-items: center; justify-content: space-between; transition: background 0.2s;\" href=\"https:\/\/www.uminho.pt\/PT\" target=\"_blank\" rel=\"noopener\"><br \/>\n<span style=\"color: #004a80; font-weight: bold; font-size: 1rem;\">Universidade do Minho (Portugal)<\/span><br \/>\n<span style=\"color: #ccc; font-size: 1.2rem;\">\u203a<\/span><br \/>\n<\/a><\/p>\n<p><a style=\"text-decoration: none; flex: 1 1 45%; min-width: 300px; background: #f9f9f9; padding: 15px 20px; border-radius: 4px; border-left: 4px solid #004a80; display: flex; align-items: center; justify-content: space-between; transition: background 0.2s;\" href=\"https:\/\/proandee.weebly.com\" target=\"_blank\" rel=\"noopener\"><br \/>\n<span style=\"color: #004a80; font-weight: bold; font-size: 1rem;\">Pr\u00f3-Inclus\u00e3o (Assoc. Docentes Ed. Especial)<\/span><br \/>\n<span style=\"color: #ccc; font-size: 1.2rem;\">\u203a<\/span><br \/>\n<\/a><\/p>\n<p><a style=\"text-decoration: none; flex: 1 1 45%; min-width: 300px; background: #f9f9f9; padding: 15px 20px; border-radius: 4px; border-left: 4px solid #004a80; display: flex; align-items: center; justify-content: space-between; transition: background 0.2s;\" href=\"https:\/\/www.facebook.com\/centrodeatentimentoaoautistadrdanilorolimdemoura\/\" target=\"_blank\" rel=\"noopener\"><br \/>\n<span style=\"color: #004a80; font-weight: bold; font-size: 1rem;\">Centro de Atendimento ao Autista Dr. Danilo Rolim<\/span><br \/>\n<span style=\"color: #ccc; font-size: 1.2rem;\">\u203a<\/span><br \/>\n<\/a><\/p>\n<p><a style=\"text-decoration: none; flex: 1 1 45%; min-width: 300px; background: #f9f9f9; padding: 15px 20px; border-radius: 4px; border-left: 4px solid #004a80; display: flex; align-items: center; justify-content: space-between; transition: background 0.2s;\" href=\"https:\/\/unipampa.edu.br\/bage\/\" target=\"_blank\" rel=\"noopener\"><br \/>\n<span style=\"color: #004a80; font-weight: bold; font-size: 1rem;\">Universidade Federal do Pampa (UNIPAMPA)<\/span><br \/>\n<span style=\"color: #ccc; font-size: 1.2rem;\">\u203a<\/span><br \/>\n<\/a><\/p>\n<p><a style=\"text-decoration: none; flex: 1 1 45%; min-width: 300px; background: #f9f9f9; padding: 15px 20px; border-radius: 4px; border-left: 4px solid #004a80; display: flex; align-items: center; justify-content: space-between; transition: background 0.2s;\" href=\"https:\/\/www.uergs.edu.br\/bage\" target=\"_blank\" rel=\"noopener\"><br \/>\n<span style=\"color: #004a80; font-weight: bold; font-size: 1rem;\">Universidade Estadual do RS (UERGS)<\/span><br \/>\n<span style=\"color: #ccc; font-size: 1.2rem;\">\u203a<\/span><br \/>\n<\/a><\/p>\n<p><a style=\"text-decoration: none; flex: 1 1 45%; min-width: 300px; background: #fff8e1; padding: 15px 20px; border-radius: 4px; border-left: 4px solid #ffc107; display: flex; align-items: center; justify-content: space-between; transition: background 0.2s;\" href=\"https:\/\/conlubra2021.weebly.com\" target=\"_blank\" rel=\"noopener\"><br \/>\n<span style=\"color: #b78900; font-weight: bold; font-size: 1rem;\">Congresso Luso-brasileiro (Site Oficial)<\/span><br \/>\n<span style=\"color: #ccc; font-size: 1.2rem;\">\u203a<\/span><br \/>\n<\/a><\/p>\n<p><a style=\"text-decoration: none; flex: 1 1 45%; min-width: 300px; background: #f9f9f9; padding: 15px 20px; border-radius: 4px; border-left: 4px solid #004a80; display: flex; align-items: center; justify-content: space-between; transition: background 0.2s;\" href=\"https:\/\/wp.ufpel.edu.br\/aeeufpel\/\" target=\"_blank\" rel=\"noopener\"><br \/>\n<span style=\"color: #004a80; font-weight: bold; font-size: 1rem;\">Forma\u00e7\u00e3o em Servi\u00e7o AEE<\/span><br \/>\n<span style=\"color: #ccc; font-size: 1.2rem;\">\u203a<\/span><br \/>\n<\/a><\/p>\n<p><a style=\"text-decoration: none; flex: 1 1 45%; min-width: 300px; background: #f9f9f9; padding: 15px 20px; border-radius: 4px; border-left: 4px solid #004a80; display: flex; align-items: center; justify-content: space-between; transition: background 0.2s;\" href=\"https:\/\/wp.ufpel.edu.br\/nupecibio\/\" target=\"_blank\" rel=\"noopener\"><br \/>\n<span style=\"color: #004a80; font-weight: bold; font-size: 1rem;\">NuPECIBio &#8211; Ensino de Ci\u00eancias e Biologia<\/span><br \/>\n<span style=\"color: #ccc; font-size: 1.2rem;\">\u203a<\/span><br \/>\n<\/a><\/p>\n<p><a style=\"text-decoration: none; flex: 1 1 45%; min-width: 300px; background: #f9f9f9; padding: 15px 20px; border-radius: 4px; border-left: 4px solid #004a80; display: flex; align-items: center; justify-content: space-between; transition: background 0.2s;\" href=\"https:\/\/www.instagram.com\/papo.de.inclusao\/\" target=\"_blank\" rel=\"noopener\"><br \/>\n<span style=\"color: #004a80; font-weight: bold; font-size: 1rem;\">Papo de Inclus\u00e3o<\/span><br \/>\n<span style=\"color: #ccc; font-size: 1.2rem;\">\u203a<\/span><br \/>\n<\/a><\/p>\n<p><a style=\"text-decoration: none; flex: 1 1 45%; min-width: 300px; background: #f9f9f9; padding: 15px 20px; border-radius: 4px; border-left: 4px solid #004a80; display: flex; align-items: center; justify-content: space-between; transition: background 0.2s;\" href=\"https:\/\/www.facebook.com\/saberincluir.com.br\/\" target=\"_blank\" rel=\"noopener\"><br \/>\n<span style=\"color: #004a80; font-weight: bold; font-size: 1rem;\">Saber Incluir<\/span><br \/>\n<span style=\"color: #ccc; font-size: 1.2rem;\">\u203a<\/span><br \/>\n<\/a><\/p>\n<div style=\"flex: 1 1 45%; min-width: 300px; background: #fff; padding: 15px 20px; border-radius: 4px; border: 1px solid #eee; color: #777; font-size: 0.95rem;\">OIIIIPE &#8211; Observat\u00f3rio Internacional sobre Inclus\u00e3o<\/div>\n<\/div>\n<hr style=\"border: 0; border-top: 1px solid #eee; margin: 40px 0;\" \/>\n<div style=\"display: flex; flex-wrap: wrap; gap: 30px; justify-content: space-between;\">\n<div style=\"flex: 1; min-width: 300px;\">\n<h3 style=\"color: #004a80; margin-top: 0; font-size: 1.3rem;\">Acervo Fotogr\u00e1fico<\/h3>\n<div style=\"display: flex; flex-direction: column; gap: 10px;\"><a style=\"display: block; background: #004a80; color: white; padding: 12px 20px; text-decoration: none; border-radius: 4px; text-align: center; font-weight: bold;\" href=\"https:\/\/photos.app.goo.gl\/CbNcWr8VyMD4nbiZ8\" target=\"_blank\" rel=\"noopener\">Galeria Geral<br \/>\n<\/a><br \/>\n<a style=\"display: block; background: #fff; border: 1px solid #004a80; color: #004a80; padding: 12px 20px; text-decoration: none; border-radius: 4px; text-align: center; font-weight: bold;\" href=\"https:\/\/photos.app.goo.gl\/G2533pa9qkoZofLR6\" target=\"_blank\" rel=\"noopener\">Galeria CONLUBRA 2021<br \/>\n<\/a><\/div>\n<\/div>\n<div style=\"flex: 1; min-width: 300px;\">\n<h3 style=\"color: #cc0000; margin-top: 0; font-size: 1.3rem;\">V\u00eddeos &amp; Entrevistas<\/h3>\n<div style=\"background: #fcfcfc; border: 1px solid #eee; border-radius: 4px; padding: 15px;\"><strong style=\"display: block; color: #444; margin-bottom: 10px;\">S\u00e9rie: Filhos &amp; Cadilhos (com Helena Reis)<\/strong><\/p>\n<ul style=\"margin: 0; padding-left: 20px; color: #555;\">\n<li style=\"margin-bottom: 8px;\"><a style=\"color: #004a80; text-decoration: none;\" href=\"https:\/\/www.youtube.com\/watch?v=Z8uqRpOvLf4\" target=\"_blank\" rel=\"noopener\">Desenvolvimento infantil (0 aos 3 anos)<\/a><\/li>\n<li><a style=\"color: #004a80; text-decoration: none;\" href=\"https:\/\/www.youtube.com\/watch?v=hHrn63ZTtL4\" target=\"_blank\" rel=\"noopener\">Desenvolvimento infantil (3 aos 4 anos)<\/a><\/li>\n<\/ul>\n<\/div>\n<\/div>\n<\/div>\n<\/div>\n<div style=\"height: 40px;\"><\/div>\n<\/div>\n","protected":false},"excerpt":{"rendered":"<p>Rede de Colabora\u00e7\u00e3o Parceiros institucionais, projetos e acervo multim\u00eddia. Universidade do Minho (Portugal) \u203a Pr\u00f3-Inclus\u00e3o (Assoc. Docentes Ed. Especial) \u203a Centro de Atendimento ao Autista Dr. Danilo Rolim \u203a Universidade Federal do Pampa (UNIPAMPA) \u203a Universidade Estadual do RS (UERGS) \u203a Congresso Luso-brasileiro (Site Oficial) \u203a Forma\u00e7\u00e3o em Servi\u00e7o AEE \u203a NuPECIBio &#8211; Ensino de &hellip; <\/p>\n<p class=\"link-more\"><a href=\"https:\/\/wp.ufpel.edu.br\/nepca\/parcerias\/\" class=\"more-link\">Continue lendo<span class=\"screen-reader-text\"> &#8220;PARCERIA&#8221;<\/span><\/a><\/p>\n","protected":false},"author":797,"featured_media":0,"parent":0,"menu_order":0,"comment_status":"closed","ping_status":"closed","template":"","meta":{"footnotes":""},"class_list":["post-921","page","type-page","status-publish","hentry"],"jetpack_sharing_enabled":true,"_links":{"self":[{"href":"https:\/\/wp.ufpel.edu.br\/nepca\/wp-json\/wp\/v2\/pages\/921","targetHints":{"allow":["GET"]}}],"collection":[{"href":"https:\/\/wp.ufpel.edu.br\/nepca\/wp-json\/wp\/v2\/pages"}],"about":[{"href":"https:\/\/wp.ufpel.edu.br\/nepca\/wp-json\/wp\/v2\/types\/page"}],"author":[{"embeddable":true,"href":"https:\/\/wp.ufpel.edu.br\/nepca\/wp-json\/wp\/v2\/users\/797"}],"replies":[{"embeddable":true,"href":"https:\/\/wp.ufpel.edu.br\/nepca\/wp-json\/wp\/v2\/comments?post=921"}],"version-history":[{"count":3,"href":"https:\/\/wp.ufpel.edu.br\/nepca\/wp-json\/wp\/v2\/pages\/921\/revisions"}],"predecessor-version":[{"id":1551,"href":"https:\/\/wp.ufpel.edu.br\/nepca\/wp-json\/wp\/v2\/pages\/921\/revisions\/1551"}],"wp:attachment":[{"href":"https:\/\/wp.ufpel.edu.br\/nepca\/wp-json\/wp\/v2\/media?parent=921"}],"curies":[{"name":"wp","href":"https:\/\/api.w.org\/{rel}","templated":true}]}}