{"id":37,"date":"2017-08-21T14:04:51","date_gmt":"2017-08-21T17:04:51","guid":{"rendered":"https:\/\/wp.ufpel.edu.br\/nepca\/?page_id=37"},"modified":"2025-12-24T15:35:58","modified_gmt":"2025-12-24T18:35:58","slug":"processos-mentais-e-aprendizagem-de-pessoas-que-apresentam-sindrome-de-asperger","status":"publish","type":"page","link":"https:\/\/wp.ufpel.edu.br\/nepca\/processos-mentais-e-aprendizagem-de-pessoas-que-apresentam-sindrome-de-asperger\/","title":{"rendered":"Processos Mentais e Aprendizagem de pessoas que apresentam S\u00edndrome de Asperger"},"content":{"rendered":"<div class=\"nepca-asperger-wrapper\" style=\"font-family: 'Open Sans', Helvetica, Arial, sans-serif; color: #444; line-height: 1.6; width: 100%; max-width: 100%;\">\n<div style=\"margin-bottom: 30px;\">\n<h2><\/h2>\n<h2><img loading=\"lazy\" decoding=\"async\" class=\"wp-image-1533  alignleft\" src=\"https:\/\/wp.ufpel.edu.br\/nepca\/files\/2025\/12\/Add-a-heading-1-1.png\" alt=\"\" width=\"363\" height=\"363\" srcset=\"https:\/\/wp.ufpel.edu.br\/nepca\/files\/2025\/12\/Add-a-heading-1-1.png 1080w, https:\/\/wp.ufpel.edu.br\/nepca\/files\/2025\/12\/Add-a-heading-1-1-400x400.png 400w, https:\/\/wp.ufpel.edu.br\/nepca\/files\/2025\/12\/Add-a-heading-1-1-1024x1024.png 1024w, https:\/\/wp.ufpel.edu.br\/nepca\/files\/2025\/12\/Add-a-heading-1-1-200x200.png 200w, https:\/\/wp.ufpel.edu.br\/nepca\/files\/2025\/12\/Add-a-heading-1-1-768x768.png 768w, https:\/\/wp.ufpel.edu.br\/nepca\/files\/2025\/12\/Add-a-heading-1-1-100x100.png 100w\" sizes=\"auto, (max-width: 363px) 100vw, 363px\" \/><\/h2>\n<h2 style=\"color: #004a80; border-bottom: 3px solid #ffc107; padding-bottom: 10px; display: inline-block; margin-top: 0; font-size: 1.8rem;\">Sobre a S\u00edndrome de Asperger<\/h2>\n<p style=\"font-size: 1.15em; margin-top: 20px; text-align: justify; color: #333;\">O termo <strong>S\u00edndrome de Asperger<\/strong> \u00e9 utilizado para descrever uma perspectiva moderada do espectro autista. Pode ser considerada um tipo novo (do ponto de vista de estudos organizados) de transtorno de desenvolvimento, sendo designada como tal somente nos \u00faltimos quinze anos e inserida no DSM apenas em 1994.<\/p>\n<\/div>\n<div style=\"margin-bottom: 40px;\">\n<h3 style=\"color: #004a80; margin-top: 0; display: flex; align-items: center;\"><span style=\"background: #004a80; color: white; width: 30px; height: 30px; border-radius: 50%; display: flex; align-items: center; justify-content: center; margin-right: 10px; font-size: 0.8em;\">\u2605<\/span>Caracter\u00edsticas Principais<\/h3>\n<p style=\"margin-bottom: 15px; font-style: italic; color: #666;\">Os sujeitos podem apresentar:<\/p>\n<ul style=\"background-color: #f8f9fa; padding: 30px; border-radius: 8px; border-left: 5px solid #004a80; list-style: none; margin: 0;\">\n<li style=\"margin-bottom: 10px; padding-left: 20px; position: relative;\"><span style=\"color: #ffc107; position: absolute; left: 0; font-weight: bold;\">\u2022<\/span> Dificuldades com neologismos e linguagem recitada;<\/li>\n<li style=\"margin-bottom: 10px; padding-left: 20px; position: relative;\"><span style=\"color: #ffc107; position: absolute; left: 0; font-weight: bold;\">\u2022<\/span> Fun\u00e7\u00e3o comunicativa limitada e n\u00e3o metaforiza\u00e7\u00e3o de situa\u00e7\u00f5es;<\/li>\n<li style=\"margin-bottom: 10px; padding-left: 20px; position: relative;\"><span style=\"color: #ffc107; position: absolute; left: 0; font-weight: bold;\">\u2022<\/span> Limita\u00e7\u00e3o de fantasias e prefer\u00eancia por ambientes dom\u00e9sticos;<\/li>\n<li style=\"margin-bottom: 10px; padding-left: 20px; position: relative;\"><span style=\"color: #ffc107; position: absolute; left: 0; font-weight: bold;\">\u2022<\/span> Apego a objetos pessoais e situa\u00e7\u00f5es cotidianas;<\/li>\n<li style=\"margin-bottom: 10px; padding-left: 20px; position: relative;\"><span style=\"color: #ffc107; position: absolute; left: 0; font-weight: bold;\">\u2022<\/span> Incoordena\u00e7\u00e3o motora e contato social pobre;<\/li>\n<li style=\"margin-bottom: 10px; padding-left: 20px; position: relative;\"><span style=\"color: #ffc107; position: absolute; left: 0; font-weight: bold;\">\u2022<\/span> Inabilidade nas rela\u00e7\u00f5es interpessoais;<\/li>\n<li style=\"margin-bottom: 10px; padding-left: 20px; position: relative;\"><span style=\"color: #ffc107; position: absolute; left: 0; font-weight: bold;\">\u2022<\/span> Rigidez de procedimentos e desorganiza\u00e7\u00e3o em surpresas;<\/li>\n<li style=\"margin-bottom: 0; padding-left: 20px; position: relative;\"><span style=\"color: #ffc107; position: absolute; left: 0; font-weight: bold;\">\u2022<\/span> <strong style=\"color: #004a80;\">Intelig\u00eancia preservada<\/strong>, com \u00e1reas de interesse espec\u00edficas.<\/li>\n<\/ul>\n<\/div>\n<div style=\"padding: 30px; background-color: #fff; border: 1px solid #e0e0e0; border-top: 5px solid #ffc107; border-radius: 8px; box-shadow: 0 4px 10px rgba(0,0,0,0.05);\">\n<h3 style=\"color: #004a80; margin-top: 0; font-size: 1.4rem;\">Objetivos da Investiga\u00e7\u00e3o<\/h3>\n<p style=\"margin-bottom: 20px; color: #555;\">A presente investiga\u00e7\u00e3o do NEPCA apresenta como focos centrais:<\/p>\n<div style=\"display: flex; flex-wrap: wrap; gap: 20px;\">\n<div style=\"flex: 1; min-width: 250px; background: #f0f7fb; padding: 15px; border-radius: 6px; border-left: 3px solid #004a80;\"><strong style=\"color: #004a80; display: block; margin-bottom: 5px;\">1. Compreens\u00e3o<\/strong><br \/>\nCompreens\u00e3o profunda do universo autista e suas particularidades.<\/div>\n<div style=\"flex: 1; min-width: 250px; background: #f0f7fb; padding: 15px; border-radius: 6px; border-left: 3px solid #004a80;\"><strong style=\"color: #004a80; display: block; margin-bottom: 5px;\">2. An\u00e1lise Cognitiva<\/strong><br \/>\nAn\u00e1lise dos processos de cogni\u00e7\u00e3o e aprendizagem na Educa\u00e7\u00e3o B\u00e1sica.<\/div>\n<\/div>\n<\/div>\n<style>\n        @media(max-width: 600px) {<br \/>\n            .nepca-asperger-wrapper ul { padding: 20px !important; }<br \/>\n            .nepca-asperger-wrapper h2 { font-size: 1.5rem !important; }<br \/>\n        }<br \/>\n    <\/style>\n<\/div>\n","protected":false},"excerpt":{"rendered":"<p>Sobre a S\u00edndrome de Asperger O termo S\u00edndrome de Asperger \u00e9 utilizado para descrever uma perspectiva moderada do espectro autista. Pode ser considerada um tipo novo (do ponto de vista de estudos organizados) de transtorno de desenvolvimento, sendo designada como tal somente nos \u00faltimos quinze anos e inserida no DSM apenas em 1994. \u2605Caracter\u00edsticas Principais &hellip; <\/p>\n<p class=\"link-more\"><a href=\"https:\/\/wp.ufpel.edu.br\/nepca\/processos-mentais-e-aprendizagem-de-pessoas-que-apresentam-sindrome-de-asperger\/\" class=\"more-link\">Continue lendo<span class=\"screen-reader-text\"> &#8220;Processos Mentais e Aprendizagem de pessoas que apresentam S\u00edndrome de Asperger&#8221;<\/span><\/a><\/p>\n","protected":false},"author":797,"featured_media":0,"parent":0,"menu_order":0,"comment_status":"closed","ping_status":"closed","template":"","meta":{"footnotes":""},"class_list":["post-37","page","type-page","status-publish","hentry"],"jetpack_sharing_enabled":true,"_links":{"self":[{"href":"https:\/\/wp.ufpel.edu.br\/nepca\/wp-json\/wp\/v2\/pages\/37","targetHints":{"allow":["GET"]}}],"collection":[{"href":"https:\/\/wp.ufpel.edu.br\/nepca\/wp-json\/wp\/v2\/pages"}],"about":[{"href":"https:\/\/wp.ufpel.edu.br\/nepca\/wp-json\/wp\/v2\/types\/page"}],"author":[{"embeddable":true,"href":"https:\/\/wp.ufpel.edu.br\/nepca\/wp-json\/wp\/v2\/users\/797"}],"replies":[{"embeddable":true,"href":"https:\/\/wp.ufpel.edu.br\/nepca\/wp-json\/wp\/v2\/comments?post=37"}],"version-history":[{"count":3,"href":"https:\/\/wp.ufpel.edu.br\/nepca\/wp-json\/wp\/v2\/pages\/37\/revisions"}],"predecessor-version":[{"id":1534,"href":"https:\/\/wp.ufpel.edu.br\/nepca\/wp-json\/wp\/v2\/pages\/37\/revisions\/1534"}],"wp:attachment":[{"href":"https:\/\/wp.ufpel.edu.br\/nepca\/wp-json\/wp\/v2\/media?parent=37"}],"curies":[{"name":"wp","href":"https:\/\/api.w.org\/{rel}","templated":true}]}}