{"id":505,"date":"2021-07-30T14:32:20","date_gmt":"2021-07-30T17:32:20","guid":{"rendered":"https:\/\/wp.ufpel.edu.br\/nemplus\/?page_id=505"},"modified":"2021-07-30T14:32:20","modified_gmt":"2021-07-30T17:32:20","slug":"simp-seminario-internacional-memoria-e-patrimonio","status":"publish","type":"page","link":"https:\/\/wp.ufpel.edu.br\/nemplus\/simp-seminario-internacional-memoria-e-patrimonio\/","title":{"rendered":"SIMP &#8211; Semin\u00e1rio Internacional Mem\u00f3ria e Patrim\u00f4nio"},"content":{"rendered":"<p>O SIMP &#8211; Semin\u00e1rio Internacional Mem\u00f3ria e Patrim\u00f4nio \u00e9 um evento anual organizado pelo Programa de P\u00f3s-Gradua\u00e7\u00e3o em Mem\u00f3ria Social e Patrim\u00f4nio Cultural da UFPel.<\/p>\n<p>O NEMPLuS \u00e9 organizador da edi\u00e7\u00e3o de 2020 e 2021.<\/p>\n<p>Quer conhecer as edi\u00e7\u00f5es anteriores a 2019? <a href=\"https:\/\/wp.ufpel.edu.br\/ppgmp\/eventos\/simp\/\">Clique aqui<\/a><\/p>\n","protected":false},"excerpt":{"rendered":"<p>O SIMP &#8211; Semin\u00e1rio Internacional Mem\u00f3ria e Patrim\u00f4nio \u00e9 um evento anual organizado pelo Programa de P\u00f3s-Gradua\u00e7\u00e3o em Mem\u00f3ria Social e Patrim\u00f4nio Cultural da UFPel. O NEMPLuS \u00e9 organizador da edi\u00e7\u00e3o de 2020 e 2021. Quer conhecer as edi\u00e7\u00f5es anteriores a 2019? Clique aqui<\/p>\n","protected":false},"author":700,"featured_media":0,"parent":0,"menu_order":0,"comment_status":"closed","ping_status":"closed","template":"","meta":{"footnotes":""},"class_list":["post-505","page","type-page","status-publish","hentry"],"_links":{"self":[{"href":"https:\/\/wp.ufpel.edu.br\/nemplus\/wp-json\/wp\/v2\/pages\/505","targetHints":{"allow":["GET"]}}],"collection":[{"href":"https:\/\/wp.ufpel.edu.br\/nemplus\/wp-json\/wp\/v2\/pages"}],"about":[{"href":"https:\/\/wp.ufpel.edu.br\/nemplus\/wp-json\/wp\/v2\/types\/page"}],"author":[{"embeddable":true,"href":"https:\/\/wp.ufpel.edu.br\/nemplus\/wp-json\/wp\/v2\/users\/700"}],"replies":[{"embeddable":true,"href":"https:\/\/wp.ufpel.edu.br\/nemplus\/wp-json\/wp\/v2\/comments?post=505"}],"version-history":[{"count":1,"href":"https:\/\/wp.ufpel.edu.br\/nemplus\/wp-json\/wp\/v2\/pages\/505\/revisions"}],"predecessor-version":[{"id":507,"href":"https:\/\/wp.ufpel.edu.br\/nemplus\/wp-json\/wp\/v2\/pages\/505\/revisions\/507"}],"wp:attachment":[{"href":"https:\/\/wp.ufpel.edu.br\/nemplus\/wp-json\/wp\/v2\/media?parent=505"}],"curies":[{"name":"wp","href":"https:\/\/api.w.org\/{rel}","templated":true}]}}