{"id":193,"date":"2020-07-09T20:54:06","date_gmt":"2020-07-09T23:54:06","guid":{"rendered":"https:\/\/wp.ufpel.edu.br\/nemplus\/?page_id=193"},"modified":"2022-04-07T12:23:17","modified_gmt":"2022-04-07T15:23:17","slug":"producao-interna-nemplus","status":"publish","type":"page","link":"https:\/\/wp.ufpel.edu.br\/nemplus\/producao-interna-nemplus\/","title":{"rendered":"Produ\u00e7\u00e3o Interna (NEMPLuS)"},"content":{"rendered":"<p><span style=\"font-weight: 400;\">BETTS, Jaime; RIECK, Ma\u00edra Brum; OLIVEIRA, Priscila Chagas. Museu das Mem\u00f3rias (<\/span><i><span style=\"font-weight: 400;\">In<\/span><\/i><span style=\"font-weight: 400;\">)Poss\u00edveis: subterr\u00e2neos reciclados da Vila Dique. In: <\/span><b>CONGRESSO INTERNACIONAL APPOA E INSTITUTO APPOA<\/b><span style=\"font-weight: 400;\">, 2019, Porto Alegre.<\/span><\/p>\n<p><span style=\"font-weight: 400;\">BEZERRA, Daniele Borges. <\/span><b>A resson\u00e2ncia afetiva das mem\u00f3rias como meio de transmiss\u00e3o para um patrim\u00f4nio dif\u00edcil: monumentos em antigos lepros\u00e1rios.<\/b><span style=\"font-weight: 400;\"> 2019. 520f. Tese (Doutorado em Mem\u00f3ria Social e Patrim\u00f4nio Cultural) &#8211; Programa de P\u00f3s-Gradua\u00e7\u00e3o em Mem\u00f3ria Social e Patrim\u00f4nio Cultural, Instituto de Ci\u00eancias Humanas, Universidade Federal de Pelotas, Pelotas, 2019. Dispon\u00edvel em: <\/span><a href=\"https:\/\/wp.ufpel.edu.br\/ppgmp\/files\/2019\/08\/Tese-Daniele-Borges-Bezerra.pdf.pdf\"><span style=\"font-weight: 400;\">https:\/\/wp.ufpel.edu.br\/ppgmp\/files\/2019\/08\/Tese-Daniele-Borges-Bezerra.pdf.pdf<\/span><\/a><span style=\"font-weight: 400;\">. Acesso em mai. de 2020.<\/span><\/p>\n<p>BEZERRA, Daniele Borges, et al. (Orgs.). <strong>Mem\u00f3ria Coletiva:<\/strong> entre lugares, conflitos e virtualidade. Porto Alegre: Casaletras; Pelotas: PPGMP\/UFPel, 2021. Dispon\u00edvel em: <a href=\"https:\/\/wp.ufpel.edu.br\/nemplus\/files\/2021\/04\/Memoria-coletiva-entre-lugares-conflitos-e-virtualidade.pdf\">https:\/\/wp.ufpel.edu.br\/nemplus\/files\/2021\/04\/Memoria-coletiva-entre-lugares-conflitos-e-virtualidade.pdf<\/a>. Acesso em: 22 mai. 2021.<\/p>\n<p>BEZERRA, Daniele Borges, <span style=\"font-weight: 400;\">MAGNI, <\/span><span style=\"font-weight: 400;\">Cl\u00e1udia Turra.<\/span> Fotografias tumulares em uma antiga col\u00f4nia de isolamento sanit\u00e1rio: sobreviv\u00eancias de um passado em desaparecimento.<strong> Iluminuras<\/strong>, Porto Alegre, v. 21, n. 53, p. 17-38, agosto, 2020. Dispon\u00edvel em: &lt;<a href=\"https:\/\/seer.ufrgs.br\/iluminuras\/article\/view\/99935\/pdf\">https:\/\/seer.ufrgs.br\/iluminuras\/article\/view\/99935\/pdf<\/a>&gt;. Acesso em: 19 ago. 2020.<\/p>\n<p>BEZERRA, Daniele Borges, <span style=\"font-weight: 400;\">MAGNI, <\/span><span style=\"font-weight: 400;\">Cl\u00e1udia Turra. <\/span>O trabalho das imagens nas experi\u00eancias do confinamento em hospitais-col\u00f4nia. <strong>Fotocronografias<\/strong>, setembro, 2020<strong class=\"ck\">. <\/strong>Dispon\u00edvel em: &lt;<a href=\"https:\/\/medium.com\/fotocronografias\/o-trabalho-das-imagens-nas-experi%C3%AAncias-do-confinamento-em-hospitais-col%C3%B4nia-df0fa387016a\">https:\/\/medium.com\/fotocronografias\/o-trabalho-das-imagens-nas-experi%C3%AAncias-do-confinamento-em-hospitais-col%C3%B4nia-df0fa387016a<\/a>&gt;. Acesso em 26 out. 2020.<\/p>\n<p><span style=\"font-weight: 400;\">BEZERRA, Daniele Borges; MAGNI, <\/span><span style=\"font-weight: 400;\">Cl\u00e1udia Turra<\/span><span style=\"font-weight: 400;\">; RODRIGUES, <\/span><span style=\"font-weight: 400;\">Guilherme Rodrigues de<\/span><span style=\"font-weight: 400;\">. <\/span><span style=\"font-weight: 400;\">Fantasmagorias do isolamento compuls\u00f3rio: fotografias tumulares do Hospital-Col\u00f4nia Itapu\u00e3<\/span><span style=\"font-weight: 400;\">. In: RAM &#8211; REUNI\u00c3O DE ANTROPOLOGIA DO MERCOSUL, 13., 2019, Porto Alegre. <\/span><b>Anais Eletr\u00f4nicos do XIII Reuni\u00e3o de Antropologia do Mercosul. <\/b><span style=\"font-weight: 400;\">Porto Alegre: RAM, 2019. Dispon\u00edvel em:<\/span><a href=\"http:\/\/www.ram2019.sinteseeventos.com.br\/site\/anais2?AREA=73&amp;impressao#D\"> <span style=\"font-weight: 400;\">http:\/\/www.ram2019.sinteseeventos.com.br\/site\/anais2?AREA=73&amp;impressao#D<\/span><\/a><span style=\"font-weight: 400;\">. Acesso em: 25 maio 2020.<\/span><\/p>\n<p><span style=\"font-weight: 400;\">BEZERRA, Daniele Borges; <\/span><span style=\"font-weight: 400;\">MARCHI, Darlan De Maman. Mem\u00f3rias Dolorosas e Dificuldades Narrativas no Processo de Extrovers\u00e3o do Passado: o caso de dois memoriais em espa\u00e7os de sa\u00fade no Rio Grande do Sul. In: SERRES, Juliane Concei\u00e7\u00e3o Primon; FERREIRA, Maria Let\u00edcia Mazzucchi (Coord.) MARCHI, Darlan De Maman; KNACK, Eduardo Roberto Jord\u00e3o; POLONI, Rita Juliana Soares (Org.). <\/span><b>Mem\u00f3ria e Patrim\u00f4nio: <\/b><span style=\"font-weight: 400;\">tramas do contempor\u00e2neo. Porto Alegre: Casaletras, 2019. Dispon\u00edvel em: &lt;<a href=\"https:\/\/www.academia.edu\/41643389\/Mem%C3%B3ria_e_Patrim%C3%B4nio_tramas_do_contempor%C3%A2neo\">https:\/\/www.academia.edu\/41643389\/Mem%C3%B3ria_e_Patrim%C3%B4nio_tramas_do_contempor%C3%A2neo<\/a>&gt; <\/span><span style=\"font-weight: 400;\">. Acesso em 26 out. 2020.<\/span><\/p>\n<p><span style=\"font-weight: 400;\">BEZERRA, Daniele Borges; SERRES, Juliane Concei\u00e7\u00e3o Primon. A musealiza\u00e7\u00e3o de um passado amb\u00edguo: o caso dos lugares de isolamento compuls\u00f3rio, entre afetos privados e a transmiss\u00e3o de uma mem\u00f3ria heroica da sa\u00fade. <\/span><b>Revista Mem\u00f3ria em Rede<\/b><span style=\"font-weight: 400;\">, [s.l.], v. 11, n. 20, p. 60, 4 fev. 2019. Universidade Federal de Pelotas.<\/span><a href=\"http:\/\/dx.doi.org\/10.15210\/rmr.v11i20.14955\"> <span style=\"font-weight: 400;\">http:\/\/dx.doi.org\/10.15210\/rmr.v11i20.14955<\/span><\/a><span style=\"font-weight: 400;\">. Dispon\u00edvel em:<\/span><a href=\"https:\/\/periodicos.ufpel.edu.br\/ojs2\/index.php\/Memoria\/article\/view\/14955\"> <span style=\"font-weight: 400;\">https:\/\/periodicos.ufpel.edu.br\/ojs2\/index.php\/Memoria\/article\/view\/14955<\/span><\/a><span style=\"font-weight: 400;\">. Acesso em: 20 maio 2020.<\/span><\/p>\n<p><span style=\"font-weight: 400;\">BEZERRA, Daniele Borges; SERRES, Juliane Concei\u00e7\u00e3o Primon. Como conservar o que resta da vida nos hospitais-col\u00f4nias? A mem\u00f3ria como patrim\u00f4nio das pessoas que viveram o isolamento compuls\u00f3rio. In: Hilda Jaqueline de Fraga; Carmem G. Burgert Schiavon; Carla Rodrigues Gastaud (Org.). <\/span><b>Patrim\u00f4nio no plural:<\/b><span style=\"font-weight: 400;\"> pr\u00e1ticas e perspectivas investigativas. 1.ed. Porto Alegre: Selbach &amp; Autores Associados, 2018.<\/span><\/p>\n<p><span style=\"font-weight: 400;\">BEZERRA, Daniele Borges; SERRES, Juliane Concei\u00e7\u00e3o Primon. Lepra, Preconceito e Sofrimento: pontos de contato entre narrativas liter\u00e1rias e narrativas em primeira pessoa. <\/span><b>Revista de Literatura, Hist\u00f3ria e Mem\u00f3ria<\/b><span style=\"font-weight: 400;\">, Cascavel, v. 12, n. 20, p. 153-173, 2016. Dispon\u00edvel em:<\/span><a href=\"http:\/\/e-revista.unioeste.br\/index.php\/rlhm\/article\/view\/14776\/10936\"> <span style=\"font-weight: 400;\">http:\/\/e-revista.unioeste.br\/index.php\/rlhm\/article\/view\/14776\/10936<\/span><\/a><span style=\"font-weight: 400;\">. Acesso em: 20 maio 2020.<\/span><\/p>\n<p><span style=\"font-weight: 400;\">BEZERRA, Daniele Borges; SERRES, Juliane Concei\u00e7\u00e3o Primon. Memorial Jos\u00e9 Avelino: um lugar de mem\u00f3ria para iluminar mem\u00f3rias invis\u00edveis. <\/span><b>Campos &#8211; Revista de Antropologia Social<\/b><span style=\"font-weight: 400;\">, [s.l.], v. 16, n. 1, p. 118-143, 12 abr. 2017. Universidade Federal do Parana.<\/span><a href=\"http:\/\/dx.doi.org\/10.5380\/campos.v16i1.45520\"> <span style=\"font-weight: 400;\">http:\/\/dx.doi.org\/10.5380\/campos.v16i1.45520<\/span><\/a><span style=\"font-weight: 400;\">. Dispon\u00edvel em:<\/span><a href=\"https:\/\/revistas.ufpr.br\/campos\/article\/view\/45520\"> <span style=\"font-weight: 400;\">https:\/\/revistas.ufpr.br\/campos\/article\/view\/45520<\/span><\/a><span style=\"font-weight: 400;\">. Acesso em: 25 maio 2020<\/span><\/p>\n<p><span style=\"font-weight: 400;\">BEZERRA, Daniele Borges; SERRES, Juliane Concei\u00e7\u00e3o Primon. <\/span><span style=\"font-weight: 400;\">Mem\u00f3rias do isolamento: Um patrim\u00f4nio a contrapelo. In: SANTOS, Amanda Bas\u00edlio; MACHADO, Juliana Porto; COLVERO, Ronaldo Bernardino. <\/span><b>Interdisciplinaridade nas Ci\u00eancias Humanas:<\/b><span style=\"font-weight: 400;\"> caminhos da pesquisa contempor\u00e2nea. Jaguar\u00e3o: Editora CLAEC, 2017. Dispon\u00edvel em:&lt;<a href=\"https:\/\/claec.org\/editora\/wp-content\/uploads\/sites\/3\/2019\/06\/Interdisciplinaridade_nas_Ci%C3%AAncias_Huma-1.pdf\">https:\/\/claec.org\/editora\/wp-content\/uploads\/sites\/3\/2019\/06\/Interdisciplinaridade_nas_Ci%C3%AAncias_Huma-1.pdf<\/a>&gt;<\/span><a href=\"https:\/\/bityli.com\/B0Wc6\">\u00a0<\/a><span style=\"font-weight: 400;\">Acesso em 25 mai. 2020.<\/span><\/p>\n<p><span style=\"font-weight: 400;\">BEZERRA, Daniele <\/span><span style=\"font-weight: 400;\">Borges; SERRES, Juliane Concei\u00e7\u00e3o Primon. <\/span><span style=\"font-weight: 400;\">Museus de Consci\u00eancia: o traumatismo posto em valor. In: KNACK, Eduardo Roberto Jord\u00e3o; FERREIRA, Maria Let\u00edcia Mazzucchi; POLONI, Rita Juliana Soares (Orgs.) <strong>Mem\u00f3ria e patrim\u00f4nio: temas e debates<\/strong>. Porto Alegre: Editora Fi, 2018. Dispon\u00edvel em:<\/span> &lt;<a href=\"https:\/\/wp.ufpel.edu.br\/ppgmp\/files\/2018\/06\/Livro-Mem%C3%B3ria-e-Patrim%C3%B4nio.pdf\">https:\/\/wp.ufpel.edu.br\/ppgmp\/files\/2018\/06\/Livro-Mem%C3%B3ria-e-Patrim%C3%B4nio.pdf<\/a>&gt;<span style=\"font-weight: 400;\">. Acesso em 19 mai.2020.<\/span><\/p>\n<p><span style=\"font-weight: 400;\">BEZERRA, Daniele Borges; SERRES, Juliane Concei\u00e7\u00e3o Primon. <\/span><span style=\"font-weight: 400;\">Narrativas de vida que foram atravessadas pela hansen\u00edase. A literatura autobiogr\u00e1fica como lugar de mem\u00f3ria. In: SANTOS, N\u00e1dia Maria Weber; LIMA, Zilda Maria Menezes (Orgs.). <strong>Sa\u00fade e Doen\u00e7as no Brasil:<\/strong> perspectivas entre a Hist\u00f3ria e a Literatura. Porto Alegre: Editora Fi, 2018. Dispon\u00edvel em:<\/span> &lt;<a href=\"https:\/\/www.editorafi.org\/415saude\">https:\/\/www.editorafi.org\/415saude<\/a>&gt;<span style=\"font-weight: 400;\">. Acesso em 26 out. 2020.\u00a0<\/span><\/p>\n<p><span style=\"font-weight: 400;\">CANDAU, Jo\u00ebl; FERREIRA, Maria Leticia Mazzucchi. M\u00e9moire et patrimoine: des r\u00e9cits et des affordances du patrimoine. <\/span><b>Educar em Revista<\/b><span style=\"font-weight: 400;\">, [s.l.], n. 58, p. 21-36, dez. 2015. FapUNIFESP (SciELO).<\/span><a href=\"http:\/\/dx.doi.org\/10.1590\/0104-4060.43469\"><span style=\"font-weight: 400;\"> DOI: <\/span><span style=\"font-weight: 400;\">http:\/\/dx.doi.org\/10.1590\/0104-4060.43469<\/span><\/a><span style=\"font-weight: 400;\">. Dispon\u00edvel em:<\/span><a href=\"https:\/\/www.scielo.br\/scielo.php?script=sci_arttext&amp;pid=S0104-40602015000400021&amp;lng=pt&amp;nrm=iso\"> <span style=\"font-weight: 400;\">https:\/\/www.scielo.br\/scielo.php?script=sci_arttext&amp;pid=S0104-40602015000400021&amp;lng=pt&amp;nrm=iso<\/span><\/a><span style=\"font-weight: 400;\">. Acesso em: 30 maio 2020.<\/span><\/p>\n<p><span style=\"font-weight: 400;\">MARCHI, Darlan de Mamann<\/span><span style=\"font-weight: 400;\">. Mem\u00f3ria e sofrimento: a quest\u00e3o dos lugares. Cadernos do NUPPOME, v. 1, p. 10-17, 2019. Dispon\u00edvel em:&lt;<\/span><a href=\"https:\/\/wp.ufpel.edu.br\/nuppome\/files\/2019\/04\/Cadernos-do-NUPPOME-ano-1-n-1-abril-de-2019.pdf\"><span style=\"font-weight: 400;\">https:\/\/wp.ufpel.edu.br\/nuppome\/files\/2019\/04\/Cadernos-do-NUPPOME-ano-1-n-1-abril-de-2019.pdf<\/span><\/a><span style=\"font-weight: 400;\">&gt;. Acesso em 09 jul. 2020.\u00a0<\/span><\/p>\n<p><span style=\"font-weight: 400;\">MARCHI, D. M.<\/span><span style=\"font-weight: 400;\">; KNACK, E. ; POLONI, R. J. S.; <\/span><span style=\"font-weight: 400;\">FERREIRA, M. L. M.<\/span><span style=\"font-weight: 400;\">; SERRES, J. C. P. (Orgs.) . Mem\u00f3ria &amp; patrim\u00f4nio : identidade, emo\u00e7\u00e3o e ditaduras. v.2. Pelotas: Editora da UFPel, 2020. 333p. Dispon\u00edvel em: &lt;<\/span><a href=\"https:\/\/wp.ufpel.edu.br\/ppgmp\/files\/2020\/01\/Mem%C3%B3ria__Patrim%C3%B4nio_-_Volume_2__compressed-1.pdf\"><span style=\"font-weight: 400;\">https:\/\/wp.ufpel.edu.br\/ppgmp\/files\/2020\/01\/Mem%C3%B3ria__Patrim%C3%B4nio_-_Volume_2__compressed-1.pdf<\/span><\/a><span style=\"font-weight: 400;\">&gt; Acesso em: 09 jul. 2020<\/span><\/p>\n<p><span style=\"font-weight: 400;\">POLONI, Rita Juliana Soares; FUNARI, Pedro Paulo Abreu; MARCHI, Darlan De Mamann. Patrim\u00f4nio, mudan\u00e7as e mem\u00f3rias traum\u00e1ticas: a Arqueologia da Repress\u00e3o e da Resist\u00eancia. <\/span><b>ESTUDOS IBERO-AMERICANOS<\/b><span style=\"font-weight: 400;\">, v. 45, p. 51, 2019. DOI: <\/span><a href=\"https:\/\/doi.org\/10.15448\/1980-864X.2019.3.33044\"><span style=\"font-weight: 400;\">https:\/\/doi.org\/10.15448\/1980-864X.2019.3.33044<\/span><\/a><span style=\"font-weight: 400;\">. Dispon\u00edvel em: &lt;<\/span><a href=\"https:\/\/revistaseletronicas.pucrs.br\/ojs\/index.php\/iberoamericana\/article\/view\/33044\"><span style=\"font-weight: 400;\">https:\/\/revistaseletronicas.pucrs.br\/ojs\/index.php\/iberoamericana\/article\/view\/33044<\/span><\/a><span style=\"font-weight: 400;\">&gt;. Acesso em 09 jul. 2020.\u00a0<\/span><\/p>\n<p><span style=\"font-weight: 400;\">NOGUEIRA, Carolina Gomes. <\/span><b>Museus de mem\u00f3ria e turismo: <\/b>um estudo de caso sobre o Memorial da Resist\u00eancia de S\u00e3o Paulo<span style=\"font-weight: 400;\">. 2019. 88 f. TCC (Gradua\u00e7\u00e3o) &#8211; Curso de Museologia, Instituto de Ci\u00eancias Humanas, Universidade Federal de Pelotas, Pelotas, 2019.\u00a0<\/span><\/p>\n<p><span style=\"font-weight: 400;\">NOGUEIRA, Carolina Gomes; FERREIRA, Maria Let\u00edcia Mazzucchi; MARCHI, Darlan De Maman. Museus de Mem\u00f3ria e Turismo: entre os desafios da transmiss\u00e3o e a banaliza\u00e7\u00e3o das mem\u00f3rias dif\u00edceis. In: SERRES, Juliane Concei\u00e7\u00e3o Primon; FERREIRA, Maria Let\u00edcia Mazzucchi (Coord.) MARCHI, Darlan De Maman; KNACK, Eduardo Roberto Jord\u00e3o; POLONI, Rita Juliana Soares (Org.). <\/span><b>Mem\u00f3ria e Patrim\u00f4nio: <\/b><span style=\"font-weight: 400;\">tramas do contempor\u00e2neo. Porto Alegre: Casaletras, 2019. Dispon\u00edvel em:<\/span> <span style=\"font-weight: 400;\">&lt;<a href=\"https:\/\/www.academia.edu\/41643389\/Mem%C3%B3ria_e_Patrim%C3%B4nio_tramas_do_contempor%C3%A2neo\">https:\/\/www.academia.edu\/41643389\/Mem%C3%B3ria_e_Patrim%C3%B4nio_tramas_do_contempor%C3%A2neo<\/a>&gt;<\/span><span style=\"font-weight: 400;\">. Acesso em 26 out. 2020<\/span><\/p>\n<p><span style=\"font-weight: 400;\">NOGUEIRA, Carolina Gomes; FERREIRA, Maria Let\u00edcia Mazzucchi<\/span><span style=\"font-weight: 400;\">. Museus de Mem\u00f3ria e Turismo: entre os riscos da banaliza\u00e7\u00e3o e o desenvolvimento econ\u00f4mico. In: CIC &#8211; CONGRESSO DE INICIA\u00c7\u00c3O CIENT\u00cdFICA, 28., 2019, Pelotas. <\/span><b>Anais do XXVIII Congresso de Inicia\u00e7\u00e3o Cient\u00edfica. <\/b><span style=\"font-weight: 400;\">Pelotas: UFPEL, 2019. Dispon\u00edvel em:<\/span><a href=\"https:\/\/cti.ufpel.edu.br\/siepe\/arquivos\/2019\/SA_00640.pdf\"> <span style=\"font-weight: 400;\">https:\/\/cti.ufpel.edu.br\/siepe\/arquivos\/2019\/SA_00640.pdf<\/span><\/a><span style=\"font-weight: 400;\">. Acesso em: 20 maio 2020.<\/span><\/p>\n<p><span style=\"font-weight: 400;\">OLIVEIRA, Priscila Chagas; RIECK, Ma\u00edra Brum. Do Apagamento \u00e0 Inscri\u00e7\u00e3o Museal. O estudo de caso do Museu das Mem\u00f3rias (<\/span><i><span style=\"font-weight: 400;\">In<\/span><\/i><span style=\"font-weight: 400;\">)Poss\u00edveis. In: SERRES, Juliane Concei\u00e7\u00e3o Primon; FERREIRA, Maria Let\u00edcia Mazzucchi (Coord.) MARCHI, Darlan De Maman; KNACK, Eduardo Roberto Jord\u00e3o; POLONI, Rita Juliana Soares (Org.). <\/span><b>Mem\u00f3ria e Patrim\u00f4nio: <\/b><span style=\"font-weight: 400;\">tramas do contempor\u00e2neo. Porto Alegre: Casaletras, 2019. Dispon\u00edvel em:<\/span> <span style=\"font-weight: 400;\">&lt;<a href=\"https:\/\/www.academia.edu\/41643389\/Mem%C3%B3ria_e_Patrim%C3%B4nio_tramas_do_contempor%C3%A2neo\">https:\/\/www.academia.edu\/41643389\/Mem%C3%B3ria_e_Patrim%C3%B4nio_tramas_do_contempor%C3%A2neo<\/a>&gt;<\/span><span style=\"font-weight: 400;\">. Acesso em 26 out. 2020<\/span><\/p>\n<p><span style=\"font-weight: 400;\">SERRES, Juliane Concei\u00e7\u00e3o Primon; BEZERRA, Daniele Borges. Rio Grande do Sul: Hospital de emerg\u00eancia e Lepros\u00e1rio Itapu\u00e3 no Rio Grande do Sul: do isolamento ao esquecimento. In: Yara Nogueira Monteiro (Org.). <\/span><b>Hist\u00f3ria da hansen\u00edase no Brasil<\/b><span style=\"font-weight: 400;\">. S\u00e3o Paulo: Intermeios, 2019.<\/span><\/p>\n","protected":false},"excerpt":{"rendered":"<p>BETTS, Jaime; RIECK, Ma\u00edra Brum; OLIVEIRA, Priscila Chagas. Museu das Mem\u00f3rias (In)Poss\u00edveis: subterr\u00e2neos reciclados da Vila Dique. In: CONGRESSO INTERNACIONAL APPOA E INSTITUTO APPOA, 2019, Porto Alegre. BEZERRA, Daniele Borges. A resson\u00e2ncia afetiva das mem\u00f3rias como meio de transmiss\u00e3o para um patrim\u00f4nio dif\u00edcil: monumentos em antigos lepros\u00e1rios. 2019. 520f. Tese (Doutorado em Mem\u00f3ria Social e [&hellip;]<\/p>\n","protected":false},"author":700,"featured_media":0,"parent":0,"menu_order":0,"comment_status":"closed","ping_status":"closed","template":"","meta":{"footnotes":""},"class_list":["post-193","page","type-page","status-publish","hentry"],"_links":{"self":[{"href":"https:\/\/wp.ufpel.edu.br\/nemplus\/wp-json\/wp\/v2\/pages\/193","targetHints":{"allow":["GET"]}}],"collection":[{"href":"https:\/\/wp.ufpel.edu.br\/nemplus\/wp-json\/wp\/v2\/pages"}],"about":[{"href":"https:\/\/wp.ufpel.edu.br\/nemplus\/wp-json\/wp\/v2\/types\/page"}],"author":[{"embeddable":true,"href":"https:\/\/wp.ufpel.edu.br\/nemplus\/wp-json\/wp\/v2\/users\/700"}],"replies":[{"embeddable":true,"href":"https:\/\/wp.ufpel.edu.br\/nemplus\/wp-json\/wp\/v2\/comments?post=193"}],"version-history":[{"count":10,"href":"https:\/\/wp.ufpel.edu.br\/nemplus\/wp-json\/wp\/v2\/pages\/193\/revisions"}],"predecessor-version":[{"id":564,"href":"https:\/\/wp.ufpel.edu.br\/nemplus\/wp-json\/wp\/v2\/pages\/193\/revisions\/564"}],"wp:attachment":[{"href":"https:\/\/wp.ufpel.edu.br\/nemplus\/wp-json\/wp\/v2\/media?parent=193"}],"curies":[{"name":"wp","href":"https:\/\/api.w.org\/{rel}","templated":true}]}}