{"id":106,"date":"2020-06-08T12:12:38","date_gmt":"2020-06-08T15:12:38","guid":{"rendered":"https:\/\/wp.ufpel.edu.br\/nemplus\/?page_id=106"},"modified":"2020-06-08T12:20:08","modified_gmt":"2020-06-08T15:20:08","slug":"projects","status":"publish","type":"page","link":"https:\/\/wp.ufpel.edu.br\/nemplus\/en\/projects\/","title":{"rendered":"Projects"},"content":{"rendered":"<table style=\"width: 721px\" width=\"0\">\n<tbody>\n<tr>\n<td style=\"width: 809px\" colspan=\"3\" width=\"588\">\n<p style=\"text-align: center\"><strong>Research Projects<\/strong><\/p>\n<\/td>\n<\/tr>\n<tr>\n<td style=\"width: 206px\" width=\"180\"><strong>Project Title<\/strong><\/td>\n<td style=\"width: 339px\" width=\"244\"><strong>Description<\/strong><\/td>\n<td style=\"width: 264px\" width=\"164\"><strong>Members<\/strong><\/td>\n<\/tr>\n<tr>\n<td style=\"width: 206px\" width=\"180\">Declaring Pain as Cultural Heritage: the Kiss Nightclub Memorial (2018 \u2013 Present)<\/td>\n<td style=\"width: 339px\" width=\"244\">This project seeks to analyze the discussions in relation to cultural heritage surrounding the tragedy of the Kiss nightclub fire in Santa Maria, RS. On Sunday, January 27th, 2013, a fire caused the death of 242 party-goers and injured 600. The process of memorializing this tragedy began right after its occurrence and was characterized by varying public initiatives led by <em>Associa\u00e7\u00e3o de V\u00edtimas da Trag\u00e9dia da Boate Kiss<\/em> (Kiss Nightclub Tragedy Victim\u00b4s Association). This particular project seeks to regain the memorial methods, placing emphasis on the process of conceiving the architectural and expographic dimensions of the Kiss Nightclub Memorial.<\/td>\n<td style=\"width: 264px\" width=\"164\">Juliane Concei\u00e7\u00e3o Primon Serres (coordinator); Maria Leticia Mazzucchi Ferreira; Virginia Vecchiolli (UFSM); Darlan De Mamann Marchi; Danilo A Rangel; Leonardo Monteiro Alves.<\/td>\n<\/tr>\n<tr>\n<td style=\"width: 206px\" width=\"180\">Tourism in Places of Memory: Risks and Challenges (2017 \u2013 Present)<\/td>\n<td style=\"width: 339px\" width=\"244\">This Project aims to continue the investigative initiative that began in 2014 about the origination, reception and public attendance of Latin American Museums of Memory, which itself was an extension of a 2011 project about museums and communities. This current project seeks to study the impacts of the installment of Museums of Memory within the urban landscape as tourist attractions and the relations that are interposed in the social space in which these Museums exist. The field of study of this project entails Memory Museums in the Latin American context. Three categories of museum institutions will be analyzed: Museums located in places where acts of violence occurred; Museums that have a theme of violence in all its forms and expressions, not necessarily associated with one particular historical event; Museums conceived around specific violent processes that currently ongoing.<\/td>\n<td style=\"width: 264px\" width=\"164\">Maria Leticia Mazzucchi Ferreira (coordinator); Juliane Concei\u00e7\u00e3o Primon Serres; Rita Juliana Poloni; Eduardo Jord\u00e3o Knack; Darlan De Mamann Marchi; Guilherme Ribeiro Correa;<\/td>\n<\/tr>\n<tr>\n<td style=\"width: 206px\" width=\"180\">\n<p>Museums of Memory in the MERCOSUR Region: Dilemmas and conflicts surrounding representation of the past (2013 \u2013 Present)<\/p>\n<p>&nbsp;<\/td>\n<td style=\"width: 339px\" width=\"244\">This project aims to trace the paths of Museums of Memory in the MERCOSUL region, understand the inclusion (or not) of these Museums in current debates about violence and Human Rights, reflect on the communication methods employed, and identify the dynamics of reception and resonance of these Museums with their public.<\/td>\n<td style=\"width: 264px\" width=\"164\">\n<p>Maria Leticia Mazzucchi Ferreira (coordinator); Juliane Concei\u00e7\u00e3o Primon Serres; Rita Juliana Poloni; Darlan De Mamann Marchi; Carolina Nogueira; Leonardo Monteiro Alves;<\/p>\n<p>&nbsp;<\/td>\n<\/tr>\n<tr>\n<td style=\"width: 206px\" width=\"180\">Cultural Heritage in Places of Suffering: The dilemmas of transmission (2018 \u2013 Present)<\/td>\n<td style=\"width: 339px\" width=\"244\">The research project titled &#8221; Cultural Heritage in Places of Suffering: The dilemmas of transmission&#8221; is an extension of a larger project dealing with Museums of Memory. The formation process of these Museums is anchored in a wider understanding of Memory and Cultural Heritage. In this perspective, based on reflections on the ways in which Museums of Memory operate in the construction of narratives about a past that is difficult to transmit, this project grows into a new field of analysis, re-examining processes of declaration of Cultural Heritage and the management of what is understood to be difficult expressions of Cultural Heritage, represented, for the purposes of this project, as those associated with politically-motivated violence, to spaces of internment and isolation, and to sites of traumatic events. In the first line of research are the processes of declaration as cultural heritage of places that were the scenes of political violence that characterized the last civic-military dictatorship in Brazil (1964-1985), identified detention centers for political prisoners and torture: <em>Ilha das Pedras Brancas\/Ilha do Pres\u00eddio<\/em> in Rio Gua\u00edba and the <em>Centro de Mem\u00f3ria IcoLisboa<\/em>, in Porto Alegre. The second line of research analyzes the process of declaration as Cultural Heritage of the century-old S\u00e3o Pedro Psychiatric Hospital in Porto Alegre. The third line of research is in regards to the Kiss Nightclub\u00b4s declaration as cultural heritage and transformation into a memorial in Santa Maria, RS.<\/td>\n<td style=\"width: 264px\" width=\"164\">Maria Leticia Mazzucchi Ferreira (coordinator); Danilo Amparo Rangel; Juliane C Primon Serres; Darlan de Mamann Marchi; Leonardo Alves Monteiro.<\/td>\n<\/tr>\n<tr>\n<td style=\"width: 206px\" width=\"180\">\n<p>Survey and systematization of information about Museums of Memory in the Americas (2018 \u2013 Present)<\/p>\n<p>&nbsp;<\/td>\n<td style=\"width: 339px\" width=\"244\">\n<p>Description:<\/p>\n<p>&nbsp;<\/p>\n<p>It is possible to observe that worldwide there is a proliferation of memorial inscriptions upon the urban landscape, such as Sites of Conscience, monuments, memorials, museums, and other institutions dedicated to the communication of memories related to collective traumatic processes, above all in relation to political regimes characterized by\u00a0 State-sponsored terrorism and Human Rights violations, such as the Latin American dictatorships of the past four decades. The quest for truth and the sense of memory as justice and reparation, are the organizing principles of these institutions that are at the center of policies that are part of government agendas, processes of musealization and declaration of cultural heritage of spaces of suffering such as detention centers.<\/p>\n<p>As Paul Williams (2007) points out, Word War Two, on introducing the category of mass extermination, brought on new memorial methods as epitomized in spaces dedicated to victims, such as the Hiroshima Peace Memorial Museum (1955) as a space to acknowledge the memory of the explosion of the atomic bomb, as well as Yad Vashem (1953) in Jerusalem, as a memorial to the Holocaust.<\/td>\n<td style=\"width: 264px\" width=\"164\">Maria Let\u00edcia Mazzucchi Ferreira (coordinator); Rita Juliana Soares Poloni; Juliane Concei\u00e7\u00e3o Primon Serres; Mariana Boujadi Silva; Jose Andreas Curbelo; Carolina Gomes Nogueira.<\/td>\n<\/tr>\n<tr>\n<td style=\"width: 206px\" width=\"180\">Archaeology, memories, cultural heritage and dictatorships: Compared perspectives (2016 \u2013 Present)<\/td>\n<td style=\"width: 339px\" width=\"244\">The current research project aims to identify the relations between scientific production in the field of Archaeology and Social Memory, as well as cultural heritage discourse, within the contexts of authoritarian governments by employing comparative perspectives, both national and international. Engaging in dialogue with the theories of Anthropology of Science this project intends to map out the human networks of scientific production, attempting to understand the specific social and political contexts that (re)construct and produce discourse surrounding memorials and cultural heritage. This project also seeks to reveal the conditions of the scientific production analyzed to be able to identify its unique productive processes, highlighting underground memories and cultural heritage related to silenced social groups. Lastly, the project aims to place in perspective the varying networks established within the interiors of the contexts of archaeological scientific production (both national and international) as a way to make evident the similarities and differences between those contexts.<\/td>\n<td style=\"width: 264px\" width=\"164\">\n<p>Rita Juliana Soares Poloni (coordinator); Juliane Concei\u00e7\u00e3o Primon Serres; Maria Leticia Mazzucchi Ferreira.<\/p>\n<p>&nbsp;<\/td>\n<\/tr>\n<tr>\n<td style=\"width: 206px\" width=\"180\">\n<p><em>Hospital Col\u00f4nia Itapu\u00e3<\/em>: Memory and Cultural Heritage in Debate<\/p>\n<p>&nbsp;<\/td>\n<td style=\"width: 339px\" width=\"244\">\n<p>The project proposes to discuss the importance, in terms of cultural heritage, of the <em>Hospital Col\u00f4nia Itapu\u00e3<\/em>, a leper colony built in 1940 in the municipality of Viam\u00e3o, Rio Grande do Sul.<\/p>\n<p>The hospital is currently in a process of de-activation and there is a general concern surrounding the preservation of its memory, as well as the importance of the possibility that the site could be declared cultural heritage.<\/td>\n<td style=\"width: 264px\" width=\"164\">Juliane Concei\u00e7\u00e3o Primon Serres (coordinator); Daniele Borges Bezerra.<\/td>\n<\/tr>\n<\/tbody>\n<\/table>\n<p>&nbsp;<\/p>\n<table style=\"width: 716px\" width=\"0\">\n<tbody>\n<tr>\n<td style=\"width: 811px\" colspan=\"3\" width=\"707\">\n<p style=\"text-align: center\"><strong>Extension Projects<\/strong><\/p>\n<\/td>\n<\/tr>\n<tr>\n<td style=\"width: 209px\" width=\"205\"><strong>Project Title<\/strong><\/td>\n<td style=\"width: 334px\" width=\"302\"><strong>Description<\/strong><\/td>\n<td style=\"width: 268px\" width=\"200\"><strong>Members<\/strong><\/td>\n<\/tr>\n<tr>\n<td style=\"width: 209px\" width=\"205\">\n<p>Curation and Uses of the Kiss Nightclub Memorial \u2013 Santa Maria RS (2019 \u2013 Present)<\/p>\n<p>&nbsp;<\/td>\n<td style=\"width: 334px\" width=\"302\">\n<p>The project of creating the memorial to the victims of the Kiss Nightclub tragedy, in Santa Maria, RS, seeks to develop the museum space of the Memorial, which will be integrated into the memorial\u00b4s architectural space, whose design was selected in 2017 as part of a contest carried out by the <em>Instituto de Arquitetos do Brasil<\/em> (IAB-RS), whom also proposed the memorial\u00b4s mission and working strategy. The project proposes to work together with the <em>Associa\u00e7\u00e3o das V\u00edtimas da Trag\u00e9dia de Santa Maria (AVTSM)<\/em> in carrying out this project, which will have an important impact in the city and the nation. Questions surrounding the methods to narrate the tragedy and its present implications, the social uses of the Memorial and its function within the city, guide the entire project.<\/p>\n<p>The primary proposal is that, by way of the Memorial, Santa Maria would become a youth-friendly city, in the perspective of being an educational city, transforming the harmful effects of the tragedy, such as the loss of human life, into tools to develop awareness of respect for human lives, and a myriad of connected initiatives related with public policy dealing with young people.<\/td>\n<td style=\"width: 268px\" width=\"200\">Juliane Concei\u00e7\u00e3o Primon Serres (coordinator); Maria Leticia Mazzucchi Ferreira; Danilo Aparecido Rangel; Virginia Susana Vecchioli (UFSM);<\/td>\n<\/tr>\n<\/tbody>\n<\/table>\n<p>&nbsp;<\/p>\n","protected":false},"excerpt":{"rendered":"<p>Research Projects Project Title Description Members Declaring Pain as Cultural Heritage: the Kiss Nightclub Memorial (2018 \u2013 Present) This project seeks to analyze the discussions in relation to cultural heritage surrounding the tragedy of the Kiss nightclub fire in Santa Maria, RS. On Sunday, January 27th, 2013, a fire caused the death of 242 party-goers [&hellip;]<\/p>\n","protected":false},"author":700,"featured_media":0,"parent":0,"menu_order":3,"comment_status":"closed","ping_status":"closed","template":"","meta":{"footnotes":""},"class_list":["post-106","page","type-page","status-publish","hentry"],"_links":{"self":[{"href":"https:\/\/wp.ufpel.edu.br\/nemplus\/wp-json\/wp\/v2\/pages\/106","targetHints":{"allow":["GET"]}}],"collection":[{"href":"https:\/\/wp.ufpel.edu.br\/nemplus\/wp-json\/wp\/v2\/pages"}],"about":[{"href":"https:\/\/wp.ufpel.edu.br\/nemplus\/wp-json\/wp\/v2\/types\/page"}],"author":[{"embeddable":true,"href":"https:\/\/wp.ufpel.edu.br\/nemplus\/wp-json\/wp\/v2\/users\/700"}],"replies":[{"embeddable":true,"href":"https:\/\/wp.ufpel.edu.br\/nemplus\/wp-json\/wp\/v2\/comments?post=106"}],"version-history":[{"count":5,"href":"https:\/\/wp.ufpel.edu.br\/nemplus\/wp-json\/wp\/v2\/pages\/106\/revisions"}],"predecessor-version":[{"id":117,"href":"https:\/\/wp.ufpel.edu.br\/nemplus\/wp-json\/wp\/v2\/pages\/106\/revisions\/117"}],"wp:attachment":[{"href":"https:\/\/wp.ufpel.edu.br\/nemplus\/wp-json\/wp\/v2\/media?parent=106"}],"curies":[{"name":"wp","href":"https:\/\/api.w.org\/{rel}","templated":true}]}}