{"id":782,"date":"2022-12-07T15:51:06","date_gmt":"2022-12-07T18:51:06","guid":{"rendered":"https:\/\/wp.ufpel.edu.br\/neab\/?page_id=782"},"modified":"2022-12-07T15:51:06","modified_gmt":"2022-12-07T18:51:06","slug":"entre-charqueadas-um-caminho-de-memorias-diretrizes-de-preservacao-para-as-vilas-de-santa-tereza-e-idustrial-bage-rs","status":"publish","type":"page","link":"https:\/\/wp.ufpel.edu.br\/neab\/entre-charqueadas-um-caminho-de-memorias-diretrizes-de-preservacao-para-as-vilas-de-santa-tereza-e-idustrial-bage-rs\/","title":{"rendered":"Entre Charqueadas: um caminho de mem\u00f3rias, diretrizes de preserva\u00e7\u00e3o para as Vilas de Santa Tereza e Idustrial &#8211; Bag\u00e9\/RS"},"content":{"rendered":"<p><strong><span style=\"font-family: arial, helvetica, sans-serif;\">ENTRE CHARQUEADAS: UM CAMINHO DE MEM\u00d3RIAS. DIRETRIZES DE PRESERVA\u00c7\u00c3O PARA AS VILAS DE SANTA THEREZA E INDUSTRIAL \u2013 BAG\u00c9\/RS<\/span><\/strong><br \/>\n<strong><span style=\"font-family: arial, helvetica, sans-serif;\">AUTOR: ISADORA BAPTISTA ALVES<\/span><\/strong><\/p>\n<p><strong><span style=\"font-family: arial, helvetica, sans-serif;\">RESUMO:<\/span><\/strong><\/p>\n<p><span style=\"font-family: arial, helvetica, sans-serif;\">Este trabalho aborda a tem\u00e1tica do planejamento urbano em um s\u00edtio fabril- <\/span><span style=\"font-family: arial, helvetica, sans-serif;\">charqueador localizado na cidade de Bag\u00e9\/RS. Partindo da premissa da <\/span><span style=\"font-family: arial, helvetica, sans-serif;\">import\u00e2ncia da prote\u00e7\u00e3o deste complexo industrial, este estudo tem a finalidade <\/span><span style=\"font-family: arial, helvetica, sans-serif;\">de criar instrumentos para a prote\u00e7\u00e3o e preserva\u00e7\u00e3o da \u00e1rea. Em termos <\/span><span style=\"font-family: arial, helvetica, sans-serif;\">gerais, busca-se identificar as tipologias presentes no local para definir uma <\/span><span style=\"font-family: arial, helvetica, sans-serif;\">poligonal de prote\u00e7\u00e3o e, assim, as diretrizes e formas de aplica\u00e7\u00e3o da <\/span><span style=\"font-family: arial, helvetica, sans-serif;\">legisla\u00e7\u00e3o sobre o s\u00edtio.<\/span><\/p>\n<p><span style=\"font-family: arial, helvetica, sans-serif;\">Link de acesso a rede PHI: <a href=\"https:\/\/phi.aq.upm.es\/static\/visor.html?id=678\">https:\/\/phi.aq.upm.es\/static\/visor.html?id=678<\/a><\/span><\/p>\n","protected":false},"excerpt":{"rendered":"<p>ENTRE CHARQUEADAS: UM CAMINHO DE MEM\u00d3RIAS. DIRETRIZES DE PRESERVA\u00c7\u00c3O PARA AS VILAS DE SANTA THEREZA E INDUSTRIAL \u2013 BAG\u00c9\/RS AUTOR: ISADORA BAPTISTA ALVES RESUMO: Este trabalho aborda a tem\u00e1tica do planejamento urbano em um s\u00edtio fabril- charqueador localizado na cidade de Bag\u00e9\/RS. Partindo da premissa da import\u00e2ncia da prote\u00e7\u00e3o deste complexo industrial, este estudo tem [&hellip;]<\/p>\n","protected":false},"author":814,"featured_media":0,"parent":0,"menu_order":0,"comment_status":"closed","ping_status":"closed","template":"","meta":{"footnotes":""},"class_list":["post-782","page","type-page","status-publish","hentry"],"jetpack_sharing_enabled":true,"_links":{"self":[{"href":"https:\/\/wp.ufpel.edu.br\/neab\/wp-json\/wp\/v2\/pages\/782","targetHints":{"allow":["GET"]}}],"collection":[{"href":"https:\/\/wp.ufpel.edu.br\/neab\/wp-json\/wp\/v2\/pages"}],"about":[{"href":"https:\/\/wp.ufpel.edu.br\/neab\/wp-json\/wp\/v2\/types\/page"}],"author":[{"embeddable":true,"href":"https:\/\/wp.ufpel.edu.br\/neab\/wp-json\/wp\/v2\/users\/814"}],"replies":[{"embeddable":true,"href":"https:\/\/wp.ufpel.edu.br\/neab\/wp-json\/wp\/v2\/comments?post=782"}],"version-history":[{"count":1,"href":"https:\/\/wp.ufpel.edu.br\/neab\/wp-json\/wp\/v2\/pages\/782\/revisions"}],"predecessor-version":[{"id":784,"href":"https:\/\/wp.ufpel.edu.br\/neab\/wp-json\/wp\/v2\/pages\/782\/revisions\/784"}],"wp:attachment":[{"href":"https:\/\/wp.ufpel.edu.br\/neab\/wp-json\/wp\/v2\/media?parent=782"}],"curies":[{"name":"wp","href":"https:\/\/api.w.org\/{rel}","templated":true}]}}