{"id":777,"date":"2022-12-07T15:45:01","date_gmt":"2022-12-07T18:45:01","guid":{"rendered":"https:\/\/wp.ufpel.edu.br\/neab\/?page_id=777"},"modified":"2022-12-07T15:45:47","modified_gmt":"2022-12-07T18:45:47","slug":"complexo-cinematografico-um-espaco-de-memoria-e-de-criacao","status":"publish","type":"page","link":"https:\/\/wp.ufpel.edu.br\/neab\/complexo-cinematografico-um-espaco-de-memoria-e-de-criacao\/","title":{"rendered":"Complexo Cinematogr\u00e1fico: um espa\u00e7o de mem\u00f3ria e de cria\u00e7\u00e3o"},"content":{"rendered":"<p><span style=\"font-family: arial, helvetica, sans-serif;\"><strong>Complexo Cinematogr\u00e1fico: um espa\u00e7o de mem\u00f3ria e de cria\u00e7\u00e3o<\/strong><\/span><\/p>\n<p><span style=\"font-family: arial, helvetica, sans-serif;\"><strong>Autor: Nat\u00e1lia Toralles dos Santos Braga<\/strong><\/span><\/p>\n<p>&nbsp;<\/p>\n<p><strong><span style=\"font-family: arial, helvetica, sans-serif;\">Resumo:<\/span><\/strong><\/p>\n<p><span style=\"font-family: arial, helvetica, sans-serif;\">O projeto desenvolvido trata da proposta de restaura\u00e7\u00e3o de parte de uma antiga edifica\u00e7\u00e3o localizada na cidade de Pelotas, RS &#8211; o pr\u00e9dio da Antiga Cervejaria Sul- Riograndens. Riograndense. O projeto contempla a interven\u00e7\u00e3o na preexist\u00eancia de valor cultural e a inser\u00e7\u00e3o de um volume anexo. O trabalho em quest\u00e3o foi proposto para a Universidade Federal de Pelotas, voltado para produ\u00e7\u00e3o de conte\u00fado cinematogr\u00e1fico. O espa\u00e7o conta com uma estrutura para os cursos de Cinema de Anima\u00e7\u00e3o e Cinema e Audiovisual, abrangendo as etapas de produ\u00e7\u00e3o, edi\u00e7\u00e3o e divulga\u00e7\u00e3o do conte\u00fado criado, atendendo \u00e0s demandas de ambos os cursos.<\/span><\/p>\n<p><span style=\"font-family: arial, helvetica, sans-serif;\">Link de acesso a rede PHI: <a href=\"https:\/\/phi.aq.upm.es\/static\/visor.html?id=677\">https:\/\/phi.aq.upm.es\/static\/visor.html?id=677<\/a><\/span><\/p>\n","protected":false},"excerpt":{"rendered":"<p>Complexo Cinematogr\u00e1fico: um espa\u00e7o de mem\u00f3ria e de cria\u00e7\u00e3o Autor: Nat\u00e1lia Toralles dos Santos Braga &nbsp; Resumo: O projeto desenvolvido trata da proposta de restaura\u00e7\u00e3o de parte de uma antiga edifica\u00e7\u00e3o localizada na cidade de Pelotas, RS &#8211; o pr\u00e9dio da Antiga Cervejaria Sul- Riograndens. Riograndense. O projeto contempla a interven\u00e7\u00e3o na preexist\u00eancia de valor [&hellip;]<\/p>\n","protected":false},"author":814,"featured_media":0,"parent":0,"menu_order":0,"comment_status":"closed","ping_status":"closed","template":"","meta":{"footnotes":""},"class_list":["post-777","page","type-page","status-publish","hentry"],"jetpack_sharing_enabled":true,"_links":{"self":[{"href":"https:\/\/wp.ufpel.edu.br\/neab\/wp-json\/wp\/v2\/pages\/777","targetHints":{"allow":["GET"]}}],"collection":[{"href":"https:\/\/wp.ufpel.edu.br\/neab\/wp-json\/wp\/v2\/pages"}],"about":[{"href":"https:\/\/wp.ufpel.edu.br\/neab\/wp-json\/wp\/v2\/types\/page"}],"author":[{"embeddable":true,"href":"https:\/\/wp.ufpel.edu.br\/neab\/wp-json\/wp\/v2\/users\/814"}],"replies":[{"embeddable":true,"href":"https:\/\/wp.ufpel.edu.br\/neab\/wp-json\/wp\/v2\/comments?post=777"}],"version-history":[{"count":1,"href":"https:\/\/wp.ufpel.edu.br\/neab\/wp-json\/wp\/v2\/pages\/777\/revisions"}],"predecessor-version":[{"id":778,"href":"https:\/\/wp.ufpel.edu.br\/neab\/wp-json\/wp\/v2\/pages\/777\/revisions\/778"}],"wp:attachment":[{"href":"https:\/\/wp.ufpel.edu.br\/neab\/wp-json\/wp\/v2\/media?parent=777"}],"curies":[{"name":"wp","href":"https:\/\/api.w.org\/{rel}","templated":true}]}}