{"id":683,"date":"2022-10-04T14:47:56","date_gmt":"2022-10-04T17:47:56","guid":{"rendered":"https:\/\/wp.ufpel.edu.br\/neab\/?page_id=683"},"modified":"2022-10-04T14:47:56","modified_gmt":"2022-10-04T17:47:56","slug":"divulgar-o-patrimonio-cultural-modulo-1-e-modulo-ii-codigo-11834","status":"publish","type":"page","link":"https:\/\/wp.ufpel.edu.br\/neab\/divulgar-o-patrimonio-cultural-modulo-1-e-modulo-ii-codigo-11834\/","title":{"rendered":"DIVULGAR O PATRIM\u00d4NIO CULTURAL. (M\u00d3DULO 1 E M\u00d3DULO II) &#8211; C\u00d3DIGO 11834"},"content":{"rendered":"<p><span style=\"font-family: arial, helvetica, sans-serif;\"><strong>NATUREZA:<\/strong> Extens\u00e3o\u00a0 \u00a0 \u00a0<strong>DATA DE IN\u00cdCIO:<\/strong> 20\/11\/2020\u00a0 \u00a0 \u00a0 <strong>DATA DO FIM:<\/strong> 31\/03\/2022<\/span><\/p>\n<p><span style=\"font-family: arial, helvetica, sans-serif;\"><strong>G\u00caNERO:<\/strong> Publica\u00e7\u00e3o e outros produtos acad\u00eamicos<\/span><\/p>\n<p><span style=\"font-family: arial, helvetica, sans-serif;\"><strong>LOCALIZA\u00c7\u00c3O DE REALIZA\u00c7\u00c3O:<\/strong>\u00a0<\/span><\/p>\n<p>&nbsp;<\/p>\n<p><strong><span style=\"font-family: arial, helvetica, sans-serif;\">Objetivo espec\u00edfico<\/span><\/strong><\/p>\n<ul>\n<li><span style=\"font-family: arial, helvetica, sans-serif;\">Elaborar reda\u00e7\u00e3o final do relat\u00f3rio de pesquisa;<\/span><\/li>\n<li><span style=\"font-family: arial, helvetica, sans-serif;\">Divulgar os resultados em apresenta\u00e7\u00f5es em eventos;<\/span><\/li>\n<li><span style=\"font-family: arial, helvetica, sans-serif;\">Publicar os resultados em anais de eventos e peri\u00f3dicos da \u00e1rea.<\/span><\/li>\n<\/ul>\n","protected":false},"excerpt":{"rendered":"<p>NATUREZA: Extens\u00e3o\u00a0 \u00a0 \u00a0DATA DE IN\u00cdCIO: 20\/11\/2020\u00a0 \u00a0 \u00a0 DATA DO FIM: 31\/03\/2022 G\u00caNERO: Publica\u00e7\u00e3o e outros produtos acad\u00eamicos LOCALIZA\u00c7\u00c3O DE REALIZA\u00c7\u00c3O:\u00a0 &nbsp; Objetivo espec\u00edfico Elaborar reda\u00e7\u00e3o final do relat\u00f3rio de pesquisa; Divulgar os resultados em apresenta\u00e7\u00f5es em eventos; Publicar os resultados em anais de eventos e peri\u00f3dicos da \u00e1rea.<\/p>\n","protected":false},"author":814,"featured_media":0,"parent":0,"menu_order":0,"comment_status":"closed","ping_status":"closed","template":"","meta":{"footnotes":""},"class_list":["post-683","page","type-page","status-publish","hentry"],"jetpack_sharing_enabled":true,"_links":{"self":[{"href":"https:\/\/wp.ufpel.edu.br\/neab\/wp-json\/wp\/v2\/pages\/683","targetHints":{"allow":["GET"]}}],"collection":[{"href":"https:\/\/wp.ufpel.edu.br\/neab\/wp-json\/wp\/v2\/pages"}],"about":[{"href":"https:\/\/wp.ufpel.edu.br\/neab\/wp-json\/wp\/v2\/types\/page"}],"author":[{"embeddable":true,"href":"https:\/\/wp.ufpel.edu.br\/neab\/wp-json\/wp\/v2\/users\/814"}],"replies":[{"embeddable":true,"href":"https:\/\/wp.ufpel.edu.br\/neab\/wp-json\/wp\/v2\/comments?post=683"}],"version-history":[{"count":1,"href":"https:\/\/wp.ufpel.edu.br\/neab\/wp-json\/wp\/v2\/pages\/683\/revisions"}],"predecessor-version":[{"id":684,"href":"https:\/\/wp.ufpel.edu.br\/neab\/wp-json\/wp\/v2\/pages\/683\/revisions\/684"}],"wp:attachment":[{"href":"https:\/\/wp.ufpel.edu.br\/neab\/wp-json\/wp\/v2\/media?parent=683"}],"curies":[{"name":"wp","href":"https:\/\/api.w.org\/{rel}","templated":true}]}}

DIVULGAR O PATRIMÔNIO CULTURAL. (MÓDULO 1 E MÓDULO II) &#8211; CÓDIGO 11834

<p><span style="font-family: arial, helvetica, sans-serif;"><strong>NATUREZA:</strong> Extensão     <strong>DATA DE INÍCIO:</strong> 20/11/2020      <strong>DATA DO FIM:</strong> 31/03/2022</span></p>
<p><span style="font-family: arial, helvetica, sans-serif;"><strong>GÊNERO:</strong> Publicação e outros produtos acadêmicos</span></p>
<p><span style="font-family: arial, helvetica, sans-serif;"><strong>LOCALIZAÇÃO DE REALIZAÇÃO:</strong> </span></p>
<p>&nbsp;</p>
<p><strong><span style="font-family: arial, helvetica, sans-serif;">Objetivo específico</span></strong></p>
<ul>
<li><span style="font-family: arial, helvetica, sans-serif;">Elaborar redação final do relatório de pesquisa;</span></li>
<li><span style="font-family: arial, helvetica, sans-serif;">Divulgar os resultados em apresentações em eventos;</span></li>
<li><span style="font-family: arial, helvetica, sans-serif;">Publicar os resultados em anais de eventos e periódicos da área.</span></li>
</ul>

<p>NATUREZA: Extensão     DATA DE INÍCIO: 20/11/2020      DATA DO FIM: 31/03/2022 GÊNERO: Publicação e outros produtos acadêmicos LOCALIZAÇÃO DE REALIZAÇÃO:  &nbsp; Objetivo específico Elaborar redação final do relatório de pesquisa; Divulgar os resultados em apresentações em eventos; Publicar os resultados em anais de eventos e periódicos da área.</p>
