{"id":651,"date":"2022-09-28T16:51:27","date_gmt":"2022-09-28T19:51:27","guid":{"rendered":"https:\/\/wp.ufpel.edu.br\/neab\/?page_id=651"},"modified":"2022-09-28T16:52:37","modified_gmt":"2022-09-28T19:52:37","slug":"intervencoes-arquitetonicas-e-urbanas-em-preexistencias-de-valor-cultural","status":"publish","type":"page","link":"https:\/\/wp.ufpel.edu.br\/neab\/intervencoes-arquitetonicas-e-urbanas-em-preexistencias-de-valor-cultural\/","title":{"rendered":"Interven\u00e7\u00f5es arquitet\u00f4nicas e urbanas em preexist\u00eancias de valor cultural"},"content":{"rendered":"<p><span style=\"font-family: arial, helvetica, sans-serif;\"><strong>NATUREZA:<\/strong> Pesquisa\u00a0 \u00a0 \u00a0 \u00a0 \u00a0 \u00a0 \u00a0 \u00a0 \u00a0 \u00a0 <strong>DATA DE IN\u00cdCIO:<\/strong> 15\/03\/2022\u00a0 \u00a0 \u00a0 \u00a0 \u00a0 \u00a0 \u00a0 \u00a0 \u00a0 <strong>DATA DO FIM:<\/strong> 31\/03\/2024<\/span><\/p>\n<p><span style=\"font-family: arial, helvetica, sans-serif;\"><strong>G\u00caNERO:<\/strong> Propriedade Dita de Pesquisa<\/span><\/p>\n<p><span style=\"font-family: arial, helvetica, sans-serif;\"><strong>LOCALIZA\u00c7\u00c3O DE REALIZA\u00c7\u00c3O:<\/strong> N\u00facleo de Estudos de Arquitetura Brasileira (NEAB) FAUrb\/UFPel<\/span><\/p>\n<p>&nbsp;<\/p>\n<p><strong><span style=\"font-family: arial, helvetica, sans-serif;\">Objetivo espec\u00edfico<\/span><\/strong><\/p>\n<p><span style=\"font-family: arial, helvetica, sans-serif;\">*Investigar estrat\u00e9gias projetuais de interven\u00e7\u00f5es arquitet\u00f4nicas e urbanas;<\/span><\/p>\n<p><span style=\"font-family: arial, helvetica, sans-serif;\">*Desenvolver reflex\u00f5es te\u00f3ricas-conceituais que contribuam nas discuss\u00f5es emergentes do campo;<\/span><\/p>\n<p><span style=\"font-family: arial, helvetica, sans-serif;\">*Promover aproxima\u00e7\u00e3o entre teoria e pr\u00e1tica projetual;<\/span><\/p>\n<p><span style=\"font-family: arial, helvetica, sans-serif;\">*Contribuir na forma\u00e7\u00e3o de profissionais qualificados.<\/span><\/p>\n","protected":false},"excerpt":{"rendered":"<p>NATUREZA: Pesquisa\u00a0 \u00a0 \u00a0 \u00a0 \u00a0 \u00a0 \u00a0 \u00a0 \u00a0 \u00a0 DATA DE IN\u00cdCIO: 15\/03\/2022\u00a0 \u00a0 \u00a0 \u00a0 \u00a0 \u00a0 \u00a0 \u00a0 \u00a0 DATA DO FIM: 31\/03\/2024 G\u00caNERO: Propriedade Dita de Pesquisa LOCALIZA\u00c7\u00c3O DE REALIZA\u00c7\u00c3O: N\u00facleo de Estudos de Arquitetura Brasileira (NEAB) FAUrb\/UFPel &nbsp; Objetivo espec\u00edfico *Investigar estrat\u00e9gias projetuais de interven\u00e7\u00f5es arquitet\u00f4nicas e urbanas; *Desenvolver [&hellip;]<\/p>\n","protected":false},"author":814,"featured_media":0,"parent":0,"menu_order":0,"comment_status":"closed","ping_status":"closed","template":"","meta":{"footnotes":""},"class_list":["post-651","page","type-page","status-publish","hentry"],"jetpack_sharing_enabled":true,"_links":{"self":[{"href":"https:\/\/wp.ufpel.edu.br\/neab\/wp-json\/wp\/v2\/pages\/651","targetHints":{"allow":["GET"]}}],"collection":[{"href":"https:\/\/wp.ufpel.edu.br\/neab\/wp-json\/wp\/v2\/pages"}],"about":[{"href":"https:\/\/wp.ufpel.edu.br\/neab\/wp-json\/wp\/v2\/types\/page"}],"author":[{"embeddable":true,"href":"https:\/\/wp.ufpel.edu.br\/neab\/wp-json\/wp\/v2\/users\/814"}],"replies":[{"embeddable":true,"href":"https:\/\/wp.ufpel.edu.br\/neab\/wp-json\/wp\/v2\/comments?post=651"}],"version-history":[{"count":1,"href":"https:\/\/wp.ufpel.edu.br\/neab\/wp-json\/wp\/v2\/pages\/651\/revisions"}],"predecessor-version":[{"id":652,"href":"https:\/\/wp.ufpel.edu.br\/neab\/wp-json\/wp\/v2\/pages\/651\/revisions\/652"}],"wp:attachment":[{"href":"https:\/\/wp.ufpel.edu.br\/neab\/wp-json\/wp\/v2\/media?parent=651"}],"curies":[{"name":"wp","href":"https:\/\/api.w.org\/{rel}","templated":true}]}}

Intervenções arquitetônicas e urbanas em preexistências de valor cultural

<p><span style="font-family: arial, helvetica, sans-serif;"><strong>NATUREZA:</strong> Pesquisa                    <strong>DATA DE INÍCIO:</strong> 15/03/2022                  <strong>DATA DO FIM:</strong> 31/03/2024</span></p>
<p><span style="font-family: arial, helvetica, sans-serif;"><strong>GÊNERO:</strong> Propriedade Dita de Pesquisa</span></p>
<p><span style="font-family: arial, helvetica, sans-serif;"><strong>LOCALIZAÇÃO DE REALIZAÇÃO:</strong> Núcleo de Estudos de Arquitetura Brasileira (NEAB) FAUrb/UFPel</span></p>
<p>&nbsp;</p>
<p><strong><span style="font-family: arial, helvetica, sans-serif;">Objetivo específico</span></strong></p>
<p><span style="font-family: arial, helvetica, sans-serif;">*Investigar estratégias projetuais de intervenções arquitetônicas e urbanas;</span></p>
<p><span style="font-family: arial, helvetica, sans-serif;">*Desenvolver reflexões teóricas-conceituais que contribuam nas discussões emergentes do campo;</span></p>
<p><span style="font-family: arial, helvetica, sans-serif;">*Promover aproximação entre teoria e prática projetual;</span></p>
<p><span style="font-family: arial, helvetica, sans-serif;">*Contribuir na formação de profissionais qualificados.</span></p>

<p>NATUREZA: Pesquisa                    DATA DE INÍCIO: 15/03/2022                  DATA DO FIM: 31/03/2024 GÊNERO: Propriedade Dita de Pesquisa LOCALIZAÇÃO DE REALIZAÇÃO: Núcleo de Estudos de Arquitetura Brasileira (NEAB) FAUrb/UFPel &nbsp; Objetivo específico *Investigar estratégias projetuais de intervenções arquitetônicas e urbanas; *Desenvolver [&hellip;]</p>
