{"id":645,"date":"2022-09-28T16:42:44","date_gmt":"2022-09-28T19:42:44","guid":{"rendered":"https:\/\/wp.ufpel.edu.br\/neab\/?page_id=645"},"modified":"2022-12-06T15:20:46","modified_gmt":"2022-12-06T18:20:46","slug":"patrimonio-cultural-elaboracao-de-material-de-apoio-para-as-disciplinas-da-graduacao-e-da-pos-graduacao","status":"publish","type":"page","link":"https:\/\/wp.ufpel.edu.br\/neab\/patrimonio-cultural-elaboracao-de-material-de-apoio-para-as-disciplinas-da-graduacao-e-da-pos-graduacao\/","title":{"rendered":"Patrim\u00f4nio cultural: elabora\u00e7\u00e3o de material de apoio para as disciplinas da gradua\u00e7\u00e3o e da p\u00f3s- gradua\u00e7\u00e3o"},"content":{"rendered":"<p><span style=\"font-family: arial, helvetica, sans-serif;\"><strong>NATUREZA:<\/strong> Ensino\u00a0 \u00a0 \u00a0 \u00a0 \u00a0 \u00a0 \u00a0 \u00a0 \u00a0 \u00a0<strong>DATA DE IN\u00cdCIO:<\/strong> 04\/01\/2021\u00a0 \u00a0 \u00a0 \u00a0 \u00a0 \u00a0 \u00a0 \u00a0 \u00a0 \u00a0 \u00a0 <strong>\u00a0DATA DO FIM:<\/strong> 31\/03\/2024<\/span><br \/>\n<span style=\"font-family: arial, helvetica, sans-serif;\"><strong>G\u00caNERO:<\/strong> Propriamente Dita de Ensino<\/span><br \/>\n<span style=\"font-family: arial, helvetica, sans-serif;\"><strong>LOCALIZA\u00c7\u00c3O DE REALIZA\u00c7\u00c3O:<\/strong> Pelotas<\/span><\/p>\n<p>&nbsp;<\/p>\n<p><strong><span style=\"font-family: arial, helvetica, sans-serif;\">Objetivo espec\u00edfico<\/span><\/strong><\/p>\n<p><span style=\"font-family: arial, helvetica, sans-serif;\"><strong>*<\/strong>Elaborar material de apoio para as disciplinas de gradua\u00e7\u00e3o e p\u00f3s-gradua\u00e7\u00e3o da FAUrb\/UFPel relativo \u00e0 tem\u00e1tica de <\/span><span style=\"font-family: arial, helvetica, sans-serif;\">patrim\u00f4nio cultural.<\/span><\/p>\n","protected":false},"excerpt":{"rendered":"<p>NATUREZA: Ensino\u00a0 \u00a0 \u00a0 \u00a0 \u00a0 \u00a0 \u00a0 \u00a0 \u00a0 \u00a0DATA DE IN\u00cdCIO: 04\/01\/2021\u00a0 \u00a0 \u00a0 \u00a0 \u00a0 \u00a0 \u00a0 \u00a0 \u00a0 \u00a0 \u00a0 \u00a0DATA DO FIM: 31\/03\/2024 G\u00caNERO: Propriamente Dita de Ensino LOCALIZA\u00c7\u00c3O DE REALIZA\u00c7\u00c3O: Pelotas &nbsp; Objetivo espec\u00edfico *Elaborar material de apoio para as disciplinas de gradua\u00e7\u00e3o e p\u00f3s-gradua\u00e7\u00e3o da FAUrb\/UFPel relativo \u00e0 [&hellip;]<\/p>\n","protected":false},"author":814,"featured_media":0,"parent":0,"menu_order":0,"comment_status":"closed","ping_status":"closed","template":"","meta":{"footnotes":""},"class_list":["post-645","page","type-page","status-publish","hentry"],"jetpack_sharing_enabled":true,"_links":{"self":[{"href":"https:\/\/wp.ufpel.edu.br\/neab\/wp-json\/wp\/v2\/pages\/645","targetHints":{"allow":["GET"]}}],"collection":[{"href":"https:\/\/wp.ufpel.edu.br\/neab\/wp-json\/wp\/v2\/pages"}],"about":[{"href":"https:\/\/wp.ufpel.edu.br\/neab\/wp-json\/wp\/v2\/types\/page"}],"author":[{"embeddable":true,"href":"https:\/\/wp.ufpel.edu.br\/neab\/wp-json\/wp\/v2\/users\/814"}],"replies":[{"embeddable":true,"href":"https:\/\/wp.ufpel.edu.br\/neab\/wp-json\/wp\/v2\/comments?post=645"}],"version-history":[{"count":2,"href":"https:\/\/wp.ufpel.edu.br\/neab\/wp-json\/wp\/v2\/pages\/645\/revisions"}],"predecessor-version":[{"id":719,"href":"https:\/\/wp.ufpel.edu.br\/neab\/wp-json\/wp\/v2\/pages\/645\/revisions\/719"}],"wp:attachment":[{"href":"https:\/\/wp.ufpel.edu.br\/neab\/wp-json\/wp\/v2\/media?parent=645"}],"curies":[{"name":"wp","href":"https:\/\/api.w.org\/{rel}","templated":true}]}}

Patrimônio cultural: elaboração de material de apoio para as disciplinas da graduação e da pós- graduação

<p><span style="font-family: arial, helvetica, sans-serif;"><strong>NATUREZA:</strong> Ensino                   <strong>DATA DE INÍCIO:</strong> 04/01/2021                      <strong> DATA DO FIM:</strong> 31/03/2024</span><br />
<span style="font-family: arial, helvetica, sans-serif;"><strong>GÊNERO:</strong> Propriamente Dita de Ensino</span><br />
<span style="font-family: arial, helvetica, sans-serif;"><strong>LOCALIZAÇÃO DE REALIZAÇÃO:</strong> Pelotas</span></p>
<p>&nbsp;</p>
<p><strong><span style="font-family: arial, helvetica, sans-serif;">Objetivo específico</span></strong></p>
<p><span style="font-family: arial, helvetica, sans-serif;"><strong>*</strong>Elaborar material de apoio para as disciplinas de graduação e pós-graduação da FAUrb/UFPel relativo à temática de </span><span style="font-family: arial, helvetica, sans-serif;">patrimônio cultural.</span></p>

<p>NATUREZA: Ensino                   DATA DE INÍCIO: 04/01/2021                       DATA DO FIM: 31/03/2024 GÊNERO: Propriamente Dita de Ensino LOCALIZAÇÃO DE REALIZAÇÃO: Pelotas &nbsp; Objetivo específico *Elaborar material de apoio para as disciplinas de graduação e pós-graduação da FAUrb/UFPel relativo à [&hellip;]</p>
