{"id":613,"date":"2022-09-27T15:34:39","date_gmt":"2022-09-27T18:34:39","guid":{"rendered":"https:\/\/wp.ufpel.edu.br\/neab\/?page_id=613"},"modified":"2022-12-06T15:28:29","modified_gmt":"2022-12-06T18:28:29","slug":"projeto-patrimonio-cultural-abordagens-teoricas-e-praticas-de-preservacao-cod-2017","status":"publish","type":"page","link":"https:\/\/wp.ufpel.edu.br\/neab\/projeto-patrimonio-cultural-abordagens-teoricas-e-praticas-de-preservacao-cod-2017\/","title":{"rendered":"Projeto Patrim\u00f4nio Cultural : Abordagens Te\u00f3ricas e Pr\u00e1ticas de Preserva\u00e7\u00e3o (c\u00f3d. 2017)"},"content":{"rendered":"<p><span style=\"font-family: arial, helvetica, sans-serif; font-size: 12pt;\"><strong>\u00caNFASE:<\/strong> Ensino<\/span><br \/>\n<span style=\"font-family: arial, helvetica, sans-serif; font-size: 12pt;\"><strong>GRADE DE \u00c1REA:<\/strong> Ciencias Sociais Aplicadas<\/span><br \/>\n<span style=\"font-family: arial, helvetica, sans-serif; font-size: 12pt;\"><strong>UNIDADE:<\/strong> Faculdade de Arquitetura e Urbanismo<\/span><br \/>\n<span style=\"font-family: arial, helvetica, sans-serif; font-size: 12pt;\"><strong>SUBUNIDADE:<\/strong> Departamento de Arquitetura e Urbanismo<\/span><br \/>\n<span style=\"font-family: arial, helvetica, sans-serif; font-size: 12pt;\"><strong>DATA DE IN\u00cdCIO:<\/strong> 31\/03\/2020 DATA DO FIM: 31\/03\/2024<\/span><\/p>\n<p style=\"text-align: justify;\"><span style=\"font-family: arial, helvetica, sans-serif; font-size: 10pt;\"><span style=\"font-size: 12pt;\"><strong>RESUMO:<\/strong> O projeto tem a premissa de promover a\u00e7\u00f5es que contemplem a indissociabilidade entre ensino, pesquisa e <\/span><\/span><span style=\"font-family: arial, helvetica, sans-serif; font-size: 12pt;\">extens\u00e3o, atrav\u00e9s da proposi\u00e7\u00e3o de pr\u00e1ticas pedag\u00f3gicas e de reflex\u00f5es que contribuam para essa postura. Nessa <\/span><span style=\"font-family: arial, helvetica, sans-serif; font-size: 12pt;\">perspectiva, o projeto busca fomentar a forma\u00e7\u00e3o de um profissional cr\u00edtico e criativo, comprometido com as diversas <\/span><span style=\"font-family: arial, helvetica, sans-serif; font-size: 12pt;\">problem\u00e1ticas que permeiam a \u00e1rea de forma\u00e7\u00e3o do arquiteto e urbanista, com \u00eanfase no campo da preserva\u00e7\u00e3o <\/span><span style=\"font-family: arial, helvetica, sans-serif; font-size: 12pt;\">patrimonial.<\/span><\/p>\n<p><strong><span style=\"font-family: arial, helvetica, sans-serif;\">Lista de a\u00e7\u00f5es:<\/span><\/strong><\/p>\n<ol>\n<li><strong><span style=\"color: #000000;\"><a style=\"color: #000000;\" href=\"https:\/\/wp.ufpel.edu.br\/neab\/ler-e-interpretar-o-patrimonio-cultural-modulo-i-e-ii\/\">Ler e interpretar o patrim\u00f4nio cultural (m\u00f3dulo I e II) &#8211; c\u00f3digo 5881<\/a><\/span><\/strong><\/li>\n<li><span style=\"color: #000000;\"><strong><a style=\"color: #000000;\" href=\"https:\/\/wp.ufpel.edu.br\/neab\/patrimonio-cultural-elaboracao-de-material-de-apoio-para-as-disciplinas-da-graduacao-e-da-pos-graduacao\/\">Patrim\u00f4nio cultural: elabora\u00e7\u00e3o de material de apoio para as disciplinas da gradua\u00e7\u00e3o e da p\u00f3s-<\/a><\/strong><\/span><br \/>\n<span style=\"color: #000000;\"><strong>gradua\u00e7\u00e3o &#8211; c\u00f3digo 12258<\/strong><\/span><\/li>\n<li><span style=\"color: #000000;\"><strong><a style=\"color: #000000;\" href=\"https:\/\/wp.ufpel.edu.br\/neab\/rede-phi-patrimonio-historico-cultural-producao-da-faurb\/\">Rede phi &#8211; patrim\u00f4nio hist\u00f3rico + cultural: produ\u00e7\u00e3o da faurb &#8211; c\u00f3digo 12778<\/a><\/strong><\/span><\/li>\n<li><span style=\"color: #000000;\"><strong><a style=\"color: #000000;\" href=\"https:\/\/wp.ufpel.edu.br\/neab\/intervencoes-arquitetonicas-e-urbanas-em-preexistencias-de-valor-cultural\/\">Interven\u00e7\u00f5es arquitet\u00f4nicas e urbanas em preexist\u00eancias de valor cultural &#8211; c\u00f3digo 17283<\/a><\/strong><\/span><\/li>\n<\/ol>\n","protected":false},"excerpt":{"rendered":"<p>\u00caNFASE: Ensino GRADE DE \u00c1REA: Ciencias Sociais Aplicadas UNIDADE: Faculdade de Arquitetura e Urbanismo SUBUNIDADE: Departamento de Arquitetura e Urbanismo DATA DE IN\u00cdCIO: 31\/03\/2020 DATA DO FIM: 31\/03\/2024 RESUMO: O projeto tem a premissa de promover a\u00e7\u00f5es que contemplem a indissociabilidade entre ensino, pesquisa e extens\u00e3o, atrav\u00e9s da proposi\u00e7\u00e3o de pr\u00e1ticas pedag\u00f3gicas e de reflex\u00f5es [&hellip;]<\/p>\n","protected":false},"author":814,"featured_media":0,"parent":0,"menu_order":0,"comment_status":"closed","ping_status":"closed","template":"","meta":{"footnotes":""},"class_list":["post-613","page","type-page","status-publish","hentry"],"jetpack_sharing_enabled":true,"_links":{"self":[{"href":"https:\/\/wp.ufpel.edu.br\/neab\/wp-json\/wp\/v2\/pages\/613","targetHints":{"allow":["GET"]}}],"collection":[{"href":"https:\/\/wp.ufpel.edu.br\/neab\/wp-json\/wp\/v2\/pages"}],"about":[{"href":"https:\/\/wp.ufpel.edu.br\/neab\/wp-json\/wp\/v2\/types\/page"}],"author":[{"embeddable":true,"href":"https:\/\/wp.ufpel.edu.br\/neab\/wp-json\/wp\/v2\/users\/814"}],"replies":[{"embeddable":true,"href":"https:\/\/wp.ufpel.edu.br\/neab\/wp-json\/wp\/v2\/comments?post=613"}],"version-history":[{"count":8,"href":"https:\/\/wp.ufpel.edu.br\/neab\/wp-json\/wp\/v2\/pages\/613\/revisions"}],"predecessor-version":[{"id":723,"href":"https:\/\/wp.ufpel.edu.br\/neab\/wp-json\/wp\/v2\/pages\/613\/revisions\/723"}],"wp:attachment":[{"href":"https:\/\/wp.ufpel.edu.br\/neab\/wp-json\/wp\/v2\/media?parent=613"}],"curies":[{"name":"wp","href":"https:\/\/api.w.org\/{rel}","templated":true}]}}