{"id":269,"date":"2018-05-11T15:14:23","date_gmt":"2018-05-11T18:14:23","guid":{"rendered":"https:\/\/wp.ufpel.edu.br\/neab\/?page_id=269"},"modified":"2022-12-06T15:21:41","modified_gmt":"2022-12-06T18:21:41","slug":"pelotas","status":"publish","type":"page","link":"https:\/\/wp.ufpel.edu.br\/neab\/pelotas\/","title":{"rendered":"Pelotas"},"content":{"rendered":"<p><a href=\"https:\/\/wp.ufpel.edu.br\/neab\/files\/2018\/07\/pelotas.jpg\"><img class=\"alignnone wp-image-414 size-full\" src=\"https:\/\/wp.ufpel.edu.br\/neab\/files\/2018\/07\/pelotas.jpg\" alt=\"\" width=\"6908\" height=\"1485\" srcset=\"https:\/\/wp.ufpel.edu.br\/neab\/files\/2018\/07\/pelotas.jpg 6908w, https:\/\/wp.ufpel.edu.br\/neab\/files\/2018\/07\/pelotas-400x86.jpg 400w, https:\/\/wp.ufpel.edu.br\/neab\/files\/2018\/07\/pelotas-768x165.jpg 768w, https:\/\/wp.ufpel.edu.br\/neab\/files\/2018\/07\/pelotas-1024x220.jpg 1024w\" sizes=\"(max-width: 6908px) 100vw, 6908px\" \/><\/a><\/p>\n<p style=\"text-align: center; line-height: 50%;\" align=\"center\"><em><span style=\"font-size: 8.0pt; line-height: 50%;\">Perfil da Rua Benjamin Constant<br \/>\n<\/span><\/em><\/p>\n<p style=\"text-align: center; line-height: 50%;\" align=\"center\"><em><span style=\"font-size: 8.0pt; line-height: 50%;\">Acad\u00eamicos: Rog\u00e9rio Guti\u00e9rrez<br \/>\n<\/span><\/em><\/p>\n<p>A a\u00e7\u00e3o extensionista foi realizada em\u00a0Pelotas no ano de 1994, 2\u00ba Sem, at\u00e9 2017,2\u00ba Sem. As atividades consistiram no levantamento urbano, projeto urbano, levantamento arquitet\u00f4nico e projeto arquitet\u00f4nico.<\/p>\n<p>Professores respons\u00e1veis: Aline Montagna da Silveira, Ana L\u00facia Costa de Oliveira, L\u00edgia Maria \u00c1vila Chiarelli, Rosilaine Andr\u00e9 Isoldi, Sylvio Arnoldo Dick Jantzen<\/p>\n","protected":false},"excerpt":{"rendered":"<p>Perfil da Rua Benjamin Constant Acad\u00eamicos: Rog\u00e9rio Guti\u00e9rrez A a\u00e7\u00e3o extensionista foi realizada em\u00a0Pelotas no ano de 1994, 2\u00ba Sem, at\u00e9 2017,2\u00ba Sem. As atividades consistiram no levantamento urbano, projeto urbano, levantamento arquitet\u00f4nico e projeto arquitet\u00f4nico. Professores respons\u00e1veis: Aline Montagna da Silveira, Ana L\u00facia Costa de Oliveira, L\u00edgia Maria \u00c1vila Chiarelli, Rosilaine Andr\u00e9 Isoldi, Sylvio [&hellip;]<\/p>\n","protected":false},"author":814,"featured_media":0,"parent":0,"menu_order":0,"comment_status":"closed","ping_status":"closed","template":"page-sem-sidebar.php","meta":{"footnotes":""},"class_list":["post-269","page","type-page","status-publish","hentry"],"jetpack_sharing_enabled":true,"_links":{"self":[{"href":"https:\/\/wp.ufpel.edu.br\/neab\/wp-json\/wp\/v2\/pages\/269","targetHints":{"allow":["GET"]}}],"collection":[{"href":"https:\/\/wp.ufpel.edu.br\/neab\/wp-json\/wp\/v2\/pages"}],"about":[{"href":"https:\/\/wp.ufpel.edu.br\/neab\/wp-json\/wp\/v2\/types\/page"}],"author":[{"embeddable":true,"href":"https:\/\/wp.ufpel.edu.br\/neab\/wp-json\/wp\/v2\/users\/814"}],"replies":[{"embeddable":true,"href":"https:\/\/wp.ufpel.edu.br\/neab\/wp-json\/wp\/v2\/comments?post=269"}],"version-history":[{"count":7,"href":"https:\/\/wp.ufpel.edu.br\/neab\/wp-json\/wp\/v2\/pages\/269\/revisions"}],"predecessor-version":[{"id":721,"href":"https:\/\/wp.ufpel.edu.br\/neab\/wp-json\/wp\/v2\/pages\/269\/revisions\/721"}],"wp:attachment":[{"href":"https:\/\/wp.ufpel.edu.br\/neab\/wp-json\/wp\/v2\/media?parent=269"}],"curies":[{"name":"wp","href":"https:\/\/api.w.org\/{rel}","templated":true}]}}

<p><a href="https://wp.ufpel.edu.br/neab/files/2018/07/pelotas.jpg"><img class="alignnone wp-image-414 size-full" src="https://wp.ufpel.edu.br/neab/files/2018/07/pelotas.jpg" alt="" width="6908" height="1485" srcset="https://wp.ufpel.edu.br/neab/files/2018/07/pelotas.jpg 6908w, https://wp.ufpel.edu.br/neab/files/2018/07/pelotas-400x86.jpg 400w, https://wp.ufpel.edu.br/neab/files/2018/07/pelotas-768x165.jpg 768w, https://wp.ufpel.edu.br/neab/files/2018/07/pelotas-1024x220.jpg 1024w" sizes="(max-width: 6908px) 100vw, 6908px" /></a></p>
<p style="text-align: center; line-height: 50%;" align="center"><em><span style="font-size: 8.0pt; line-height: 50%;">Perfil da Rua Benjamin Constant<br />
</span></em></p>
<p style="text-align: center; line-height: 50%;" align="center"><em><span style="font-size: 8.0pt; line-height: 50%;">Acadêmicos: Rogério Gutiérrez<br />
</span></em></p>
<p>A ação extensionista foi realizada em Pelotas no ano de 1994, 2º Sem, até 2017,2º Sem. As atividades consistiram no levantamento urbano, projeto urbano, levantamento arquitetônico e projeto arquitetônico.</p>
<p>Professores responsáveis: Aline Montagna da Silveira, Ana Lúcia Costa de Oliveira, Lígia Maria Ávila Chiarelli, Rosilaine André Isoldi, Sylvio Arnoldo Dick Jantzen</p>

<p>Perfil da Rua Benjamin Constant Acadêmicos: Rogério Gutiérrez A ação extensionista foi realizada em Pelotas no ano de 1994, 2º Sem, até 2017,2º Sem. As atividades consistiram no levantamento urbano, projeto urbano, levantamento arquitetônico e projeto arquitetônico. Professores responsáveis: Aline Montagna da Silveira, Ana Lúcia Costa de Oliveira, Lígia Maria Ávila Chiarelli, Rosilaine André Isoldi, Sylvio [&hellip;]</p>
