{"id":237,"date":"2018-05-10T15:48:07","date_gmt":"2018-05-10T18:48:07","guid":{"rendered":"https:\/\/wp.ufpel.edu.br\/neab\/?page_id=237"},"modified":"2018-07-11T15:26:20","modified_gmt":"2018-07-11T18:26:20","slug":"arroio-grande","status":"publish","type":"page","link":"https:\/\/wp.ufpel.edu.br\/neab\/extensao\/arroio-grande\/","title":{"rendered":"Arroio Grande"},"content":{"rendered":"<p><a href=\"https:\/\/wp.ufpel.edu.br\/neab\/files\/2018\/07\/igreja2.png\"><img class=\"alignnone wp-image-402 size-full\" src=\"https:\/\/wp.ufpel.edu.br\/neab\/files\/2018\/07\/igreja2.png\" alt=\"\" width=\"6908\" height=\"1485\" srcset=\"https:\/\/wp.ufpel.edu.br\/neab\/files\/2018\/07\/igreja2.png 6908w, https:\/\/wp.ufpel.edu.br\/neab\/files\/2018\/07\/igreja2-400x86.png 400w, https:\/\/wp.ufpel.edu.br\/neab\/files\/2018\/07\/igreja2-768x165.png 768w, https:\/\/wp.ufpel.edu.br\/neab\/files\/2018\/07\/igreja2-1024x220.png 1024w\" sizes=\"(max-width: 6908px) 100vw, 6908px\" \/><\/a><\/p>\n<p style=\"text-align: center;line-height: 50%\" align=\"center\"><em><span style=\"font-size: 8.0pt;line-height: 50%\">Largo Padre Thom\u00e9 Lunelli<br \/>\n<\/span><\/em><\/p>\n<p style=\"text-align: center;line-height: 50%\" align=\"center\"><em><span style=\"font-size: 8.0pt;line-height: 50%\">\u00a0<\/span><\/em><\/p>\n<p>A a\u00e7\u00e3o extensionista foi realizada em Arroio Grande no semestre 2001\/2. As atividades consistiram no levantamento urbano, projeto urbano, levantamento arquitet\u00f4nico e projeto arquitet\u00f4nico.<\/p>\n<p>Professores respons\u00e1veis: Ana L\u00facia Costa de Oliveira e Sylvio Arnoldo Dick Jantzen<\/p>\n<p>&nbsp;<\/p>\n","protected":false},"excerpt":{"rendered":"<p>Largo Padre Thom\u00e9 Lunelli \u00a0 A a\u00e7\u00e3o extensionista foi realizada em Arroio Grande no semestre 2001\/2. As atividades consistiram no levantamento urbano, projeto urbano, levantamento arquitet\u00f4nico e projeto arquitet\u00f4nico. Professores respons\u00e1veis: Ana L\u00facia Costa de Oliveira e Sylvio Arnoldo Dick Jantzen &nbsp;<\/p>\n","protected":false},"author":814,"featured_media":218,"parent":32,"menu_order":0,"comment_status":"closed","ping_status":"closed","template":"page-sem-sidebar.php","meta":{"footnotes":""},"class_list":["post-237","page","type-page","status-publish","has-post-thumbnail","hentry"],"jetpack_sharing_enabled":true,"_links":{"self":[{"href":"https:\/\/wp.ufpel.edu.br\/neab\/wp-json\/wp\/v2\/pages\/237","targetHints":{"allow":["GET"]}}],"collection":[{"href":"https:\/\/wp.ufpel.edu.br\/neab\/wp-json\/wp\/v2\/pages"}],"about":[{"href":"https:\/\/wp.ufpel.edu.br\/neab\/wp-json\/wp\/v2\/types\/page"}],"author":[{"embeddable":true,"href":"https:\/\/wp.ufpel.edu.br\/neab\/wp-json\/wp\/v2\/users\/814"}],"replies":[{"embeddable":true,"href":"https:\/\/wp.ufpel.edu.br\/neab\/wp-json\/wp\/v2\/comments?post=237"}],"version-history":[{"count":12,"href":"https:\/\/wp.ufpel.edu.br\/neab\/wp-json\/wp\/v2\/pages\/237\/revisions"}],"predecessor-version":[{"id":427,"href":"https:\/\/wp.ufpel.edu.br\/neab\/wp-json\/wp\/v2\/pages\/237\/revisions\/427"}],"up":[{"embeddable":true,"href":"https:\/\/wp.ufpel.edu.br\/neab\/wp-json\/wp\/v2\/pages\/32"}],"wp:featuredmedia":[{"embeddable":true,"href":"https:\/\/wp.ufpel.edu.br\/neab\/wp-json\/wp\/v2\/media\/218"}],"wp:attachment":[{"href":"https:\/\/wp.ufpel.edu.br\/neab\/wp-json\/wp\/v2\/media?parent=237"}],"curies":[{"name":"wp","href":"https:\/\/api.w.org\/{rel}","templated":true}]}}