{"id":4678,"date":"2025-07-16T11:36:06","date_gmt":"2025-07-16T14:36:06","guid":{"rendered":"https:\/\/wp.ufpel.edu.br\/ndh\/?page_id=4678"},"modified":"2025-09-23T14:59:13","modified_gmt":"2025-09-23T17:59:13","slug":"acervo-ufpel","status":"publish","type":"page","link":"https:\/\/wp.ufpel.edu.br\/ndh\/acervo-ufpel\/","title":{"rendered":"Acervo UFPel"},"content":{"rendered":"<header class=\"entry-header\">\n<h1 class=\"entry-title\">UFPel<\/h1>\n<\/header>\n<div class=\"entry-content\">\n<p class=\"entry-header\">O acervo UFPel cont\u00e9m documentos de diferentes origens e o cat\u00e1logo est\u00e1 sendo criado de acordo com esta divis\u00e3o. \u00c9 poss\u00edvel encontrar os fundos: reitoria, pr\u00f3-reitorias, movimentos estudantis, correspond\u00eancias (contendo tanto cartas, como e-mails impressos) informativos (jornais, panfletos, cartazes, boletins, recortes de jornais, folders, informativos e materiais de divulga\u00e7\u00e3o), Fazenda da Palma, sindicatos da institui\u00e7\u00e3o, Instituto de Ci\u00eancias Humanas (ICH), N\u00facleo de Documenta\u00e7\u00e3o Hist\u00f3rica (NDH) no qual se encontra uma divis\u00e3o somente para documentos da professora Beatriz Ana Loner, audiovisuais (slides e VHS), al\u00e9m de documentos de diversos cursos (como Direito, Medicina, Agronomia, Ci\u00eancias Sociais e Odontologia). Al\u00e9m desses, h\u00e1 documentos de outras universidades.<\/p>\n<div class=\"entry-content\">\n<p>Para um documento ser inserido em um fundo, considera-se a sua origem, quem o fez e qual o tipo documental que ele pertence. Se h\u00e1 um of\u00edcio, produzido pela reitoria e encaminhado para o Instituto de Ci\u00eancias Humanas, por exemplo, ele ser\u00e1 classificado no fundo da reitoria. Dessa forma, catalogando e dividindo o acervo, a pesquisa e a an\u00e1lise se tornam mais f\u00e1ceis. Um pesquisador, ao chegar ao acervo da UFPel, poder\u00e1 solicitar um documento espec\u00edfico (como a ata de funda\u00e7\u00e3o da Faculdade de Medicina) ou um fundo espec\u00edfico (as correspond\u00eancias da institui\u00e7\u00e3o, por exemplo).<\/p>\n<p>Confira os acervos j\u00e1 dispon\u00edveis:<\/p>\n<p><a href=\"https:\/\/wp.ufpel.edu.br\/acervosdocumentaisndh\/cocepe\/\" target=\"_blank\" rel=\"noopener\"><strong>Atas do Conselho Coordenador do Ensino da Pesquisa e da Extens\u00e3o \u2013 COCEPE<\/strong><\/a><\/p>\n<p><a href=\"https:\/\/wp.ufpel.edu.br\/ndh\/files\/2025\/06\/Atas-Condir-de-1970-a-1988-1.pdf\" target=\"_blank\" rel=\"noopener\"><strong>Atas Conselho Diretor da Funda\u00e7\u00e3o (1970 a 1988)<\/strong><\/a><\/p>\n<p><a href=\"https:\/\/wp.ufpel.edu.br\/acervosdocumentaisndh\/atas-consun-cocepe\/\" target=\"_blank\" rel=\"noopener\"><strong>Atas do Conselho Universit\u00e1rio (1973 \u2013 atual)<\/strong><\/a><\/p>\n<p><a href=\"https:\/\/wp.ufpel.edu.br\/acervosdocumentaisndh\/consun-urgs\/\" target=\"_blank\" rel=\"noopener\"><strong>Conselho Universit\u00e1rio da Universidade do Rio Grande do Sul*<\/strong><\/a><\/p>\n<\/div>\n<p>UFPel.\u00a0<a href=\"https:\/\/wp.ufpel.edu.br\/ndh\/files\/2025\/06\/UFPel-Seis-anos-de-atuacao.pdf\" target=\"_blank\" rel=\"noopener\"><strong>UFPel seis anos de atua\u00e7\u00e3o (1969-1975)<\/strong><\/a>. Pelotas: Editora e Gr\u00e1fica Universit\u00e1ria \u2013 UFPel. 1975. 126p.<\/p>\n<p>UFPel.\u00a0<a href=\"https:\/\/wp.ufpel.edu.br\/ndh\/files\/2025\/06\/Merito-Universitario-1976.pdf\" target=\"_blank\" rel=\"noopener\"><strong>M\u00e9rito Universit\u00e1rio<\/strong><\/a>. Pelotas: Editora e Gr\u00e1fica Universit\u00e1ria \u2013 UFPel. 1976. 94p.<\/p>\n<p><a href=\"https:\/\/wp.ufpel.edu.br\/acervosdocumentaisndh\/faculdade-de-ciencias-domesticas\/\" target=\"_blank\" rel=\"noopener\"><strong>Faculdade de Ci\u00eancias Dom\u00e9sticas<\/strong><\/a><\/p>\n<div class=\"entry-content\">\n<p><a href=\"https:\/\/wp.ufpel.edu.br\/acervosdocumentaisndh\/enfermagem-ufpel\/\"><strong>Faculdade de Enfermagem<\/strong><\/a><\/p>\n<p><strong><a href=\"https:\/\/wp.ufpel.edu.br\/acervosdocumentaisndh\/faculdade-de-direito\/\" target=\"_blank\" rel=\"noopener\">Faculdade de Direito<\/a><\/strong><\/p>\n<p><strong><a href=\"https:\/\/wp.ufpel.edu.br\/ndh\/famed-ufpel\/\" target=\"_blank\" rel=\"noopener\">Faculdade de Medicina<\/a><\/strong><\/p>\n<\/div>\n<\/div>\n<p>_________<\/p>\n<p style=\"text-align: justify;\"><span style=\"font-size: 10pt;\">*At\u00e9 o ano de 1969 algumas unidades da UFPel integravam o organograma da Universidade do Rio Grande do Sul (atualmente Universidade Federal do Rio Grande do Sul). Faculdade de Direito, Faculdade de Odontologia, Instituto de Sociologia e Pol\u00edtica, Conjunto Agrot\u00e9cnico Visconde da Gra\u00e7a s\u00e3o estruturas que vinculavam-se a Universidade com sede em Porto Alegre. Por esse motivo, tamb\u00e9m digitalizamos as atas do Conselho Universit\u00e1rio da Universidade do Rio Grande do Sul, que encontram-se no\u00a0<a href=\"https:\/\/wp.ufpel.edu.br\/odontologia\/a-faculdade-de-odontologia\/a-historia-da-faculdade\/\" target=\"_blank\" rel=\"noopener\"><strong>Memorial da Faculdade de Odontologia<\/strong><\/a>, dispon\u00edveis\u00a0<a href=\"https:\/\/wp.ufpel.edu.br\/acervosdocumentaisndh\/consun-urgs\/\" target=\"_blank\" rel=\"noopener\"><strong>aqui<\/strong><\/a>!<\/span><\/p>\n","protected":false},"excerpt":{"rendered":"<p>UFPel O acervo UFPel cont\u00e9m documentos de diferentes origens e o cat\u00e1logo est\u00e1 sendo criado de acordo com esta divis\u00e3o. \u00c9 poss\u00edvel encontrar os fundos: reitoria, pr\u00f3-reitorias, movimentos estudantis, correspond\u00eancias (contendo tanto cartas, como e-mails impressos) informativos (jornais, panfletos, cartazes, boletins, recortes de jornais, folders, informativos e materiais de divulga\u00e7\u00e3o), Fazenda da Palma, sindicatos da [&hellip;]<\/p>\n","protected":false},"author":718,"featured_media":0,"parent":0,"menu_order":0,"comment_status":"closed","ping_status":"closed","template":"","meta":{"jetpack_post_was_ever_published":false,"footnotes":""},"class_list":["post-4678","page","type-page","status-publish","hentry"],"jetpack_sharing_enabled":true,"jetpack_shortlink":"https:\/\/wp.me\/P9qy4R-1ds","jetpack_likes_enabled":true,"jetpack-related-posts":[],"_links":{"self":[{"href":"https:\/\/wp.ufpel.edu.br\/ndh\/wp-json\/wp\/v2\/pages\/4678","targetHints":{"allow":["GET"]}}],"collection":[{"href":"https:\/\/wp.ufpel.edu.br\/ndh\/wp-json\/wp\/v2\/pages"}],"about":[{"href":"https:\/\/wp.ufpel.edu.br\/ndh\/wp-json\/wp\/v2\/types\/page"}],"author":[{"embeddable":true,"href":"https:\/\/wp.ufpel.edu.br\/ndh\/wp-json\/wp\/v2\/users\/718"}],"replies":[{"embeddable":true,"href":"https:\/\/wp.ufpel.edu.br\/ndh\/wp-json\/wp\/v2\/comments?post=4678"}],"version-history":[{"count":4,"href":"https:\/\/wp.ufpel.edu.br\/ndh\/wp-json\/wp\/v2\/pages\/4678\/revisions"}],"predecessor-version":[{"id":4702,"href":"https:\/\/wp.ufpel.edu.br\/ndh\/wp-json\/wp\/v2\/pages\/4678\/revisions\/4702"}],"wp:attachment":[{"href":"https:\/\/wp.ufpel.edu.br\/ndh\/wp-json\/wp\/v2\/media?parent=4678"}],"curies":[{"name":"wp","href":"https:\/\/api.w.org\/{rel}","templated":true}]}}