{"id":4345,"date":"2024-11-11T14:49:43","date_gmt":"2024-11-11T17:49:43","guid":{"rendered":"https:\/\/wp.ufpel.edu.br\/ndh\/?page_id=4345"},"modified":"2024-11-17T11:15:39","modified_gmt":"2024-11-17T14:15:39","slug":"videos","status":"publish","type":"page","link":"https:\/\/wp.ufpel.edu.br\/ndh\/videos\/","title":{"rendered":"V\u00eddeos"},"content":{"rendered":"<p style=\"text-align: justify;\">Nesse espa\u00e7o o NDH divulga v\u00eddeos importantes para a hist\u00f3ria do N\u00facleo e para as atividades desenvolvidas por sua equipe.<\/p>\n<p style=\"text-align: justify;\"><strong><a href=\"https:\/\/wp.ufpel.edu.br\/ndh\/lorena-almeida-gill\/\">Lorena Almeida Gill <\/a><\/strong>&#8211; No trig\u00e9simo e \u00faltimo v\u00eddeo comemorativo aos 30 anos do NDH, a principal mensagem \u00e9: obrigada. Com a palavra, a atual coordenadora, Lorena Almeida Gill (@lorenaalmeidagill).<\/p>\n<p style=\"text-align: justify;\"><a href=\"https:\/\/wp.ufpel.edu.br\/ndh\/aristeu-elisandro-machado-lopes\/\"><strong>Aristeu Elisandro Machado Lopes<\/strong> <\/a>&#8211; \u00c9 professor da UFPel e Doutor em Hist\u00f3ria. No v\u00eddeo, ele relembra que come\u00e7ou a pesquisar no NDH, ainda na gradua\u00e7\u00e3o, e hoje coordena o projeto Acervos Documentais do n\u00facleo.<\/p>\n<p style=\"text-align: justify;\"><a href=\"https:\/\/wp.ufpel.edu.br\/ndh\/paulo-koschier-2\/\"><strong>Paulo Koschier<\/strong><\/a> &#8211; \u00c9 servidor da UFPel e trabalha no NDH h\u00e1 20 anos. Atualmente, ele faz mestrado em Administra\u00e7\u00e3o P\u00fablica. No v\u00eddeo, ele conta um pouquinho das mem\u00f3rias dele em rela\u00e7\u00e3o ao n\u00facleo.<\/p>\n<p style=\"text-align: justify;\"><a href=\"https:\/\/wp.ufpel.edu.br\/ndh\/marcelo-gil\/\"><strong>Marcelo Gil<\/strong><\/a> &#8211; O Marcelo Gil tem gradua\u00e7\u00e3o em Hist\u00f3ria, mestrado em Ci\u00eancias Sociais e doutorado em Educa\u00e7\u00e3o. Em todos o momentos, buscou fontes e apoio no NDH, como ele relata no v\u00eddeo.<\/p>\n<p style=\"text-align: justify;\"><a href=\"https:\/\/wp.ufpel.edu.br\/ndh\/?page_id=4360&amp;preview=true\"><strong>Mariluci Vargas<\/strong><\/a> &#8211; A Mariluci Vargas estava no NDH na comemora\u00e7\u00e3o de 15 anos de atividades e, agora, relembra algumas mem\u00f3rias para comemorar os 30 anos.<\/p>\n<p style=\"text-align: justify;\"><a href=\"https:\/\/wp.ufpel.edu.br\/ndh\/camila-martins-braga\/\"><strong>Camila Martins Braga<\/strong><\/a> &#8211; \u00c9 graduada e mestre em Hist\u00f3ria pela UFPel e, atualmente, doutoranda pela Unisinos e professora da rede. No v\u00eddeo, ela relata a contribui\u00e7\u00e3o do NDH na trajet\u00f3ria dela.<\/p>\n<p style=\"text-align: justify;\"><a href=\"https:\/\/wp.ufpel.edu.br\/ndh\/angela-pomatti\/\"><strong>Angela Pomatti<\/strong><\/a> &#8211; Tem gradua\u00e7\u00e3o em Museologia e Hist\u00f3ria, \u00e9 mestre em Hist\u00f3ria e, atualmente, trabalha no Museu de Hist\u00f3ria da Medicina do Rio Grande do Sul.<\/p>\n<p style=\"text-align: justify;\"><strong><a href=\"https:\/\/wp.ufpel.edu.br\/ndh\/jessica-bitencourt\/\">J\u00e9ssica Bitencourt <\/a>&#8211;<\/strong> \u00c9 licenciada em Hist\u00f3ria pela UFPel e atualmente desenvolve sua pesquisa de mestrado vinculada aos acervos do NDH. No v\u00eddeo, ela conta um pouco da sua trajet\u00f3ria acad\u00eamica que est\u00e1 entrela\u00e7ada ao n\u00facleo.<\/p>\n<p style=\"text-align: justify;\"><a href=\"https:\/\/wp.ufpel.edu.br\/ndh\/loren-rocha\/\"><strong>L\u00f3ren Rocha<\/strong><\/a> &#8211; \u00c9\u00a0mestre em Hist\u00f3ria pela UFPel e professora da rede. Para ela, o NDH faz hist\u00f3ria na vida das pessoas.<\/p>\n<p style=\"text-align: justify;\"><a href=\"https:\/\/wp.ufpel.edu.br\/ndh\/jordana-pieper\/\"><strong>Jordana Pieper<\/strong><\/a> &#8211; \u00c9 mestre em Hist\u00f3ria e professora da rede. No v\u00eddeo, ela conta que todo o seu caminho como profissional come\u00e7ou no NDH.<\/p>\n<p style=\"text-align: justify;\"><a href=\"https:\/\/wp.ufpel.edu.br\/ndh\/biane-jaques\/\"><strong>Biane Jaques<\/strong><\/a> &#8211; \u00c9\u00a0mestre em Hist\u00f3ria pela UFPel e atualmente est\u00e1 na fase final do doutorado na PUCRS. No entanto, no v\u00eddeo, ela afirma que toda essa trajet\u00f3ria come\u00e7ou no NDH, ainda nos anos iniciais de sua forma\u00e7\u00e3o acad\u00eamica.<\/p>\n<p><a href=\"https:\/\/wp.ufpel.edu.br\/ndh\/claudia-daiane-molet\/\"><strong>Cl\u00e1udia Daiane Molet<\/strong><\/a> &#8211; Relato sobre o v\u00ednculo com o NDH e com a professora Beatriz Loner, que a orientou no mestrado.<\/p>\n<p style=\"text-align: justify;\"><a href=\"https:\/\/wp.ufpel.edu.br\/ndh\/vinicius-kusma\/\"><strong>Vin\u00edcius Kusma<\/strong><\/a> &#8211; \u00c9 fot\u00f3grafo e mestre em Antropologia pela UFPel. No v\u00eddeo, ele destaca a import\u00e2ncia do n\u00facleo para o seu envolvimento com a pesquisa e com a fotografia.<\/p>\n<p style=\"text-align: justify;\"><strong><a href=\"https:\/\/wp.ufpel.edu.br\/ndh\/eduarda-borges-da-silva\/\">Eduarda Borges da Silva<\/a> &#8211; <\/strong>\u00c9\u00a0licenciada, bacharela e mestre em hist\u00f3ria pela UFPel e, atualmente, doutoranda pela UFRGS. No v\u00eddeo, ela relembra momentos do seu caminho no NDH que a deixam orgulhosa dessa trajet\u00f3ria.<\/p>\n<p style=\"text-align: justify;\"><a href=\"https:\/\/wp.ufpel.edu.br\/ndh\/ana-paula-amaral\/\"><strong>Ana Paula Amaral<\/strong><\/a> &#8211; Relato sobre o comprometimento do NDH com a hist\u00f3ria.<\/p>\n<p style=\"text-align: justify;\"><a href=\"https:\/\/wp.ufpel.edu.br\/ndh\/taiane-taborda\/\"><strong>Taiane Taborda<\/strong><\/a> &#8211; Relato sobre a trajet\u00f3ria acad\u00eamica que se confunde com o NDH, pois todo o caminho de pesquisa foi percorrido ali.<\/p>\n<p style=\"text-align: justify;\"><a href=\"https:\/\/wp.ufpel.edu.br\/ndh\/tamires-xavier\/\"><strong>Tamires Xavier <\/strong><\/a>&#8211; Se aproximou do NDH ainda na gradua\u00e7\u00e3o quando foi selecionada como bolsista. Desde ent\u00e3o, foi no n\u00facleo que ela buscou os temas para o TCC, disserta\u00e7\u00e3o de mestrado e, agora, projeto de doutorado. No v\u00eddeo, ela relata um pouco dessa experi\u00eancia.<\/p>\n<p style=\"text-align: justify;\"><strong><a href=\"https:\/\/wp.ufpel.edu.br\/ndh\/elisiane-chaves\/\">Elisiane Chaves<\/a><\/strong> &#8211; \u00a0Teve o primeiro contato com o NDH ainda na gradua\u00e7\u00e3o, quando o espa\u00e7o era a sala de aula de uma disciplina, o que evidencia o car\u00e1ter de ensino que comp\u00f5e o trip\u00e9 das atividades do n\u00facleo junto \u00e0 pesquisa e \u00e0 extens\u00e3o. No v\u00eddeo, ela narra essa intersec\u00e7\u00e3o de sua vida acad\u00eamica com o NDH.<\/p>\n<p style=\"text-align: justify;\"><a href=\"https:\/\/wp.ufpel.edu.br\/ndh\/silvana-moreira\/\"><strong>Silvana Moreira<\/strong><\/a> &#8211; Tem gradua\u00e7\u00e3o em jornalismo e atualmente trabalha como jornalista na UFPel. No entanto, concluiu o mestrado em hist\u00f3ria e ingressou no doutorado tamb\u00e9m em Hist\u00f3ria com pesquisa vinculada ao NDH. No v\u00eddeo, ela relata a aproxima\u00e7\u00e3o com o n\u00facleo.<\/p>\n<p style=\"text-align: justify;\"><strong><a href=\"https:\/\/wp.ufpel.edu.br\/ndh\/mara-lucia-vasconcelos\/\">Mara L\u00facia Vasconcelos<\/a> <\/strong>&#8211; \u00c9\u00a0servidora aposentada da UFPel e se dedicou ao NDH por muitos anos. No v\u00eddeo, ele faz um relato sobre o per\u00edodo que trabalhou no n\u00facleo.<\/p>\n<p><a href=\"https:\/\/wp.ufpel.edu.br\/ndh\/ivoni-mota\/\"><strong>Ivoni Mota<\/strong><\/a> &#8211; \u00a0\u00c9 servidora aposentada da UFPel e trabalhou no NDH por muitos anos. No v\u00eddeo, ele relembra com saudades as atividades e os integrantes do n\u00facleo.<\/p>\n<p><a href=\"https:\/\/wp.ufpel.edu.br\/ndh\/ariel-salvador\/\"><strong>Ariel Salvador<\/strong><\/a> &#8211; \u00c9 doutor em educa\u00e7\u00e3o e professor de hist\u00f3ria no Instituto Federal Sul-riograndense Campus Pelotas. No v\u00eddeo, ele recorda suas mem\u00f3rias da professora Beatriz Loner e de sua passagem pelo NDH.<\/p>\n<p style=\"text-align: justify;\"><a href=\"https:\/\/wp.ufpel.edu.br\/ndh\/cassia-miranda\/\"><strong>C\u00e1ssia Miranda<\/strong><\/a> &#8211; \u00c9 doutora em Teatro e professora na UFT. No v\u00eddeo, ela relata a sua rela\u00e7\u00e3o com o NDH desde o primeiro contato.<\/p>\n<p style=\"text-align: justify;\"><a href=\"https:\/\/wp.ufpel.edu.br\/ndh\/magda-de-abreu-vicente\/\"><strong>Magda de Abreu Vicente<\/strong><\/a> &#8211; \u00a0\u00c9 doutora em Educa\u00e7\u00e3o e professora na Furg. No v\u00eddeo, ela fala sobre as mem\u00f3rias saudosas que guarda em rela\u00e7\u00e3o ao n\u00facleo.<\/p>\n<p style=\"text-align: justify;\"><a href=\"https:\/\/wp.ufpel.edu.br\/ndh\/ricardo-severo\/\"><strong>Ricardo Severo<\/strong><\/a> &#8211; \u00c9\u00a0doutor em Ci\u00eancias Sociais e professor na Furg. No v\u00eddeo, ele conta a hist\u00f3ria de sua aproxima\u00e7\u00e3o com o n\u00facleo e a relev\u00e2ncia das li\u00e7\u00f5es que aprendeu ali.<\/p>\n<p><a href=\"https:\/\/wp.ufpel.edu.br\/ndh\/debora-clasen-de-paula\/\"><strong>D\u00e9bora Clasen de Paula<\/strong><\/a> &#8211; \u00c9\u00a0doutora em hist\u00f3ria e professora na UFFS &#8211; Campus Erechim. Neste v\u00eddeo, ela comenta a influ\u00eancia do que aprendeu no NDH na sua pr\u00e1tica como professora e pesquisadora.<\/p>\n<p><a href=\"https:\/\/wp.ufpel.edu.br\/ndh\/fernanda-oliveira\/\"><strong>Fernanda Oliveira<\/strong><\/a> &#8211; \u00c9 doutora em hist\u00f3ria e professora na UFRGS. No v\u00eddeo, ela nos conta o papel do n\u00facleo em sua carreira acad\u00eamica.<\/p>\n<p><a href=\"https:\/\/wp.ufpel.edu.br\/ndh\/caiua-al-alam\/\"><strong>Caiu\u00e1 Al-Alam<\/strong><\/a> &#8211; \u00a0\u00c9 doutor em Hist\u00f3ria e professor na Unipampa. No v\u00eddeo,\u00a0 ele fala sobre a influ\u00eancia do n\u00facleo na trajet\u00f3ria dele como pesquisador.<\/p>\n<p>&nbsp;<\/p>\n<p>&nbsp;<\/p>\n<p style=\"text-align: center;\"><strong><span style=\"font-size: 8pt;\">| p\u00e1gina em constante atualiza\u00e7\u00e3o |\u00a0<\/span><\/strong><\/p>\n","protected":false},"excerpt":{"rendered":"<p>Nesse espa\u00e7o o NDH divulga v\u00eddeos importantes para a hist\u00f3ria do N\u00facleo e para as atividades desenvolvidas por sua equipe. Lorena Almeida Gill &#8211; No trig\u00e9simo e \u00faltimo v\u00eddeo comemorativo aos 30 anos do NDH, a principal mensagem \u00e9: obrigada. Com a palavra, a atual coordenadora, Lorena Almeida Gill (@lorenaalmeidagill). Aristeu Elisandro Machado Lopes &#8211; [&hellip;]<\/p>\n","protected":false},"author":718,"featured_media":0,"parent":0,"menu_order":0,"comment_status":"closed","ping_status":"closed","template":"","meta":{"jetpack_post_was_ever_published":false,"footnotes":""},"class_list":["post-4345","page","type-page","status-publish","hentry"],"jetpack_sharing_enabled":true,"jetpack_shortlink":"https:\/\/wp.me\/P9qy4R-185","jetpack_likes_enabled":true,"jetpack-related-posts":[],"_links":{"self":[{"href":"https:\/\/wp.ufpel.edu.br\/ndh\/wp-json\/wp\/v2\/pages\/4345","targetHints":{"allow":["GET"]}}],"collection":[{"href":"https:\/\/wp.ufpel.edu.br\/ndh\/wp-json\/wp\/v2\/pages"}],"about":[{"href":"https:\/\/wp.ufpel.edu.br\/ndh\/wp-json\/wp\/v2\/types\/page"}],"author":[{"embeddable":true,"href":"https:\/\/wp.ufpel.edu.br\/ndh\/wp-json\/wp\/v2\/users\/718"}],"replies":[{"embeddable":true,"href":"https:\/\/wp.ufpel.edu.br\/ndh\/wp-json\/wp\/v2\/comments?post=4345"}],"version-history":[{"count":29,"href":"https:\/\/wp.ufpel.edu.br\/ndh\/wp-json\/wp\/v2\/pages\/4345\/revisions"}],"predecessor-version":[{"id":4468,"href":"https:\/\/wp.ufpel.edu.br\/ndh\/wp-json\/wp\/v2\/pages\/4345\/revisions\/4468"}],"wp:attachment":[{"href":"https:\/\/wp.ufpel.edu.br\/ndh\/wp-json\/wp\/v2\/media?parent=4345"}],"curies":[{"name":"wp","href":"https:\/\/api.w.org\/{rel}","templated":true}]}}