{"id":4312,"date":"2024-09-25T09:57:31","date_gmt":"2024-09-25T12:57:31","guid":{"rendered":"https:\/\/wp.ufpel.edu.br\/ndh\/?page_id=4312"},"modified":"2024-09-25T10:29:14","modified_gmt":"2024-09-25T13:29:14","slug":"memorias-ufpel","status":"publish","type":"page","link":"https:\/\/wp.ufpel.edu.br\/ndh\/memorias-ufpel\/","title":{"rendered":"Mem\u00f3rias: UFPel"},"content":{"rendered":"<p style=\"text-align: justify;\">A Universidade Federal de Pelotas, <a href=\"https:\/\/portal.ufpel.edu.br\/historico\/\" target=\"_blank\" rel=\"noopener\"><strong>fundada em 08 de agosto de 1969<\/strong><\/a>, tem suas origens em cursos de gradua\u00e7\u00e3o j\u00e1 existentes na cidade desde o <a href=\"https:\/\/wp.ufpel.edu.br\/faem\/historico\/\" target=\"_blank\" rel=\"noopener\"><strong>s\u00e9culo XIX<\/strong><\/a> e in\u00edcio do <strong><a href=\"https:\/\/wp.ufpel.edu.br\/odontologia\/a-faculdade-de-odontologia\/a-historia-da-faculdade\/\" target=\"_blank\" rel=\"noopener\">s\u00e9culo XX<\/a><\/strong>. As unidades pioneiras foram o Lyceu Rio-Grandense de Agronomia e Veterin\u00e1ria, a Faculdade de Odontologia, a <strong><a href=\"https:\/\/wp.ufpel.edu.br\/direito\/pagina-a\/historia\/\" target=\"_blank\" rel=\"noopener\">Faculdade de Direito<\/a>, a <a href=\"http:\/\/guaiaca.ufpel.edu.br\/xmlui\/handle\/prefix\/12695\" target=\"_blank\" rel=\"noopener\">Faculdade de Medicina<\/a> <\/strong>(inicialmente na condi\u00e7\u00e3o de agregada), a <a href=\"https:\/\/wp.ufpel.edu.br\/ca\/historia\/\" target=\"_blank\" rel=\"noopener\"><strong>Escola de Belas Artes<\/strong><\/a>, o <a href=\"https:\/\/wp.ufpel.edu.br\/conservatoriodemusica\/inicio\/\" target=\"_blank\" rel=\"noopener\"><strong>Conservat\u00f3rio de M\u00fasica<\/strong><\/a>, o <a href=\"https:\/\/wp.ufpel.edu.br\/ifisp\/?page_id=90\" target=\"_blank\" rel=\"noopener\"><strong>Instituto de Sociologia e Pol\u00edtica<\/strong><\/a>,\u00a0 a Escola Superior de Ci\u00eancias Dom\u00e9sticas, a Escola de P\u00f3s-Gradua\u00e7\u00e3o e o Centro de Treinamento e Informa\u00e7\u00e3o (Cetreisul) <span style=\"font-size: 8pt; color: #808080;\">(as tr\u00eas \u00faltimas extintas)<\/span>. As primeiras tr\u00eas d\u00e9cadas da Universidade foram descritas na obra &#8220;<a href=\"https:\/\/wp.ufpel.edu.br\/ndh\/files\/2024\/09\/UFPel-30-Anos.pdf\" target=\"_blank\" rel=\"noopener\"><strong>UFPel: 30 anos<\/strong><\/a>&#8220;, organizada pelo Prof. Mario Osorio Magalh\u00e3es.<\/p>\n<p style=\"text-align: justify;\">A ideia da S\u00e9rie &#8220;Mem\u00f3rias: UFPel&#8221; surgiu ap\u00f3s a feitura do livro Uma Casa chamada Leiga, a partir da qual se retomou a trajet\u00f3ria do NDH de realizar estudos sobre a hist\u00f3ria institucional da Universidade. \u00c9 importante dizer que est\u00e1 sendo escrita a hist\u00f3ria da <a href=\"https:\/\/wp.ufpel.edu.br\/acervosdocumentaisndh\/enfermagem-ufpel\/\" target=\"_blank\" rel=\"noopener\"><strong>Faculdade de Enfermagem<\/strong><\/a> e, recentemente, se estabeleceu uma parceria com o <a href=\"https:\/\/epidemio-ufpel.org.br\/historia-2\/\" target=\"_blank\" rel=\"noopener\"><strong>Centro de Pesquisas Epidemiol\u00f3gicas Dr. Am\u00edlcar Gigante<\/strong><\/a> para a organiza\u00e7\u00e3o de seu acervo.<\/p>\n<p style=\"text-align: justify;\">Neste sentido, o projeto &#8220;Mem\u00f3rias: UFPel&#8221; pretende construir narrativas com professores e servidores t\u00e9cnicos-administrativos, tanto atuais como aposentados, al\u00e9m de discentes que est\u00e3o em atividade e egressos dos diferentes cursos de gradua\u00e7\u00e3o e p\u00f3s-gradua\u00e7\u00e3o.<\/p>\n<p style=\"text-align: justify;\"><img data-recalc-dims=\"1\" loading=\"lazy\" decoding=\"async\" data-attachment-id=\"4327\" data-permalink=\"https:\/\/wp.ufpel.edu.br\/ndh\/memorias-ufpel\/imagem-do-whatsapp-de-2024-07-18-as-09-26-35_7cd14f06\/#main\" data-orig-file=\"https:\/\/i0.wp.com\/wp.ufpel.edu.br\/ndh\/files\/2024\/09\/Imagem-do-WhatsApp-de-2024-07-18-as-09.26.35_7cd14f06.jpg?fit=1080%2C798&amp;ssl=1\" data-orig-size=\"1080,798\" data-comments-opened=\"0\" data-image-meta=\"{&quot;aperture&quot;:&quot;0&quot;,&quot;credit&quot;:&quot;&quot;,&quot;camera&quot;:&quot;&quot;,&quot;caption&quot;:&quot;&quot;,&quot;created_timestamp&quot;:&quot;0&quot;,&quot;copyright&quot;:&quot;&quot;,&quot;focal_length&quot;:&quot;0&quot;,&quot;iso&quot;:&quot;0&quot;,&quot;shutter_speed&quot;:&quot;0&quot;,&quot;title&quot;:&quot;&quot;,&quot;orientation&quot;:&quot;0&quot;}\" data-image-title=\"Imagem do WhatsApp de 2024-07-18 \u00e0(s) 09.26.35_7cd14f06\" data-image-description=\"\" data-image-caption=\"\" data-medium-file=\"https:\/\/i0.wp.com\/wp.ufpel.edu.br\/ndh\/files\/2024\/09\/Imagem-do-WhatsApp-de-2024-07-18-as-09.26.35_7cd14f06.jpg?fit=424%2C313&amp;ssl=1\" data-large-file=\"https:\/\/i0.wp.com\/wp.ufpel.edu.br\/ndh\/files\/2024\/09\/Imagem-do-WhatsApp-de-2024-07-18-as-09.26.35_7cd14f06.jpg?fit=660%2C148&amp;ssl=1\" class=\"size-medium wp-image-4327 alignleft\" src=\"https:\/\/i0.wp.com\/wp.ufpel.edu.br\/ndh\/files\/2024\/09\/Imagem-do-WhatsApp-de-2024-07-18-as-09.26.35_7cd14f06.jpg?resize=424%2C313&#038;ssl=1\" alt=\"\" width=\"424\" height=\"313\" srcset=\"https:\/\/i0.wp.com\/wp.ufpel.edu.br\/ndh\/files\/2024\/09\/Imagem-do-WhatsApp-de-2024-07-18-as-09.26.35_7cd14f06.jpg?resize=424%2C313&amp;ssl=1 424w, https:\/\/i0.wp.com\/wp.ufpel.edu.br\/ndh\/files\/2024\/09\/Imagem-do-WhatsApp-de-2024-07-18-as-09.26.35_7cd14f06.jpg?resize=212%2C157&amp;ssl=1 212w, https:\/\/i0.wp.com\/wp.ufpel.edu.br\/ndh\/files\/2024\/09\/Imagem-do-WhatsApp-de-2024-07-18-as-09.26.35_7cd14f06.jpg?resize=768%2C567&amp;ssl=1 768w, https:\/\/i0.wp.com\/wp.ufpel.edu.br\/ndh\/files\/2024\/09\/Imagem-do-WhatsApp-de-2024-07-18-as-09.26.35_7cd14f06.jpg?resize=619%2C457&amp;ssl=1 619w, https:\/\/i0.wp.com\/wp.ufpel.edu.br\/ndh\/files\/2024\/09\/Imagem-do-WhatsApp-de-2024-07-18-as-09.26.35_7cd14f06.jpg?w=1080&amp;ssl=1 1080w\" sizes=\"auto, (max-width: 424px) 100vw, 424px\" \/>A inten\u00e7\u00e3o \u00e9 tanto de realizar trabalhos acad\u00eamicos sobre os primeiros anos relacionados \u00e0 funda\u00e7\u00e3o, p\u00f3s 1969, ao se observar per\u00edodos espec\u00edficos (ditadura civil-militar e abertura pol\u00edtica), como construir fontes que possam ser utilizadas com gera\u00e7\u00f5es futuras que pretendam refletir sobre a hist\u00f3ria da institui\u00e7\u00e3o.<\/p>\n<p style=\"text-align: justify;\">O projeto come\u00e7ou a partir de entrevistas tem\u00e1ticas de Hist\u00f3ria Oral com ocupantes de cargos da gest\u00e3o Constru\u00e7\u00e3o (1989-1992), mas vai seguir enfocando outros per\u00edodos da hist\u00f3ria da UFPel, j\u00e1 que se pretende entrevistar todos os reitores e reitoras que est\u00e3o vivos. Junto \u00e0s entrevistas, a equipe do projeto est\u00e1 coletando materiais impressos e fotografias que ser\u00e3o disponibilizados no <a href=\"https:\/\/wp.ufpel.edu.br\/acervosdocumentaisndh\/ufpel-2\/\" target=\"_blank\" rel=\"noopener\"><strong>site do N\u00facleo<\/strong><\/a>.<\/p>\n","protected":false},"excerpt":{"rendered":"<p>A Universidade Federal de Pelotas, fundada em 08 de agosto de 1969, tem suas origens em cursos de gradua\u00e7\u00e3o j\u00e1 existentes na cidade desde o s\u00e9culo XIX e in\u00edcio do s\u00e9culo XX. As unidades pioneiras foram o Lyceu Rio-Grandense de Agronomia e Veterin\u00e1ria, a Faculdade de Odontologia, a Faculdade de Direito, a Faculdade de Medicina [&hellip;]<\/p>\n","protected":false},"author":718,"featured_media":0,"parent":0,"menu_order":0,"comment_status":"closed","ping_status":"closed","template":"","meta":{"jetpack_post_was_ever_published":false,"footnotes":""},"class_list":["post-4312","page","type-page","status-publish","hentry"],"jetpack_sharing_enabled":true,"jetpack_shortlink":"https:\/\/wp.me\/P9qy4R-17y","jetpack_likes_enabled":true,"jetpack-related-posts":[],"_links":{"self":[{"href":"https:\/\/wp.ufpel.edu.br\/ndh\/wp-json\/wp\/v2\/pages\/4312","targetHints":{"allow":["GET"]}}],"collection":[{"href":"https:\/\/wp.ufpel.edu.br\/ndh\/wp-json\/wp\/v2\/pages"}],"about":[{"href":"https:\/\/wp.ufpel.edu.br\/ndh\/wp-json\/wp\/v2\/types\/page"}],"author":[{"embeddable":true,"href":"https:\/\/wp.ufpel.edu.br\/ndh\/wp-json\/wp\/v2\/users\/718"}],"replies":[{"embeddable":true,"href":"https:\/\/wp.ufpel.edu.br\/ndh\/wp-json\/wp\/v2\/comments?post=4312"}],"version-history":[{"count":11,"href":"https:\/\/wp.ufpel.edu.br\/ndh\/wp-json\/wp\/v2\/pages\/4312\/revisions"}],"predecessor-version":[{"id":4334,"href":"https:\/\/wp.ufpel.edu.br\/ndh\/wp-json\/wp\/v2\/pages\/4312\/revisions\/4334"}],"wp:attachment":[{"href":"https:\/\/wp.ufpel.edu.br\/ndh\/wp-json\/wp\/v2\/media?parent=4312"}],"curies":[{"name":"wp","href":"https:\/\/api.w.org\/{rel}","templated":true}]}}

Memórias: UFPel

<p style="text-align: justify;">A Universidade Federal de Pelotas, <a href="https://portal.ufpel.edu.br/historico/" target="_blank" rel="noopener"><strong>fundada em 08 de agosto de 1969</strong></a>, tem suas origens em cursos de graduação já existentes na cidade desde o <a href="https://wp.ufpel.edu.br/faem/historico/" target="_blank" rel="noopener"><strong>século XIX</strong></a> e início do <strong><a href="https://wp.ufpel.edu.br/odontologia/a-faculdade-de-odontologia/a-historia-da-faculdade/" target="_blank" rel="noopener">século XX</a></strong>. As unidades pioneiras foram o Lyceu Rio-Grandense de Agronomia e Veterinária, a Faculdade de Odontologia, a <strong><a href="https://wp.ufpel.edu.br/direito/pagina-a/historia/" target="_blank" rel="noopener">Faculdade de Direito</a>, a <a href="http://guaiaca.ufpel.edu.br/xmlui/handle/prefix/12695" target="_blank" rel="noopener">Faculdade de Medicina</a> </strong>(inicialmente na condição de agregada), a <a href="https://wp.ufpel.edu.br/ca/historia/" target="_blank" rel="noopener"><strong>Escola de Belas Artes</strong></a>, o <a href="https://wp.ufpel.edu.br/conservatoriodemusica/inicio/" target="_blank" rel="noopener"><strong>Conservatório de Música</strong></a>, o <a href="https://wp.ufpel.edu.br/ifisp/?page_id=90" target="_blank" rel="noopener"><strong>Instituto de Sociologia e Política</strong></a>,  a Escola Superior de Ciências Domésticas, a Escola de Pós-Graduação e o Centro de Treinamento e Informação (Cetreisul) <span style="font-size: 8pt; color: #808080;">(as três últimas extintas)</span>. As primeiras três décadas da Universidade foram descritas na obra &#8220;<a href="https://wp.ufpel.edu.br/ndh/files/2024/09/UFPel-30-Anos.pdf" target="_blank" rel="noopener"><strong>UFPel: 30 anos</strong></a>&#8220;, organizada pelo Prof. Mario Osorio Magalhães.</p>
<p style="text-align: justify;">A ideia da Série &#8220;Memórias: UFPel&#8221; surgiu após a feitura do livro Uma Casa chamada Leiga, a partir da qual se retomou a trajetória do NDH de realizar estudos sobre a história institucional da Universidade. É importante dizer que está sendo escrita a história da <a href="https://wp.ufpel.edu.br/acervosdocumentaisndh/enfermagem-ufpel/" target="_blank" rel="noopener"><strong>Faculdade de Enfermagem</strong></a> e, recentemente, se estabeleceu uma parceria com o <a href="https://epidemio-ufpel.org.br/historia-2/" target="_blank" rel="noopener"><strong>Centro de Pesquisas Epidemiológicas Dr. Amílcar Gigante</strong></a> para a organização de seu acervo.</p>
<p style="text-align: justify;">Neste sentido, o projeto &#8220;Memórias: UFPel&#8221; pretende construir narrativas com professores e servidores técnicos-administrativos, tanto atuais como aposentados, além de discentes que estão em atividade e egressos dos diferentes cursos de graduação e pós-graduação.</p>
<p style="text-align: justify;"><img data-recalc-dims="1" loading="lazy" decoding="async" data-attachment-id="4327" data-permalink="https://wp.ufpel.edu.br/ndh/memorias-ufpel/imagem-do-whatsapp-de-2024-07-18-as-09-26-35_7cd14f06/#main" data-orig-file="https://i0.wp.com/wp.ufpel.edu.br/ndh/files/2024/09/Imagem-do-WhatsApp-de-2024-07-18-as-09.26.35_7cd14f06.jpg?fit=1080%2C798&amp;ssl=1" data-orig-size="1080,798" data-comments-opened="0" data-image-meta="{&quot;aperture&quot;:&quot;0&quot;,&quot;credit&quot;:&quot;&quot;,&quot;camera&quot;:&quot;&quot;,&quot;caption&quot;:&quot;&quot;,&quot;created_timestamp&quot;:&quot;0&quot;,&quot;copyright&quot;:&quot;&quot;,&quot;focal_length&quot;:&quot;0&quot;,&quot;iso&quot;:&quot;0&quot;,&quot;shutter_speed&quot;:&quot;0&quot;,&quot;title&quot;:&quot;&quot;,&quot;orientation&quot;:&quot;0&quot;}" data-image-title="Imagem do WhatsApp de 2024-07-18 à(s) 09.26.35_7cd14f06" data-image-description="" data-image-caption="" data-medium-file="https://i0.wp.com/wp.ufpel.edu.br/ndh/files/2024/09/Imagem-do-WhatsApp-de-2024-07-18-as-09.26.35_7cd14f06.jpg?fit=424%2C313&amp;ssl=1" data-large-file="https://i0.wp.com/wp.ufpel.edu.br/ndh/files/2024/09/Imagem-do-WhatsApp-de-2024-07-18-as-09.26.35_7cd14f06.jpg?fit=660%2C148&amp;ssl=1" class="size-medium wp-image-4327 alignleft" src="https://i0.wp.com/wp.ufpel.edu.br/ndh/files/2024/09/Imagem-do-WhatsApp-de-2024-07-18-as-09.26.35_7cd14f06.jpg?resize=424%2C313&#038;ssl=1" alt="" width="424" height="313" srcset="https://i0.wp.com/wp.ufpel.edu.br/ndh/files/2024/09/Imagem-do-WhatsApp-de-2024-07-18-as-09.26.35_7cd14f06.jpg?resize=424%2C313&amp;ssl=1 424w, https://i0.wp.com/wp.ufpel.edu.br/ndh/files/2024/09/Imagem-do-WhatsApp-de-2024-07-18-as-09.26.35_7cd14f06.jpg?resize=212%2C157&amp;ssl=1 212w, https://i0.wp.com/wp.ufpel.edu.br/ndh/files/2024/09/Imagem-do-WhatsApp-de-2024-07-18-as-09.26.35_7cd14f06.jpg?resize=768%2C567&amp;ssl=1 768w, https://i0.wp.com/wp.ufpel.edu.br/ndh/files/2024/09/Imagem-do-WhatsApp-de-2024-07-18-as-09.26.35_7cd14f06.jpg?resize=619%2C457&amp;ssl=1 619w, https://i0.wp.com/wp.ufpel.edu.br/ndh/files/2024/09/Imagem-do-WhatsApp-de-2024-07-18-as-09.26.35_7cd14f06.jpg?w=1080&amp;ssl=1 1080w" sizes="auto, (max-width: 424px) 100vw, 424px" />A intenção é tanto de realizar trabalhos acadêmicos sobre os primeiros anos relacionados à fundação, pós 1969, ao se observar períodos específicos (ditadura civil-militar e abertura política), como construir fontes que possam ser utilizadas com gerações futuras que pretendam refletir sobre a história da instituição.</p>
<p style="text-align: justify;">O projeto começou a partir de entrevistas temáticas de História Oral com ocupantes de cargos da gestão Construção (1989-1992), mas vai seguir enfocando outros períodos da história da UFPel, já que se pretende entrevistar todos os reitores e reitoras que estão vivos. Junto às entrevistas, a equipe do projeto está coletando materiais impressos e fotografias que serão disponibilizados no <a href="https://wp.ufpel.edu.br/acervosdocumentaisndh/ufpel-2/" target="_blank" rel="noopener"><strong>site do Núcleo</strong></a>.</p>

<p>A Universidade Federal de Pelotas, fundada em 08 de agosto de 1969, tem suas origens em cursos de graduação já existentes na cidade desde o século XIX e início do século XX. As unidades pioneiras foram o Lyceu Rio-Grandense de Agronomia e Veterinária, a Faculdade de Odontologia, a Faculdade de Direito, a Faculdade de Medicina [&hellip;]</p>
