{"id":4211,"date":"2024-01-31T10:47:37","date_gmt":"2024-01-31T13:47:37","guid":{"rendered":"https:\/\/wp.ufpel.edu.br\/ndh\/?page_id=4211"},"modified":"2024-01-31T10:47:37","modified_gmt":"2024-01-31T13:47:37","slug":"hr-29-1-jan-2024","status":"publish","type":"page","link":"https:\/\/wp.ufpel.edu.br\/ndh\/hr-29-1-jan-2024\/","title":{"rendered":"HR (29\/1 \u2013 Jan. 2024)"},"content":{"rendered":"<p>Os territ\u00f3rios quilombolas apontam para um campo de ampla circula\u00e7\u00e3o e conhecimentos pr\u00e9vios de redes e de alian\u00e7as que colaboravam para a manuten\u00e7\u00e3o da liberdade.<br \/>\nTerritorialidade que resiste \u00e0 contemporaneidade, ressignificando rela\u00e7\u00f5es de parentesco, de vizinhan\u00e7a amalgamadas pela identidade \u00e9tnica.<br \/>\n<img data-recalc-dims=\"1\" loading=\"lazy\" decoding=\"async\" data-attachment-id=\"4213\" data-permalink=\"https:\/\/wp.ufpel.edu.br\/ndh\/hr-29-1-jan-2024\/folha-de-rosto-6\/#main\" data-orig-file=\"https:\/\/i0.wp.com\/wp.ufpel.edu.br\/ndh\/files\/2024\/01\/folha-de-rosto.png?fit=2408%2C3004&amp;ssl=1\" data-orig-size=\"2408,3004\" data-comments-opened=\"0\" data-image-meta=\"{&quot;aperture&quot;:&quot;0&quot;,&quot;credit&quot;:&quot;&quot;,&quot;camera&quot;:&quot;&quot;,&quot;caption&quot;:&quot;&quot;,&quot;created_timestamp&quot;:&quot;0&quot;,&quot;copyright&quot;:&quot;&quot;,&quot;focal_length&quot;:&quot;0&quot;,&quot;iso&quot;:&quot;0&quot;,&quot;shutter_speed&quot;:&quot;0&quot;,&quot;title&quot;:&quot;&quot;,&quot;orientation&quot;:&quot;0&quot;}\" data-image-title=\"folha de rosto\" data-image-description=\"\" data-image-caption=\"\" data-medium-file=\"https:\/\/i0.wp.com\/wp.ufpel.edu.br\/ndh\/files\/2024\/01\/folha-de-rosto.png?fit=255%2C318&amp;ssl=1\" data-large-file=\"https:\/\/i0.wp.com\/wp.ufpel.edu.br\/ndh\/files\/2024\/01\/folha-de-rosto.png?fit=660%2C148&amp;ssl=1\" class=\"size-medium wp-image-4213 alignleft\" src=\"https:\/\/i0.wp.com\/wp.ufpel.edu.br\/ndh\/files\/2024\/01\/folha-de-rosto.png?resize=255%2C318&#038;ssl=1\" alt=\"\" width=\"255\" height=\"318\" srcset=\"https:\/\/i0.wp.com\/wp.ufpel.edu.br\/ndh\/files\/2024\/01\/folha-de-rosto.png?resize=255%2C318&amp;ssl=1 255w, https:\/\/i0.wp.com\/wp.ufpel.edu.br\/ndh\/files\/2024\/01\/folha-de-rosto.png?resize=127%2C159&amp;ssl=1 127w, https:\/\/i0.wp.com\/wp.ufpel.edu.br\/ndh\/files\/2024\/01\/folha-de-rosto.png?resize=768%2C958&amp;ssl=1 768w, https:\/\/i0.wp.com\/wp.ufpel.edu.br\/ndh\/files\/2024\/01\/folha-de-rosto.png?resize=1231%2C1536&amp;ssl=1 1231w, https:\/\/i0.wp.com\/wp.ufpel.edu.br\/ndh\/files\/2024\/01\/folha-de-rosto.png?resize=1642%2C2048&amp;ssl=1 1642w, https:\/\/i0.wp.com\/wp.ufpel.edu.br\/ndh\/files\/2024\/01\/folha-de-rosto.png?resize=619%2C772&amp;ssl=1 619w, https:\/\/i0.wp.com\/wp.ufpel.edu.br\/ndh\/files\/2024\/01\/folha-de-rosto.png?w=1320&amp;ssl=1 1320w, https:\/\/i0.wp.com\/wp.ufpel.edu.br\/ndh\/files\/2024\/01\/folha-de-rosto.png?w=1980&amp;ssl=1 1980w\" sizes=\"auto, (max-width: 255px) 100vw, 255px\" \/>Territ\u00f3rios que carregam consigo lembran\u00e7as\u00a0ancestrais, trilhas, colheitas das lavouras, hist\u00f3rias de embate com propriet\u00e1rios locais e com o Estado, hist\u00f3rias de cura, de partejamento e religiosidade, lembran\u00e7as de festejos e de afetos que constru\u00edram a hist\u00f3ria do territ\u00f3rio negro.<br \/>\nPrincipais objetivos do dossi\u00ea: identificar a diversidade de ser e viver quilombola; debater as estrat\u00e9gias de territorialidades; analisar os principais festejos assentados nos quilombos; identificar projetos coletivos de liberdade e de acesso \u00e0 terra; promover o debate sobre as mulheres quilombolas a partir de seus saberes e fazeres; discutir sobre letramento e educa\u00e7\u00e3o quilombola.<br \/>\nTemas de artigos que podem ser enquadrados: pol\u00edticas p\u00fablicas, luta pela terra, territorialidades, educa\u00e7\u00e3o quilombola, resist\u00eancia pela liberdade, mem\u00f3ria, identidades, rela\u00e7\u00f5es de parentesco, produ\u00e7\u00e3o de saberes\/fazeres, religiosidades, festejos, sabedoria e a luta das mulheres quilombolas e etc.<\/p>\n<p>Editoras: Dra. Claudia Daiane Garcia Molet e Dra. Nat\u00e1lia Garcia Pinto.<\/p>\n<h2>Artigos<\/h2>\n<ul class=\"cmp_article_list articles\">\n<li>\n<div class=\"obj_article_summary\">\n<div class=\"title\"><strong><a href=\"https:\/\/periodicos.ufpel.edu.br\/index.php\/HistRev\/article\/view\/26134\">Apresenta\u00e7\u00e3o<\/a><\/strong><\/div>\n<div class=\"meta\">\n<div class=\"authors\">Claudia Daiane Garcia Molet, Nat\u00e1lia Garcia Pinto (08-11) <a class=\"obj_galley_link pdf\" href=\"https:\/\/periodicos.ufpel.edu.br\/index.php\/HistRev\/article\/view\/26134\/19238\">\u00a0\u00a0pdf<\/a><\/div>\n<\/div>\n<\/div>\n<\/li>\n<li>\n<div class=\"obj_article_summary\">\n<div class=\"title\"><strong><a href=\"https:\/\/periodicos.ufpel.edu.br\/index.php\/HistRev\/article\/view\/25816\">Hist\u00f3ria em Revista, um breve hist\u00f3rico at\u00e9 o momento (volume 29, n\u00famero 1 \u2013 dezembro de 2023)<\/a><\/strong><\/div>\n<div class=\"meta\">\n<div class=\"authors\">Lorena Almeida Gill, Paulo Luiz Crizel Koschier (12-16) <a class=\"obj_galley_link pdf\" href=\"https:\/\/periodicos.ufpel.edu.br\/index.php\/HistRev\/article\/view\/25816\/19237\">\u00a0pdf<\/a><\/div>\n<\/div>\n<\/div>\n<\/li>\n<li>\n<div class=\"obj_article_summary\">\n<div class=\"title\"><strong><a href=\"https:\/\/periodicos.ufpel.edu.br\/index.php\/HistRev\/article\/view\/25810\">\u201cSou fruto long\u00ednquo da Raiz Luiza\u201d: fam\u00edlia e territorialidades negras a partir do quilombo Rinc\u00e3o dos Fernandes<\/a><\/strong><\/div>\n<div class=\"meta\">\n<div class=\"authors\">Vanessa Flores dos Santos, Franciele Rocha de Oliveira (17-35) <a class=\"obj_galley_link pdf\" href=\"https:\/\/periodicos.ufpel.edu.br\/index.php\/HistRev\/article\/view\/25810\/19239\">\u00a0pdf<\/a><\/div>\n<\/div>\n<\/div>\n<\/li>\n<li>\n<div class=\"obj_article_summary\">\n<div class=\"title\"><strong><a href=\"https:\/\/periodicos.ufpel.edu.br\/index.php\/HistRev\/article\/view\/25808\">Quilombos Rinc\u00e3o dos Caix\u00f5es e Linha F\u00e3o: o estar no mundo de um territ\u00f3rio negro no planalto do Rio Grande do Sul (do s\u00e9culo XIX ao tempo presente)<\/a><\/strong><\/div>\n<div class=\"meta\">\n<div class=\"authors\">Maria do Carmo Moreira Aguilar (36-58) <a class=\"obj_galley_link pdf\" href=\"https:\/\/periodicos.ufpel.edu.br\/index.php\/HistRev\/article\/view\/25808\/19240\">\u00a0pdf<\/a><\/div>\n<\/div>\n<\/div>\n<\/li>\n<li>\n<div class=\"obj_article_summary\">\n<div class=\"title\"><strong><a href=\"https:\/\/periodicos.ufpel.edu.br\/index.php\/HistRev\/article\/view\/25815\">Contando tempos e arranjando espa\u00e7os: algumas propostas de periodiza\u00e7\u00e3o dos mocambos e quilombos, s\u00e9cs. XVIII-XXI<\/a><\/strong><\/div>\n<div class=\"meta\">\n<div class=\"authors\">Fl\u00e1vio Gomes, Cl\u00e1udia Molet (59-76) <a class=\"obj_galley_link pdf\" href=\"https:\/\/periodicos.ufpel.edu.br\/index.php\/HistRev\/article\/view\/25815\/19242\">\u00a0pdf<\/a><\/div>\n<\/div>\n<\/div>\n<\/li>\n<li>\n<div class=\"obj_article_summary\">\n<div class=\"title\"><strong><a href=\"https:\/\/periodicos.ufpel.edu.br\/index.php\/HistRev\/article\/view\/26135\">Quilombos: organiza\u00e7\u00f5es sociais inter\u00e9tnicas<\/a><\/strong><\/div>\n<div class=\"meta\">\n<div class=\"authors\">Jamile Pereira Pimentel dos Santos (77-91) <a class=\"obj_galley_link pdf\" href=\"https:\/\/periodicos.ufpel.edu.br\/index.php\/HistRev\/article\/view\/26135\/19243\">\u00a0pdf<\/a><\/div>\n<\/div>\n<\/div>\n<\/li>\n<li>\n<div class=\"obj_article_summary\">\n<div class=\"title\"><strong><a href=\"https:\/\/periodicos.ufpel.edu.br\/index.php\/HistRev\/article\/view\/25805\">\u201cGuardei pra lembran\u00e7a\u201d: mem\u00f3rias do ritual do Ensaio de Pagamento de Promessa de Quicumbi da Irmandade de Nossa Senhora do Ros\u00e1rio (Tavares\/RS)<\/a><\/strong><\/div>\n<div class=\"meta\">\n<div class=\"authors\">Luciene Mourige Barbosa (92-113) <a class=\"obj_galley_link pdf\" href=\"https:\/\/periodicos.ufpel.edu.br\/index.php\/HistRev\/article\/view\/25805\/19244\">\u00a0pdf<\/a><\/div>\n<\/div>\n<\/div>\n<\/li>\n<li>\n<div class=\"obj_article_summary\">\n<div class=\"title\"><strong><a href=\"https:\/\/periodicos.ufpel.edu.br\/index.php\/HistRev\/article\/view\/25802\">Territ\u00f3rio e territorialidade quilombola: uma an\u00e1lise socioetnocultural da produ\u00e7\u00e3o de alimentos e das festas, folias e rezas<\/a><\/strong><\/div>\n<div class=\"meta\">\n<div class=\"authors\">H\u00e9lio Rodrigues dos Santos, Ana Tereza Ramos de Jesus Ferreira, Geraldo Eust\u00e1quio Moreira (114-137) <a class=\"obj_galley_link pdf\" href=\"https:\/\/periodicos.ufpel.edu.br\/index.php\/HistRev\/article\/view\/25802\/19246\">\u00a0pdf<\/a><\/div>\n<\/div>\n<\/div>\n<\/li>\n<li>\n<div class=\"obj_article_summary\">\n<div class=\"title\"><strong><a href=\"https:\/\/periodicos.ufpel.edu.br\/index.php\/HistRev\/article\/view\/25804\">Festa e pol\u00edtica: uma an\u00e1lise da comunidade quilombola do Pratigi (BA)<\/a><\/strong><\/div>\n<div class=\"meta\">\n<div class=\"authors\">F\u00e1bio J\u00fanior da Luz Barros (138-157) <a class=\"obj_galley_link pdf\" href=\"https:\/\/periodicos.ufpel.edu.br\/index.php\/HistRev\/article\/view\/25804\/19247\">\u00a0pdf<\/a><\/div>\n<\/div>\n<\/div>\n<\/li>\n<li>\n<div class=\"obj_article_summary\">\n<div class=\"title\"><strong><a href=\"https:\/\/periodicos.ufpel.edu.br\/index.php\/HistRev\/article\/view\/26136\">Trajet\u00f3ria de vida e identidade para duas mulheres negras, m\u00e3e e filha, do Quilombo Manoel do Rego, Cangu\u00e7u\/RS<\/a><\/strong><\/div>\n<div class=\"meta\">\n<div class=\"authors\">Marcus Vinicius Spolle, Nara Beatriz Matias Soares (158-176) <a class=\"obj_galley_link pdf\" href=\"https:\/\/periodicos.ufpel.edu.br\/index.php\/HistRev\/article\/view\/26136\/19248\">\u00a0pdf<\/a><\/div>\n<\/div>\n<\/div>\n<\/li>\n<li>\n<div class=\"obj_article_summary\">\n<div class=\"title\"><strong><a href=\"https:\/\/periodicos.ufpel.edu.br\/index.php\/HistRev\/article\/view\/25809\">Resist\u00eancia e identidade: an\u00e1lise de como a escola atua no processo identit\u00e1rio quilombola em Helv\u00e9cia<\/a><\/strong><\/div>\n<div class=\"meta\">\n<div class=\"authors\">Julia Silva da Ressurrei\u00e7\u00e3o, Magno Santos Batista (177-187) <a class=\"obj_galley_link pdf\" href=\"https:\/\/periodicos.ufpel.edu.br\/index.php\/HistRev\/article\/view\/25809\/19249\">\u00a0pdf<\/a><\/div>\n<\/div>\n<\/div>\n<\/li>\n<li>\n<div class=\"obj_article_summary\">\n<div class=\"title\"><strong><a href=\"https:\/\/periodicos.ufpel.edu.br\/index.php\/HistRev\/article\/view\/25806\">O F\u00f3rum das Comunidades Quilombolas do Litoral M\u00e9dio como instrumento de conquista de direitos!<\/a><\/strong><\/div>\n<div class=\"meta\">\n<div class=\"authors\">Jorge Amaro de Souza Borges (188-211) <a class=\"obj_galley_link pdf\" href=\"https:\/\/periodicos.ufpel.edu.br\/index.php\/HistRev\/article\/view\/25806\/19250\">\u00a0pdf<\/a><\/div>\n<\/div>\n<\/div>\n<\/li>\n<li>\n<div class=\"obj_article_summary\">\n<div class=\"title\"><strong><a href=\"https:\/\/periodicos.ufpel.edu.br\/index.php\/HistRev\/article\/view\/25800\">Abordagens hist\u00f3ricas sobre o litoral do Piau\u00ed, Nicolau de Rezende, rio Parna\u00edba e a cartografia nacional<\/a><\/strong><\/div>\n<div class=\"meta\">\n<div class=\"authors\">Maria Natielly Soares Campos, Johny Santana de Ara\u00fajo (212-228) <a class=\"obj_galley_link pdf\" href=\"https:\/\/periodicos.ufpel.edu.br\/index.php\/HistRev\/article\/view\/25800\/19251\">\u00a0pdf<\/a><\/div>\n<\/div>\n<\/div>\n<\/li>\n<li>\n<div class=\"obj_article_summary\">\n<div class=\"title\"><strong><a href=\"https:\/\/periodicos.ufpel.edu.br\/index.php\/HistRev\/article\/view\/25799\">A atua\u00e7\u00e3o do Partido Comunista Brasileiro (PCB) nas diferentes conjunturas pol\u00edticas at\u00e9 o Golpe Civil-Militar de 1964<\/a><\/strong><\/div>\n<div class=\"meta\">\n<div class=\"authors\">Renato da Silva Della Vechia, Alana Huttner Wolter, Igor Venzke Pinheiro (229-247) <a class=\"obj_galley_link pdf\" href=\"https:\/\/periodicos.ufpel.edu.br\/index.php\/HistRev\/article\/view\/25799\/19252\">\u00a0pdf<\/a><\/div>\n<\/div>\n<\/div>\n<\/li>\n<li>\n<div class=\"obj_article_summary\">\n<div class=\"title\"><strong><a href=\"https:\/\/periodicos.ufpel.edu.br\/index.php\/HistRev\/article\/view\/25801\">Discutindo a Ditadura Militar Brasileira em aulas de hist\u00f3ria: sequ\u00eancias did\u00e1ticas com o uso do v\u00eddeo<\/a><\/strong><\/div>\n<div class=\"meta\">\n<div class=\"authors\">Daniel Aparecido Ferreira, Cl\u00e1udio Alves Pereira (248-264) <a class=\"obj_galley_link pdf\" href=\"https:\/\/periodicos.ufpel.edu.br\/index.php\/HistRev\/article\/view\/25801\/19253\">\u00a0pdf<\/a><\/div>\n<\/div>\n<\/div>\n<\/li>\n<li>\n<div class=\"obj_article_summary\">\n<div class=\"title\"><strong><a href=\"https:\/\/periodicos.ufpel.edu.br\/index.php\/HistRev\/article\/view\/25803\">Os col\u00e9gios na Prov\u00edncia de S\u00e3o Pedro do Rio Grande do Sul no s\u00e9culo XIX<\/a><\/strong><\/div>\n<div class=\"meta\">\n<div class=\"authors\">Eduardo Arriada, Ch\u00e9li Nunes Meira (265-284) <a class=\"obj_galley_link pdf\" href=\"https:\/\/periodicos.ufpel.edu.br\/index.php\/HistRev\/article\/view\/25803\/19254\">\u00a0pdf<\/a><\/div>\n<\/div>\n<\/div>\n<\/li>\n<\/ul>\n<p>&nbsp;<\/p>\n","protected":false},"excerpt":{"rendered":"<p>Os territ\u00f3rios quilombolas apontam para um campo de ampla circula\u00e7\u00e3o e conhecimentos pr\u00e9vios de redes e de alian\u00e7as que colaboravam para a manuten\u00e7\u00e3o da liberdade. Territorialidade que resiste \u00e0 contemporaneidade, ressignificando rela\u00e7\u00f5es de parentesco, de vizinhan\u00e7a amalgamadas pela identidade \u00e9tnica. Territ\u00f3rios que carregam consigo lembran\u00e7as\u00a0ancestrais, trilhas, colheitas das lavouras, hist\u00f3rias de embate com propriet\u00e1rios locais [&hellip;]<\/p>\n","protected":false},"author":718,"featured_media":0,"parent":0,"menu_order":0,"comment_status":"closed","ping_status":"closed","template":"","meta":{"jetpack_post_was_ever_published":false,"footnotes":""},"class_list":["post-4211","page","type-page","status-publish","hentry"],"jetpack_sharing_enabled":true,"jetpack_shortlink":"https:\/\/wp.me\/P9qy4R-15V","jetpack_likes_enabled":true,"jetpack-related-posts":[],"_links":{"self":[{"href":"https:\/\/wp.ufpel.edu.br\/ndh\/wp-json\/wp\/v2\/pages\/4211","targetHints":{"allow":["GET"]}}],"collection":[{"href":"https:\/\/wp.ufpel.edu.br\/ndh\/wp-json\/wp\/v2\/pages"}],"about":[{"href":"https:\/\/wp.ufpel.edu.br\/ndh\/wp-json\/wp\/v2\/types\/page"}],"author":[{"embeddable":true,"href":"https:\/\/wp.ufpel.edu.br\/ndh\/wp-json\/wp\/v2\/users\/718"}],"replies":[{"embeddable":true,"href":"https:\/\/wp.ufpel.edu.br\/ndh\/wp-json\/wp\/v2\/comments?post=4211"}],"version-history":[{"count":7,"href":"https:\/\/wp.ufpel.edu.br\/ndh\/wp-json\/wp\/v2\/pages\/4211\/revisions"}],"predecessor-version":[{"id":4220,"href":"https:\/\/wp.ufpel.edu.br\/ndh\/wp-json\/wp\/v2\/pages\/4211\/revisions\/4220"}],"wp:attachment":[{"href":"https:\/\/wp.ufpel.edu.br\/ndh\/wp-json\/wp\/v2\/media?parent=4211"}],"curies":[{"name":"wp","href":"https:\/\/api.w.org\/{rel}","templated":true}]}}