{"id":411,"date":"2017-02-20T17:19:08","date_gmt":"2017-02-20T20:19:08","guid":{"rendered":"https:\/\/wp.ufpel.edu.br\/ndh\/?page_id=411"},"modified":"2021-08-30T19:10:51","modified_gmt":"2021-08-30T22:10:51","slug":"equipe-secretaria","status":"publish","type":"page","link":"https:\/\/wp.ufpel.edu.br\/ndh\/equipe-secretaria\/","title":{"rendered":"Equipe &#8211; Secretaria"},"content":{"rendered":"<p>O NDH tem funcionamento com atendimento ao p\u00fablico externo de segunda a sexta, das 13h30min as 19h30min.<\/p>\n<hr \/>\n<p><img data-recalc-dims=\"1\" loading=\"lazy\" decoding=\"async\" data-attachment-id=\"3264\" data-permalink=\"https:\/\/wp.ufpel.edu.br\/ndh\/equipe-secretaria\/201537047_4229238317098264_180306703579528944_n\/#main\" data-orig-file=\"https:\/\/i0.wp.com\/wp.ufpel.edu.br\/ndh\/files\/2021\/08\/201537047_4229238317098264_180306703579528944_n.jpg?fit=475%2C475&amp;ssl=1\" data-orig-size=\"475,475\" data-comments-opened=\"0\" data-image-meta=\"{&quot;aperture&quot;:&quot;0&quot;,&quot;credit&quot;:&quot;&quot;,&quot;camera&quot;:&quot;&quot;,&quot;caption&quot;:&quot;&quot;,&quot;created_timestamp&quot;:&quot;0&quot;,&quot;copyright&quot;:&quot;&quot;,&quot;focal_length&quot;:&quot;0&quot;,&quot;iso&quot;:&quot;0&quot;,&quot;shutter_speed&quot;:&quot;0&quot;,&quot;title&quot;:&quot;&quot;,&quot;orientation&quot;:&quot;0&quot;}\" data-image-title=\"201537047_4229238317098264_180306703579528944_n\" data-image-description=\"\" data-image-caption=\"\" data-medium-file=\"https:\/\/i0.wp.com\/wp.ufpel.edu.br\/ndh\/files\/2021\/08\/201537047_4229238317098264_180306703579528944_n.jpg?fit=318%2C318&amp;ssl=1\" data-large-file=\"https:\/\/i0.wp.com\/wp.ufpel.edu.br\/ndh\/files\/2021\/08\/201537047_4229238317098264_180306703579528944_n.jpg?fit=475%2C220&amp;ssl=1\" class=\"wp-image-3264 aligncenter\" src=\"https:\/\/i0.wp.com\/wp.ufpel.edu.br\/ndh\/files\/2021\/08\/201537047_4229238317098264_180306703579528944_n.jpg?resize=214%2C214&#038;ssl=1\" alt=\"\" width=\"214\" height=\"214\" srcset=\"https:\/\/i0.wp.com\/wp.ufpel.edu.br\/ndh\/files\/2021\/08\/201537047_4229238317098264_180306703579528944_n.jpg?resize=318%2C318&amp;ssl=1 318w, https:\/\/i0.wp.com\/wp.ufpel.edu.br\/ndh\/files\/2021\/08\/201537047_4229238317098264_180306703579528944_n.jpg?resize=159%2C159&amp;ssl=1 159w, https:\/\/i0.wp.com\/wp.ufpel.edu.br\/ndh\/files\/2021\/08\/201537047_4229238317098264_180306703579528944_n.jpg?w=475&amp;ssl=1 475w\" sizes=\"auto, (max-width: 214px) 100vw, 214px\" \/><\/p>\n<p style=\"text-align: center\"><span style=\"font-size: 14pt\">T\u00e9cnico-Administrativo <strong>Paulo Koschier<\/strong>. <em>[<a href=\"http:\/\/lattes.cnpq.br\/6231176862887537\" target=\"_blank\" rel=\"noopener\">curr\u00edculo lattes<\/a>] [<a href=\"https:\/\/wp.ufpel.edu.br\/ndh\/paulo-koschier\/\">contato<\/a>]<\/em><\/span><\/p>\n","protected":false},"excerpt":{"rendered":"<p>O NDH tem funcionamento com atendimento ao p\u00fablico externo de segunda a sexta, das 13h30min as 19h30min. T\u00e9cnico-Administrativo Paulo Koschier. [curr\u00edculo lattes] [contato]<\/p>\n","protected":false},"author":718,"featured_media":0,"parent":0,"menu_order":0,"comment_status":"closed","ping_status":"closed","template":"","meta":{"jetpack_post_was_ever_published":false,"footnotes":""},"class_list":["post-411","page","type-page","status-publish","hentry"],"jetpack_sharing_enabled":true,"jetpack_shortlink":"https:\/\/wp.me\/P9qy4R-6D","jetpack_likes_enabled":true,"jetpack-related-posts":[],"_links":{"self":[{"href":"https:\/\/wp.ufpel.edu.br\/ndh\/wp-json\/wp\/v2\/pages\/411","targetHints":{"allow":["GET"]}}],"collection":[{"href":"https:\/\/wp.ufpel.edu.br\/ndh\/wp-json\/wp\/v2\/pages"}],"about":[{"href":"https:\/\/wp.ufpel.edu.br\/ndh\/wp-json\/wp\/v2\/types\/page"}],"author":[{"embeddable":true,"href":"https:\/\/wp.ufpel.edu.br\/ndh\/wp-json\/wp\/v2\/users\/718"}],"replies":[{"embeddable":true,"href":"https:\/\/wp.ufpel.edu.br\/ndh\/wp-json\/wp\/v2\/comments?post=411"}],"version-history":[{"count":4,"href":"https:\/\/wp.ufpel.edu.br\/ndh\/wp-json\/wp\/v2\/pages\/411\/revisions"}],"predecessor-version":[{"id":3265,"href":"https:\/\/wp.ufpel.edu.br\/ndh\/wp-json\/wp\/v2\/pages\/411\/revisions\/3265"}],"wp:attachment":[{"href":"https:\/\/wp.ufpel.edu.br\/ndh\/wp-json\/wp\/v2\/media?parent=411"}],"curies":[{"name":"wp","href":"https:\/\/api.w.org\/{rel}","templated":true}]}}