{"id":3858,"date":"2023-02-13T09:25:08","date_gmt":"2023-02-13T12:25:08","guid":{"rendered":"https:\/\/wp.ufpel.edu.br\/ndh\/?page_id=3858"},"modified":"2023-02-13T09:25:08","modified_gmt":"2023-02-13T12:25:08","slug":"hr-28-1-dez-2022","status":"publish","type":"page","link":"https:\/\/wp.ufpel.edu.br\/ndh\/hr-28-1-dez-2022\/","title":{"rendered":"HR (28\/1 \u2013 Dez. 2022)"},"content":{"rendered":"<h1>A Hist\u00f3ria Atrav\u00e9s das M\u00eddias <span style=\"color: #993300;\"><strong><span style=\"font-size: 8pt;\">[confira os artigos ao final da p\u00e1gina]<\/span><\/strong><\/span><\/h1>\n<p style=\"text-align: right;\">Prezado\/prezada leitor\/leitora,<\/p>\n<p style=\"text-align: justify;\">A presente edi\u00e7\u00e3o da Hist\u00f3ria em revista tem como objetivo principal refletir e analisar quest\u00f5es relacionados ao mundo das m\u00eddias &#8211; filmes, HQs, s\u00e9ries, games, entre outros. Nesse sentido, mesmo que o leitor n\u00e3o concorde completamente com as an\u00e1lises apresentadas pelos colaboradores, uma coisa \u00e9 certa, as fontes selecionadas s\u00e3o deveras interessantes.<\/p>\n<p style=\"text-align: justify;\"><a href=\"https:\/\/periodicos.ufpel.edu.br\/ojs2\/index.php\/HistRev\/issue\/view\/1150\/showToc\" target=\"_blank\" rel=\"noopener\"><img data-recalc-dims=\"1\" loading=\"lazy\" decoding=\"async\" data-attachment-id=\"3868\" data-permalink=\"https:\/\/wp.ufpel.edu.br\/ndh\/hr-28-1-dez-2022\/cover_issue_1150_pt_br\/#main\" data-orig-file=\"https:\/\/i0.wp.com\/wp.ufpel.edu.br\/ndh\/files\/2023\/02\/cover_issue_1150_pt_BR.png?fit=650%2C810&amp;ssl=1\" data-orig-size=\"650,810\" data-comments-opened=\"0\" data-image-meta=\"{&quot;aperture&quot;:&quot;0&quot;,&quot;credit&quot;:&quot;&quot;,&quot;camera&quot;:&quot;&quot;,&quot;caption&quot;:&quot;&quot;,&quot;created_timestamp&quot;:&quot;0&quot;,&quot;copyright&quot;:&quot;&quot;,&quot;focal_length&quot;:&quot;0&quot;,&quot;iso&quot;:&quot;0&quot;,&quot;shutter_speed&quot;:&quot;0&quot;,&quot;title&quot;:&quot;&quot;,&quot;orientation&quot;:&quot;0&quot;}\" data-image-title=\"cover_issue_1150_pt_BR\" data-image-description=\"\" data-image-caption=\"\" data-medium-file=\"https:\/\/i0.wp.com\/wp.ufpel.edu.br\/ndh\/files\/2023\/02\/cover_issue_1150_pt_BR.png?fit=255%2C318&amp;ssl=1\" data-large-file=\"https:\/\/i0.wp.com\/wp.ufpel.edu.br\/ndh\/files\/2023\/02\/cover_issue_1150_pt_BR.png?fit=650%2C220&amp;ssl=1\" class=\"size-medium wp-image-3868 alignleft\" src=\"https:\/\/i0.wp.com\/wp.ufpel.edu.br\/ndh\/files\/2023\/02\/cover_issue_1150_pt_BR.png?resize=255%2C318&#038;ssl=1\" alt=\"\" width=\"255\" height=\"318\" srcset=\"https:\/\/i0.wp.com\/wp.ufpel.edu.br\/ndh\/files\/2023\/02\/cover_issue_1150_pt_BR.png?resize=255%2C318&amp;ssl=1 255w, https:\/\/i0.wp.com\/wp.ufpel.edu.br\/ndh\/files\/2023\/02\/cover_issue_1150_pt_BR.png?resize=128%2C159&amp;ssl=1 128w, https:\/\/i0.wp.com\/wp.ufpel.edu.br\/ndh\/files\/2023\/02\/cover_issue_1150_pt_BR.png?resize=619%2C771&amp;ssl=1 619w, https:\/\/i0.wp.com\/wp.ufpel.edu.br\/ndh\/files\/2023\/02\/cover_issue_1150_pt_BR.png?w=650&amp;ssl=1 650w\" sizes=\"auto, (max-width: 255px) 100vw, 255px\" \/><\/a>Os historiadores e demais intelectuais que se debru\u00e7am na tarefa de analisar as narrativas que comp\u00f5em o mundo das m\u00eddias e sua rela\u00e7\u00e3o com o seus respectivos contextos possuem uma tarefa laboriosa. Afinal de contas, a quantidade de narrativas que se proliferam \u00e9 imensa. J\u00e1 notaram no n\u00famero de filmes de super-her\u00f3is que entraram em cartaz nos cinemas do mundo inteiro na \u00faltima d\u00e9cada? Nesse sentido, as reflex\u00f5es selecionadas para o presente dossi\u00ea se fazem necess\u00e1rias. Ademais, Douglas Kellner, importante te\u00f3rico americano, em seus estudos a respeito da cultura da m\u00eddia, nos revela que os meios midi\u00e1ticos comp\u00f5em um importante campo de disputa de poder em que podemos observar grupo sociais e ideologias pol\u00edticas lutando pela hegemonia do discurso.<\/p>\n<p style=\"text-align: justify;\">Ao todo, selecionamos 8 artigos. Eles abrangem um leque variado de temas: de Thor, o Deus do trov\u00e3o da Marvel, \u00e0 repress\u00e3o policial durante o Governo Vargas. Essa diversidade de temas \u00e9 caracter\u00edstica do universo das an\u00e1lises midi\u00e1ticas.<\/p>\n<p style=\"text-align: justify;\">O artigo intitulado \u201cTrauma e testemunho em Grama, de Keum Suk Gendry-Kim: quadrinhos sobre as mulheres de conforto\u201d, de Daniel Soares Duarte e Leticia Chrisostomo Bortt Moreira analisa a hist\u00f3ria em quadrinhos sul-coreana <em>Grama<\/em>, de Keum Suk Gendry-kim, publicada no Brasil em 2020.\u00a0 A narrativa exp\u00f5e o relato de uma \u201cmulher de conforto\u201d, express\u00e3o utilizada para designar as jovens coreanas, chinesas e japonesas que foram capturadas pelo ex\u00e9rcito japon\u00eas para servir como escravas sexuais aos soldados desse imp\u00e9rio, da Segunda Guerra sino-japonesa at\u00e9 os anos da 2\u00aa Grande Guerra.<\/p>\n<p style=\"text-align: justify;\">Em \u201cThor, quadrinhos e o ensino da beleza e a justi\u00e7a de Plat\u00e3o\u201d, Renis Ramos Silva e Gelson Weschenfelder buscam aproximar o universo ficcional do deus do trov\u00e3o com abordagens de ensino e aprendizagem. Para isso, realizaram reflex\u00f5es sobre o belo e a justi\u00e7a tendo como base o pensamento de Plat\u00e3o.<\/p>\n<p style=\"text-align: justify;\">No artigo \u201cSHAZAM: O Paradoxo da Juventude\u201d, Diego das Neves Ribeiro e Elbert de Oliveira Agostinho prop\u00f5em uma reflex\u00e3o sobre as poss\u00edveis proje\u00e7\u00f5es desenvolvidas pelas hist\u00f3rias de SHAZAM e suas experi\u00eancias enquanto um jovem no corpo de um super-her\u00f3i adulto possu\u00ed anseios e frustra\u00e7\u00f5es da juventude.<\/p>\n<p style=\"text-align: justify;\">Carine Medineira Buss Flores, Erica Kirchhof Dias e Fernando Souto Dias Neto escreveram o texto \u201cQuando os subalternizados tomam as cenas: o cinema como ferramenta pedag\u00f3gica\u201d, em que abordam o cinema como produto cultural voltado \u00e0 educa\u00e7\u00e3o. Um dos seus objetivos principais \u00e9 promover a desubalterniza\u00e7\u00e3o da cultura de matriz africana.<\/p>\n<p style=\"text-align: justify;\">A autora Tamires Ferreira Soares, no artigo \u201cOs Astros da 5\u00b0 Coluna\u201d: Repress\u00e3o Policial no Rio Grande do Sul durante o governo de Get\u00falio Vargas (1930-1945)\u201d, analisa atrav\u00e9s da\u00a0<em>Revista Vida Policial<\/em>\u00a0casos de professores que foram vigiados, perseguidos e cassados por subverterem as leis de nacionaliza\u00e7\u00e3o implantadas por Get\u00falio Vargas durante o Estado Novo.<\/p>\n<p style=\"text-align: justify;\">J\u00e1 Rodrigo Aparecido de Ara\u00fajo Pedroso e Rodrigo Cardoso Polatto, no seu artigo que tem como t\u00edtulo \u201cO horror \u201csocialmente relevante\u201d da EC Comics: uma an\u00e1lise da hist\u00f3ria em quadrinhos \u201c<em>The Patriots<\/em>\u201d de 1952\u201d, analisa a HQs \u201cThe Patriots\u201d, publicada em 1952. Em sua an\u00e1lise o foco est\u00e1 na cr\u00edtica social expl\u00edcita \u00e0 pol\u00edtica da Guerra Fria. Abordando temas como anticomunismo e macarthismo.<\/p>\n<p style=\"text-align: justify;\">No artigo \u201cGuerra e sexo em Lost Girls, de Alan Moore e Melinda Gebbie\u201d, M\u00e1rcio dos Santos Rodrigues e Suellen Cordovil da Silva discutem uma interessante rela\u00e7\u00e3o entre erotismo, pornografia e a mem\u00f3ria hist\u00f3rica da Primeira Guerra Mundial a partir de\u00a0<em>Lost Girls<\/em>, de Alan Moore e Melinda Gebbie<em>.<\/em>\u00a0O foco principal do artigo \u00e9 analisar como a obra estabelece uma cr\u00edtica \u00e0s guerras, ao colocar em evid\u00eancia elementos e representa\u00e7\u00f5es do per\u00edodo.<\/p>\n<p style=\"text-align: justify;\">Por fim, temos o artigo de Felipe Rad\u00fcnz Kr\u00fcger, Mario Marcello Neto e Artur Rodrigo Itaqui Lopes Filho, intitulado \u201cDestrui\u00e7\u00e3o criativa na capital inglesa: O caso\u00a0<em>V for Vendetta\u201d.<\/em>\u00a0Este artigo visa analisar a rela\u00e7\u00e3o entre destruiu\u00e7\u00e3o e resist\u00eancia atrav\u00e9s da interpreta\u00e7\u00e3o e an\u00e1lise da\u00a0<em>graphic novel<\/em>\u00a0<em>V for Vendetta<\/em>\u00a0dos brit\u00e2nicos Alan Moore e David Lloyd.<\/p>\n<p style=\"text-align: justify;\">Uma vez apresentados os artigos que fazem parte deste dossi\u00ea, desejamos a todas e a todos uma boa leitura!<\/p>\n<p style=\"text-align: right;\">Artur Rodrigo Itaqui Lopes Filho | Felipe Rad\u00fcnz Kr\u00fcger | Mario Marcello Neto<\/p>\n<p style=\"text-align: right;\">Editores do Dossi\u00ea<\/p>\n<p style=\"text-align: right;\">Dezembro de 2022.<\/p>\n<h4 class=\"tocSectionTitle\" style=\"text-align: justify;\">Artigos<\/h4>\n<div class=\"tocTitle\" style=\"text-align: justify;\"><a href=\"https:\/\/periodicos.ufpel.edu.br\/ojs2\/index.php\/HistRev\/article\/view\/24237\" target=\"_blank\" rel=\"noopener\">APRESENTA\u00c7\u00c3O<\/a><\/div>\n<div class=\"tocAuthors\">\n<p style=\"text-align: justify;\">Lorena Almeida Gill<\/p>\n<div class=\"tocTitle\" style=\"text-align: justify;\"><a href=\"https:\/\/periodicos.ufpel.edu.br\/ojs2\/index.php\/HistRev\/article\/view\/23711\" target=\"_blank\" rel=\"noopener\">TRAUMA E TESTEMUNHO EM GRAMA, DE KEUM SUK GENDRY-KIM: UM QUADRINHO SOBRE AS MULHERES DE CONFORTO<\/a><\/div>\n<div class=\"tocAuthors\">\n<p style=\"text-align: justify;\">Daniel Soares Duarte, Leticia Chrisostomo Bortt Moreira<\/p>\n<div class=\"tocTitle\" style=\"text-align: justify;\"><a href=\"https:\/\/periodicos.ufpel.edu.br\/ojs2\/index.php\/HistRev\/article\/view\/24221\" target=\"_blank\" rel=\"noopener\">SHAZAM: O PARADOXO DA JUVENTUDE<\/a><\/div>\n<div class=\"tocAuthors\">\n<p style=\"text-align: justify;\">Diego das Neves Ribeiro, Elbert de Oliveira Agostinho<\/p>\n<div class=\"tocTitle\" style=\"text-align: justify;\"><a href=\"https:\/\/periodicos.ufpel.edu.br\/ojs2\/index.php\/HistRev\/article\/view\/24222\" target=\"_blank\" rel=\"noopener\">QUANDO OS SUBALTERNIZADOS TOMAM AS CENAS: O CINEMA COMO FERRAMENTA PEDAG\u00d3GICA<\/a><\/div>\n<div class=\"tocAuthors\">\n<p style=\"text-align: justify;\">Carine Medineira Buss Flores, Erica Kirchhof Dias, Fernando Souto Dias Neto<\/p>\n<div class=\"tocTitle\" style=\"text-align: justify;\"><a href=\"https:\/\/periodicos.ufpel.edu.br\/ojs2\/index.php\/HistRev\/article\/view\/24225\" target=\"_blank\" rel=\"noopener\">O HORROR \u201cSOCIALMENTE RELEVANTE\u201d DA EC COMICS: UMA AN\u00c1LISE DA HIST\u00d3RIA EM QUADRINHOS \u201cTHE PATRIOTS\u201d DE 1952<\/a><\/div>\n<div class=\"tocAuthors\" style=\"text-align: justify;\">\n<p>Rodrigo Aparecido de Ara\u00fajo Pedroso, Rodrigo Cardoso Polatto<\/p>\n<\/div>\n<div class=\"tocTitle\" style=\"text-align: justify;\"><a href=\"https:\/\/periodicos.ufpel.edu.br\/ojs2\/index.php\/HistRev\/article\/view\/24229\" target=\"_blank\" rel=\"noopener\">GUERRA E SEXO EM LOST GIRLS, DE ALAN MOORE E MELINDA GEBBIE<\/a><\/div>\n<div class=\"tocAuthors\">\n<p style=\"text-align: justify;\">M\u00e1rcio dos Santos Rodrigues, Suellen Cordovil da Silva<\/p>\n<div class=\"tocTitle\" style=\"text-align: justify;\"><a href=\"https:\/\/periodicos.ufpel.edu.br\/ojs2\/index.php\/HistRev\/article\/view\/24227\" target=\"_blank\" rel=\"noopener\">DESTRUI\u00c7\u00c3O CRIATIVA NA CAPITAL INGLESA: O CASO V FOR VENDETTA<\/a><\/div>\n<div class=\"tocAuthors\">\n<p style=\"text-align: justify;\">Felipe Rad\u00fcnz Kr\u00fcger, Mario Marcello Neto, Artur Rodrigo Itaqui Lopes Filho<\/p>\n<\/div>\n<\/div>\n<div class=\"tocTitle\" style=\"text-align: justify;\"><a href=\"https:\/\/periodicos.ufpel.edu.br\/ojs2\/index.php\/HistRev\/article\/view\/24230\" target=\"_blank\" rel=\"noopener\">\u201cOS ASTROS DA 5\u00b0 COLUNA\u201d: REPRESS\u00c3O POLICIAL NO RIO GRANDE DO SUL DURANTE O GOVERNO DE GET\u00daLIO VARGAS (1930-1945)<\/a><\/div>\n<div class=\"tocAuthors\" style=\"text-align: justify;\">\n<p>Tamires Ferreira Soares<\/p>\n<\/div>\n<\/div>\n<\/div>\n<\/div>\n<\/div>\n<h4 class=\"tocSectionTitle\" style=\"text-align: justify;\">Instrumento de Trabalho<\/h4>\n<p style=\"text-align: justify;\"><a href=\"https:\/\/periodicos.ufpel.edu.br\/ojs2\/index.php\/HistRev\/article\/view\/24231\" target=\"_blank\" rel=\"noopener\">OS ESTATUTOS DA SOCIEDADE ITALIANA UNI\u00c3O E PHILANTROPIA EM PELOTAS (RS) (1877)<\/a><\/p>\n<div class=\"tocAuthors\" style=\"text-align: justify;\">Elisabeth da Rosa Conill<\/div>\n<p style=\"text-align: justify;\">\n","protected":false},"excerpt":{"rendered":"<p>A Hist\u00f3ria Atrav\u00e9s das M\u00eddias [confira os artigos ao final da p\u00e1gina] Prezado\/prezada leitor\/leitora, A presente edi\u00e7\u00e3o da Hist\u00f3ria em revista tem como objetivo principal refletir e analisar quest\u00f5es relacionados ao mundo das m\u00eddias &#8211; filmes, HQs, s\u00e9ries, games, entre outros. Nesse sentido, mesmo que o leitor n\u00e3o concorde completamente com as an\u00e1lises apresentadas pelos [&hellip;]<\/p>\n","protected":false},"author":718,"featured_media":0,"parent":0,"menu_order":0,"comment_status":"closed","ping_status":"closed","template":"","meta":{"jetpack_post_was_ever_published":false,"footnotes":""},"class_list":["post-3858","page","type-page","status-publish","hentry"],"jetpack_sharing_enabled":true,"jetpack_shortlink":"https:\/\/wp.me\/P9qy4R-10e","jetpack_likes_enabled":true,"jetpack-related-posts":[],"_links":{"self":[{"href":"https:\/\/wp.ufpel.edu.br\/ndh\/wp-json\/wp\/v2\/pages\/3858","targetHints":{"allow":["GET"]}}],"collection":[{"href":"https:\/\/wp.ufpel.edu.br\/ndh\/wp-json\/wp\/v2\/pages"}],"about":[{"href":"https:\/\/wp.ufpel.edu.br\/ndh\/wp-json\/wp\/v2\/types\/page"}],"author":[{"embeddable":true,"href":"https:\/\/wp.ufpel.edu.br\/ndh\/wp-json\/wp\/v2\/users\/718"}],"replies":[{"embeddable":true,"href":"https:\/\/wp.ufpel.edu.br\/ndh\/wp-json\/wp\/v2\/comments?post=3858"}],"version-history":[{"count":14,"href":"https:\/\/wp.ufpel.edu.br\/ndh\/wp-json\/wp\/v2\/pages\/3858\/revisions"}],"predecessor-version":[{"id":3874,"href":"https:\/\/wp.ufpel.edu.br\/ndh\/wp-json\/wp\/v2\/pages\/3858\/revisions\/3874"}],"wp:attachment":[{"href":"https:\/\/wp.ufpel.edu.br\/ndh\/wp-json\/wp\/v2\/media?parent=3858"}],"curies":[{"name":"wp","href":"https:\/\/api.w.org\/{rel}","templated":true}]}}