{"id":3650,"date":"2022-04-28T09:47:03","date_gmt":"2022-04-28T12:47:03","guid":{"rendered":"https:\/\/wp.ufpel.edu.br\/ndh\/?page_id=3650"},"modified":"2025-07-01T17:17:17","modified_gmt":"2025-07-01T20:17:17","slug":"famed-ufpel","status":"publish","type":"page","link":"https:\/\/wp.ufpel.edu.br\/ndh\/famed-ufpel\/","title":{"rendered":"FaMED &#8211; UFPel"},"content":{"rendered":"<p style=\"text-align: justify;\"><img data-recalc-dims=\"1\" loading=\"lazy\" decoding=\"async\" data-attachment-id=\"3656\" data-permalink=\"https:\/\/wp.ufpel.edu.br\/ndh\/famed-ufpel\/famed\/#main\" data-orig-file=\"https:\/\/i0.wp.com\/wp.ufpel.edu.br\/ndh\/files\/2022\/04\/famed.jpg?fit=745%2C488&amp;ssl=1\" data-orig-size=\"745,488\" data-comments-opened=\"0\" data-image-meta=\"{&quot;aperture&quot;:&quot;0&quot;,&quot;credit&quot;:&quot;&quot;,&quot;camera&quot;:&quot;&quot;,&quot;caption&quot;:&quot;&quot;,&quot;created_timestamp&quot;:&quot;0&quot;,&quot;copyright&quot;:&quot;&quot;,&quot;focal_length&quot;:&quot;0&quot;,&quot;iso&quot;:&quot;0&quot;,&quot;shutter_speed&quot;:&quot;0&quot;,&quot;title&quot;:&quot;&quot;,&quot;orientation&quot;:&quot;0&quot;}\" data-image-title=\"famed\" data-image-description=\"\" data-image-caption=\"\" data-medium-file=\"https:\/\/i0.wp.com\/wp.ufpel.edu.br\/ndh\/files\/2022\/04\/famed.jpg?fit=424%2C278&amp;ssl=1\" data-large-file=\"https:\/\/i0.wp.com\/wp.ufpel.edu.br\/ndh\/files\/2022\/04\/famed.jpg?fit=660%2C195&amp;ssl=1\" class=\"alignleft wp-image-3656 size-thumbnail\" src=\"https:\/\/i0.wp.com\/wp.ufpel.edu.br\/ndh\/files\/2022\/04\/famed.jpg?resize=212%2C139&#038;ssl=1\" alt=\"\" width=\"212\" height=\"139\" srcset=\"https:\/\/i0.wp.com\/wp.ufpel.edu.br\/ndh\/files\/2022\/04\/famed.jpg?resize=212%2C139&amp;ssl=1 212w, https:\/\/i0.wp.com\/wp.ufpel.edu.br\/ndh\/files\/2022\/04\/famed.jpg?resize=424%2C278&amp;ssl=1 424w, https:\/\/i0.wp.com\/wp.ufpel.edu.br\/ndh\/files\/2022\/04\/famed.jpg?resize=619%2C405&amp;ssl=1 619w, https:\/\/i0.wp.com\/wp.ufpel.edu.br\/ndh\/files\/2022\/04\/famed.jpg?w=745&amp;ssl=1 745w\" sizes=\"auto, (max-width: 212px) 100vw, 212px\" \/>Durante o ano de 2022 a Faculdade de Medicina de Pelotas prepara suas comemora\u00e7\u00f5es dos 60 anos de funda\u00e7\u00e3o. Uma das atividades \u00e9 compilar documenta\u00e7\u00e3o de cunho hist\u00f3rico encontrada na Faculdade e repass\u00e1-la para o N\u00facleo de Documenta\u00e7\u00e3o hist\u00f3rica da UFPel para sua higieniza\u00e7\u00e3o, digitaliza\u00e7\u00e3o e guarda. A medida que os documentos forem sendo digitalizados ser\u00e3o disponibilizados nesse espa\u00e7o.<\/p>\n<p style=\"text-align: justify;\"><a href=\"https:\/\/wp.ufpel.edu.br\/ndh\/files\/2023\/03\/pergaminho-ipesse-reduzida.png\" target=\"_blank\" rel=\"noopener\"><strong>1959. Ata de Funda\u00e7\u00e3o da Faculdade de Medicina de Pelotas (29.11.1959), assinada em solenidade ocorrida na Biblioteca P\u00fablica Pelotense, pelo Governador do Estado (Leonel Brizola), Prefeito Municipal (Adolfo Fetter), Bispo Diocesano (Dom Ant\u00f4nio Z\u00e1ttera), Reitor da UFRGS (Elisei Paglioli), Presidente do IPESSE (Oscar Echenique), entre outros.<\/strong><\/a><\/p>\n<p style=\"text-align: justify;\"><strong><a href=\"https:\/\/wp.ufpel.edu.br\/lho\/\" target=\"_blank\" rel=\"noopener\">Entrevista com o Dr. Naum Kaisermann (O Dr. Naum, como primeiro Diretor da Faculdade Leiga de Medicina de Pelotas, faz um relato sobre o processo de cria\u00e7\u00e3o da Faculdade de Medicina [&#8230;])<\/a><\/strong><\/p>\n<p style=\"text-align: justify;\"><a href=\"https:\/\/wp.ufpel.edu.br\/acervosdocumentaisndh\/files\/2022\/06\/2.-FAMED-Resumo-historico-produzido-pelo-IPESSE.pdf\" target=\"_blank\" rel=\"noopener\"><strong>Resumo hist\u00f3rico produzido pelo IPESSE (Institui\u00e7\u00e3o Pr\u00f3-Ensino Superior no Sul do Estado) sobre a cria\u00e7\u00e3o da Faculdade de Medicina (s.d.)<\/strong><\/a><\/p>\n<p style=\"text-align: justify;\"><strong><a href=\"https:\/\/wp.ufpel.edu.br\/acervosdocumentaisndh\/files\/2022\/06\/1.1.-Datas-principais-da-criacao-da-FAMED.pdf\" target=\"_blank\" rel=\"noopener\">Datas principais da cria\u00e7\u00e3o da FAMED (s.d.)<\/a><\/strong><\/p>\n<p style=\"text-align: justify;\"><a href=\"https:\/\/wp.ufpel.edu.br\/acervosdocumentaisndh\/files\/2022\/06\/1962.-Ata-Primeira-Reuniao-da-congregacao-da-Faculdade-de-medicina-9.4.1962.pdf\" target=\"_blank\" rel=\"noopener\"><strong>Ata Primeira Reuni\u00e3o da congrega\u00e7\u00e3o da Faculdade de medicina (9.4.1962)<\/strong><\/a><\/p>\n<p style=\"text-align: justify;\"><a href=\"https:\/\/wp.ufpel.edu.br\/acervosdocumentaisndh\/files\/2022\/06\/1962.-Oficio-e-anexos-ao-MEC-autorizacao-de-Funcionamento-1.-B.-Oficio.pdf\" target=\"_blank\" rel=\"noopener\"><strong>Of\u00edcio de Encaminhamento ao Minist\u00e9rio de Estado dos Neg\u00f3cios da Educa\u00e7\u00e3o e Cultura solicitando autoriza\u00e7\u00e3o de funcionamento da Faculdade de Medicina (e anexos) (12.06,1962)<\/strong><\/a><\/p>\n<ul style=\"text-align: justify;\">\n<li style=\"text-align: justify;\"><a href=\"https:\/\/wp.ufpel.edu.br\/acervosdocumentaisndh\/files\/2022\/06\/1962.-Oficio-e-anexos-ao-MEC-autorizacao-de-Funcionamento-1.1.-Entidade-Mantenedora.pdf\" target=\"_blank\" rel=\"noopener\"><strong>1962. Of\u00edcio e anexos ao MEC (autoriza\u00e7\u00e3o de Funcionamento) &#8211; 1.1. Entidade Mantenedora<\/strong><\/a><\/li>\n<li style=\"text-align: justify;\"><a href=\"https:\/\/wp.ufpel.edu.br\/acervosdocumentaisndh\/files\/2022\/06\/1962.-Oficio-e-anexos-ao-MEC-autorizacao-de-Funcionamento-2.-Minuta-de-regimento-da-FAMED.pdf\" target=\"_blank\" rel=\"noopener\"><strong>1962. Of\u00edcio e anexos ao MEC (autoriza\u00e7\u00e3o de Funcionamento) &#8211; 2. Minuta de regimento da FAMED<\/strong><\/a><\/li>\n<li><a href=\"https:\/\/wp.ufpel.edu.br\/acervosdocumentaisndh\/files\/2022\/06\/1962.-Oficio-e-anexos-ao-MEC-autorizacao-de-Funcionamento-3.1.-Curriculo-Lauro-de-Castro-Beltrao.pdf\" target=\"_blank\" rel=\"noopener\"><strong>1962. Of\u00edcio e anexos ao MEC (autoriza\u00e7\u00e3o de Funcionamento) &#8211; 3.1. Curr\u00edculo Lauro de Castro Beltr\u00e3o<\/strong><\/a><\/li>\n<li><a href=\"https:\/\/wp.ufpel.edu.br\/acervosdocumentaisndh\/files\/2022\/06\/1962.-Oficio-e-anexos-ao-MEC-autorizacao-de-Funcionamento-3.2.-Curriculo-Fernando-Luis-Osorio.pdf\" target=\"_blank\" rel=\"noopener\"><strong>1962. Of\u00edcio e anexos ao MEC (autoriza\u00e7\u00e3o de Funcionamento) &#8211; 3.2. Curr\u00edculo Fernando Luis Os\u00f3rio<\/strong><\/a><\/li>\n<li><a href=\"https:\/\/wp.ufpel.edu.br\/acervosdocumentaisndh\/files\/2022\/06\/1962.-Oficio-e-anexos-ao-MEC-autorizacao-de-Funcionamento-3.3.-Curriculo-Naum-Keiserman.pdf\" target=\"_blank\" rel=\"noopener\"><strong>1962. Of\u00edcio e anexos ao MEC (autoriza\u00e7\u00e3o de Funcionamento) &#8211; 3.3. Curr\u00edculo Naum Keiserman<\/strong><\/a><\/li>\n<li><a href=\"https:\/\/wp.ufpel.edu.br\/acervosdocumentaisndh\/files\/2022\/06\/1962.-Oficio-e-anexos-ao-MEC-autorizacao-de-Funcionamento-3.4.-Curriculo-Altino-da-Costa-Mariante.pdf\" target=\"_blank\" rel=\"noopener\"><strong>1962. Of\u00edcio e anexos ao MEC (autoriza\u00e7\u00e3o de Funcionamento) &#8211; 3.4. Curr\u00edculo Altino da Costa Mariante<\/strong><\/a><\/li>\n<li><strong><a href=\"https:\/\/wp.ufpel.edu.br\/acervosdocumentaisndh\/files\/2022\/06\/1962.-Oficio-e-anexos-ao-MEC-autorizacao-de-Funcionamento-3.5.-Curriculo-Marcondes-Dias-Ribeiro.pdf\" target=\"_blank\" rel=\"noopener\">1962. Of\u00edcio e anexos ao MEC (autoriza\u00e7\u00e3o de Funcionamento) &#8211; 3.5. Curr\u00edculo Marcondes Dias Ribeiro<\/a><\/strong><\/li>\n<li><a href=\"https:\/\/wp.ufpel.edu.br\/acervosdocumentaisndh\/files\/2022\/06\/1962.-Oficio-e-anexos-ao-MEC-autorizacao-de-Funcionamento-3.6.-Curriculo-Alberto-Gomes-Maia.pdf\" target=\"_blank\" rel=\"noopener\"><strong>1962. Of\u00edcio e anexos ao MEC (autoriza\u00e7\u00e3o de Funcionamento) &#8211; 3.6. Curr\u00edculo Alberto Gomes Maia<\/strong><\/a><\/li>\n<li><a href=\"https:\/\/wp.ufpel.edu.br\/acervosdocumentaisndh\/files\/2022\/06\/1962.-Oficio-e-anexos-ao-MEC-autorizacao-de-Funcionamento-3.7.-Curriculo-Dyrio-Gorgot.pdf\" target=\"_blank\" rel=\"noopener\"><strong>1962. Of\u00edcio e anexos ao MEC (autoriza\u00e7\u00e3o de Funcionamento) &#8211; 3.7. Curr\u00edculo Dyrio Gorgot<\/strong><\/a><\/li>\n<li><a href=\"https:\/\/wp.ufpel.edu.br\/acervosdocumentaisndh\/files\/2022\/06\/1962.-Oficio-e-anexos-ao-MEC-autorizacao-de-Funcionamento-3.8.-Curriculo-Fernando-Carpena-Alves.pdf\" target=\"_blank\" rel=\"noopener\"><strong>1962. Of\u00edcio e anexos ao MEC (autoriza\u00e7\u00e3o de Funcionamento) &#8211; 3.8. Curr\u00edculo Fernando Carpena Alves<\/strong><\/a><\/li>\n<li><a href=\"https:\/\/wp.ufpel.edu.br\/acervosdocumentaisndh\/files\/2022\/06\/1962.-Oficio-e-anexos-ao-MEC-autorizacao-de-Funcionamento-3.9.-Curriculo-Washington-Luiz-Tafuri.pdf\" target=\"_blank\" rel=\"noopener\"><strong>1962. Of\u00edcio e anexos ao MEC (autoriza\u00e7\u00e3o de Funcionamento) &#8211; 3.9. Curr\u00edculo Washington Luiz Tafuri<\/strong><\/a><\/li>\n<li><a href=\"https:\/\/wp.ufpel.edu.br\/acervosdocumentaisndh\/files\/2022\/06\/1962.-Oficio-e-anexos-ao-MEC-autorizacao-de-Funcionamento-3.10.-Curriculo-Amilcar-Goyeneix-Gigante.pdf\" target=\"_blank\" rel=\"noopener\"><strong>1962. Of\u00edcio e anexos ao MEC (autoriza\u00e7\u00e3o de Funcionamento) &#8211; 3.10. Curr\u00edculo Amilcar Goyeneix Gigante<\/strong><\/a><\/li>\n<li><a href=\"https:\/\/wp.ufpel.edu.br\/acervosdocumentaisndh\/files\/2022\/06\/1962.-Oficio-e-anexos-ao-MEC-autorizacao-de-Funcionamento-3.11.-Curriculo-Jose-do-Amaral-Braga-Filho.pdf\" target=\"_blank\" rel=\"noopener\"><strong>1962. Of\u00edcio e anexos ao MEC (autoriza\u00e7\u00e3o de Funcionamento) &#8211; 3.11. Curr\u00edculo Jos\u00e9 do Amaral Braga Filho<\/strong><\/a><\/li>\n<li><a href=\"https:\/\/wp.ufpel.edu.br\/acervosdocumentaisndh\/files\/2022\/06\/1962.-Oficio-e-anexos-ao-MEC-autorizacao-de-Funcionamento-3.12.-Curriculo-Guilherme-Procianoy.pdf\" target=\"_blank\" rel=\"noopener\"><strong>1962. Of\u00edcio e anexos ao MEC (autoriza\u00e7\u00e3o de Funcionamento) &#8211; 3.12. Curr\u00edculo Guilherme Procianoy<\/strong><\/a><\/li>\n<li><a href=\"https:\/\/wp.ufpel.edu.br\/acervosdocumentaisndh\/files\/2022\/06\/1962.-Oficio-e-anexos-ao-MEC-autorizacao-de-Funcionamento-3.13.-Curriculo-Paulo-Crespo-Ribeiro.pdf\" target=\"_blank\" rel=\"noopener\"><strong>1962. Of\u00edcio e anexos ao MEC (autoriza\u00e7\u00e3o de Funcionamento) &#8211; 3.13. Curr\u00edculo Paulo Crespo Ribeiro<\/strong><\/a><\/li>\n<li><a href=\"https:\/\/wp.ufpel.edu.br\/acervosdocumentaisndh\/files\/2022\/06\/1962.-Oficio-e-anexos-ao-MEC-autorizacao-de-Funcionamento-3.14.-Curriculo-Jose-Domingos-de-Assis.pdf\" target=\"_blank\" rel=\"noopener\"><strong>1962. Of\u00edcio e anexos ao MEC (autoriza\u00e7\u00e3o de Funcionamento) &#8211; 3.14. Curr\u00edculo Jos\u00e9 Domingos de Assis<\/strong><\/a><\/li>\n<li><a href=\"https:\/\/wp.ufpel.edu.br\/acervosdocumentaisndh\/files\/2022\/06\/1962.-Oficio-e-anexos-ao-MEC-autorizacao-de-Funcionamento-3.15.-Curriculo-Mario-Ferreira-Coutinho.pdf\" target=\"_blank\" rel=\"noopener\"><strong>1962. Of\u00edcio e anexos ao MEC (autoriza\u00e7\u00e3o de Funcionamento) &#8211; 3.15. Curr\u00edculo M\u00e1rio Ferreira Coutinho<\/strong><\/a><\/li>\n<li><a href=\"https:\/\/wp.ufpel.edu.br\/acervosdocumentaisndh\/files\/2022\/06\/1962.-Oficio-e-anexos-ao-MEC-autorizacao-de-Funcionamento-3.16.-Curriculo-Jaquim-da-Silva-Nunes.pdf\" target=\"_blank\" rel=\"noopener\"><strong>1962. Of\u00edcio e anexos ao MEC (autoriza\u00e7\u00e3o de Funcionamento) &#8211; 3.16. Curr\u00edculo Jaquim da Silva Nunes<\/strong><\/a><\/li>\n<li><a href=\"https:\/\/wp.ufpel.edu.br\/acervosdocumentaisndh\/files\/2022\/06\/1962.-Oficio-e-anexos-ao-MEC-autorizacao-de-Funcionamento-3.17.-Curriculo-Sydney-Castagno.pdf\" target=\"_blank\" rel=\"noopener\"><strong>1962. Of\u00edcio e anexos ao MEC (autoriza\u00e7\u00e3o de Funcionamento) &#8211; 3.17. Curr\u00edculo Sydney Castagno<\/strong><\/a><\/li>\n<li><a href=\"https:\/\/wp.ufpel.edu.br\/acervosdocumentaisndh\/files\/2022\/06\/1962.-Oficio-e-anexos-ao-MEC-autorizacao-de-Funcionamento-3.18.-Curriculo-Isaac-Levin-Piltcher.pdf\" target=\"_blank\" rel=\"noopener\"><strong>1962. Of\u00edcio e anexos ao MEC (autoriza\u00e7\u00e3o de Funcionamento) &#8211; 3.18. Curr\u00edculo Isaac Levin Piltcher<\/strong><\/a><\/li>\n<li><a href=\"https:\/\/wp.ufpel.edu.br\/acervosdocumentaisndh\/files\/2022\/06\/1962.-Oficio-e-anexos-ao-MEC-autorizacao-de-Funcionamento-3.19.-Curriculo-Miguel-Levin-Piltcher.pdf\" target=\"_blank\" rel=\"noopener\"><strong>1962. Of\u00edcio e anexos ao MEC (autoriza\u00e7\u00e3o de Funcionamento) &#8211; 3.19. Curr\u00edculo Miguel Levin Piltcher<\/strong><\/a><\/li>\n<li><a href=\"https:\/\/wp.ufpel.edu.br\/acervosdocumentaisndh\/files\/2022\/06\/1962.-Oficio-e-anexos-ao-MEC-autorizacao-de-Funcionamento-3.20.-Curriculo-Vinicius-Belchior-Salengue.pdf\" target=\"_blank\" rel=\"noopener\"><strong>1962. Of\u00edcio e anexos ao MEC (autoriza\u00e7\u00e3o de Funcionamento) &#8211; 3.20. Curr\u00edculo Vinicius Belchior Salengue<\/strong><\/a><\/li>\n<li><a href=\"https:\/\/wp.ufpel.edu.br\/acervosdocumentaisndh\/files\/2022\/06\/1962.-Oficio-e-anexos-ao-MEC-autorizacao-de-Funcionamento-3.21.-Curriculo-Ernani-Saldanha-de-Camargo.pdf\" target=\"_blank\" rel=\"noopener\"><strong>1962. Of\u00edcio e anexos ao MEC (autoriza\u00e7\u00e3o de Funcionamento) &#8211; 3.21. Curr\u00edculo Ernani Saldanha de Camargo<\/strong><\/a><\/li>\n<li><a href=\"https:\/\/wp.ufpel.edu.br\/acervosdocumentaisndh\/files\/2022\/06\/1962.-Oficio-e-anexos-ao-MEC-autorizacao-de-Funcionamento-3.22.-Curriculo-Jose-Ludovico-Maffei.pdf\" target=\"_blank\" rel=\"noopener\"><strong>1962. Of\u00edcio e anexos ao MEC (autoriza\u00e7\u00e3o de Funcionamento) &#8211; 3.22. Curr\u00edculo Jos\u00e9 Ludovico Maffei<\/strong><\/a><\/li>\n<li><a href=\"https:\/\/wp.ufpel.edu.br\/acervosdocumentaisndh\/files\/2022\/06\/1962.-Oficio-e-anexos-ao-MEC-autorizacao-de-Funcionamento-4.-Ato-de-Fundacao-da-FAMED-novembro-de-1959.pdf\" target=\"_blank\" rel=\"noopener\"><strong>1962. Of\u00edcio e anexos ao MEC (autoriza\u00e7\u00e3o de Funcionamento) &#8211; 4. Ato de Funda\u00e7\u00e3o da FAMED novembro de 1959<\/strong><\/a><\/li>\n<li><a href=\"https:\/\/wp.ufpel.edu.br\/acervosdocumentaisndh\/files\/2022\/06\/1962.-Oficio-e-anexos-ao-MEC-autorizacao-de-Funcionamento-5.-Recursos-financeiros-IPESSE.pdf\" target=\"_blank\" rel=\"noopener\"><strong>1962. Of\u00edcio e anexos ao MEC (autoriza\u00e7\u00e3o de Funcionamento) &#8211; 5. Recursos financeiros IPESSE<\/strong><\/a><\/li>\n<li><a href=\"https:\/\/wp.ufpel.edu.br\/acervosdocumentaisndh\/files\/2022\/06\/1962.-Oficio-e-anexos-ao-MEC-autorizacao-de-Funcionamento-6.-Relacao-de-livros-da-biblioteca.pdf\" target=\"_blank\" rel=\"noopener\"><strong>1962. Of\u00edcio e anexos ao MEC (autoriza\u00e7\u00e3o de Funcionamento) &#8211; 6. Rela\u00e7\u00e3o de livros da biblioteca<\/strong><\/a><\/li>\n<li><a href=\"https:\/\/wp.ufpel.edu.br\/acervosdocumentaisndh\/files\/2022\/06\/1962.-Oficio-e-anexos-ao-MEC-autorizacao-de-Funcionamento-7.-Dados-estatisticos-da-cidade-de-Pelotas.pdf\" target=\"_blank\" rel=\"noopener\"><strong>1962. Of\u00edcio e anexos ao MEC (autoriza\u00e7\u00e3o de Funcionamento) &#8211; 7. Dados estat\u00edsticos da cidade de Pelotas<\/strong><\/a><\/li>\n<li><a href=\"https:\/\/wp.ufpel.edu.br\/acervosdocumentaisndh\/files\/2022\/06\/1962.-Oficio-e-anexos-ao-MEC-autorizacao-de-Funcionamento-8.-Relacao-de-candidatos-nos-exames-vestibulares-da-FAMED.pdf\" target=\"_blank\" rel=\"noopener\"><strong>1962. Of\u00edcio e anexos ao MEC (autoriza\u00e7\u00e3o de Funcionamento) &#8211; 8. Rela\u00e7\u00e3o de candidatos nos exames vestibulares da FAMED<\/strong><\/a><\/li>\n<li><a href=\"https:\/\/wp.ufpel.edu.br\/acervosdocumentaisndh\/files\/2022\/06\/1962.-Oficio-e-anexos-ao-MEC-autorizacao-de-Funcionamento-8.1.-Adendo-ao-oficio-inicial-solicitacao-de-inclusao-de-documentos.pdf\" target=\"_blank\" rel=\"noopener\"><strong>1962. Of\u00edcio e anexos ao MEC (autoriza\u00e7\u00e3o de Funcionamento) &#8211; 8.1. Adendo ao of\u00edcio inicial solicita\u00e7\u00e3o de inclus\u00e3o de documentos<\/strong><\/a><\/li>\n<li><a href=\"https:\/\/wp.ufpel.edu.br\/acervosdocumentaisndh\/files\/2022\/06\/1962.-Oficio-e-anexos-ao-MEC-autorizacao-de-Funcionamento-8.2.-Convenio-entre-IPESSE-e-Sanatorio-Sao-Miguel.pdf\" target=\"_blank\" rel=\"noopener\"><strong>1962. Of\u00edcio e anexos ao MEC (autoriza\u00e7\u00e3o de Funcionamento) &#8211; 8.2. Conv\u00eanio entre IPESSE e Sanat\u00f3rio S\u00e3o Miguel<\/strong><\/a><\/li>\n<li><a href=\"https:\/\/wp.ufpel.edu.br\/acervosdocumentaisndh\/files\/2022\/06\/1962.-Oficio-e-anexos-ao-MEC-autorizacao-de-Funcionamento-8.3.-Complementacao-de-informacoes-ao-processo.pdf\" target=\"_blank\" rel=\"noopener\"><strong>1962. Of\u00edcio e anexos ao MEC (autoriza\u00e7\u00e3o de Funcionamento) &#8211; 8.3. Complementa\u00e7\u00e3o de informa\u00e7\u00f5es ao processo<\/strong><\/a><\/li>\n<li style=\"text-align: justify;\"><a href=\"https:\/\/wp.ufpel.edu.br\/acervosdocumentaisndh\/files\/2022\/06\/1962.-Oficio-e-anexos-ao-MEC-autorizacao-de-Funcionamento-8.4.-Adendo-ao-oficio-inicial-solicitacao-de-inclusao-de-documentos.pdf\" target=\"_blank\" rel=\"noopener\"><strong>1962. Of\u00edcio e anexos ao MEC (autoriza\u00e7\u00e3o de Funcionamento) &#8211; 8.4. Adendo ao of\u00edcio inicial solicita\u00e7\u00e3o de inclus\u00e3o de documentos<\/strong><\/a><\/li>\n<li><a href=\"https:\/\/wp.ufpel.edu.br\/acervosdocumentaisndh\/files\/2022\/06\/1962.-Oficio-e-anexos-ao-MEC-autorizacao-de-Funcionamento-8.5.-Convenio-entre-IPESSE-e-Sanatorio-Espirita-de-Pelotas.pdf\" target=\"_blank\" rel=\"noopener\"><strong>1962. Of\u00edcio e anexos ao MEC (autoriza\u00e7\u00e3o de Funcionamento) &#8211; 8.5. Conv\u00eanio entre IPESSE e Sanat\u00f3rio Esp\u00edrita de Pelotas<\/strong><\/a><\/li>\n<\/ul>\n<p style=\"text-align: justify;\"><a href=\"https:\/\/wp.ufpel.edu.br\/acervosdocumentaisndh\/files\/2022\/06\/1963.-Decreto-Presidencial-51.884-de-3.4.1963-autorizacao-de-funcionamento-FAMED.pdf\" target=\"_blank\" rel=\"noopener\"><strong>1963. Decreto Presidencial 51.884 de 3.4.1963 autoriza\u00e7\u00e3o de funcionamento FAMED<\/strong><\/a><\/p>\n<p style=\"text-align: justify;\"><a href=\"https:\/\/wp.ufpel.edu.br\/acervosdocumentaisndh\/files\/2022\/06\/1963.-Parecer-63-da-comissao-de-ensino-superior-regimento-da-FAMED.pdf\" target=\"_blank\" rel=\"noopener\"><strong>1963. Parecer 66 da comiss\u00e3o de ensino superior regimento da FAMED s.d.<\/strong><\/a><\/p>\n<p><a href=\"https:\/\/wp.ufpel.edu.br\/ndh\/files\/2023\/03\/gleide.pdf\" target=\"_blank\" rel=\"noopener\"><strong>1963. Acervo particular da Dra. Gleide Bertinetti Bandeira (primeira turma de formandos)<\/strong><\/a><\/p>\n<p style=\"text-align: justify;\"><a href=\"https:\/\/wp.ufpel.edu.br\/acervosdocumentaisndh\/files\/2022\/06\/1978.-Convite-Reitoria-UFPel-posse-dos-diretores-da-FAMED-e-IFM-12.6.1978.pdf\" target=\"_blank\" rel=\"noopener\"><strong>1978. Convite Reitoria UFPel posse dos diretores da FAMED e IFM 12.6.1978<\/strong><\/a><\/p>\n<p style=\"text-align: justify;\"><a href=\"https:\/\/wp.ufpel.edu.br\/acervosdocumentaisndh\/files\/2022\/06\/1978.-Projeto-de-Lei-de-incorporacao-da-FAMED-a-UFPEL.pdf\" target=\"_blank\" rel=\"noopener\"><strong>1978. Projeto de Lei de incorpora\u00e7\u00e3o da FAMED \u00e0 UFPEL<\/strong><\/a><\/p>\n<p style=\"text-align: justify;\"><a href=\"https:\/\/wp.ufpel.edu.br\/acervosdocumentaisndh\/files\/2022\/06\/1979.-Dados-sobre-a-vinculacao-do-HE-a-FAMED-e-a-Beneficencia-Portuguesa-leitos-profissionais-etc.-19.07.1979.pdf\" target=\"_blank\" rel=\"noopener\"><strong>1979. Dados sobre a vincula\u00e7\u00e3o do HE \u00e0 FAMED e \u00e0 Benefic\u00eancia Portuguesa (leitos, profissionais, etc.) 19.07.1979<\/strong><\/a><\/p>\n<p style=\"text-align: justify;\"><a href=\"https:\/\/wp.ufpel.edu.br\/acervosdocumentaisndh\/files\/2022\/06\/1979.-Memorando-circular-05.79-Quantitativo-de-docentes.pdf\" target=\"_blank\" rel=\"noopener\"><strong>1979. Memorando-circular 05.79 Quantitativo de docentes<\/strong><\/a><\/p>\n<p style=\"text-align: justify;\"><a href=\"https:\/\/wp.ufpel.edu.br\/acervosdocumentaisndh\/files\/2022\/06\/1979.-Quantitativo-de-estudantes-e-formados-entre-1963-e-1979.pdf\" target=\"_blank\" rel=\"noopener\"><strong>1979. Quantitativo de estudantes e formados entre 1963 e 1979 s.d.<\/strong><\/a><\/p>\n<p style=\"text-align: justify;\"><a href=\"https:\/\/wp.ufpel.edu.br\/acervosdocumentaisndh\/files\/2022\/06\/1979.-Quantitativos-HE-UFPel-receitas-despesas-servidores-estagiarios-medicos-etc.-de-1976-a-1979.pdf\" target=\"_blank\" rel=\"noopener\"><strong>1979. Quantitativos HE-UFPel (receitas, despesas, servidores, estagi\u00e1rios, m\u00e9dicos, interna\u00e7\u00f5es, atendimento ambulatorial, cirurgias, leitos, exames, ocupa\u00e7\u00e3o, indice de mortalidade) de 1976 a 1979<\/strong><\/a><\/p>\n<p style=\"text-align: justify;\"><a href=\"https:\/\/wp.ufpel.edu.br\/acervosdocumentaisndh\/files\/2022\/06\/1980.-Artigo-publicado-no-Diario-Popular-por-decorrencia-do-Dia-do-Medico-pela-direcao-da-FAMED-18.10.1980.pdf\" target=\"_blank\" rel=\"noopener\"><strong>1980. Artigo publicado no Di\u00e1rio Popular, por decorr\u00eancia do Dia do M\u00e9dico, pela dire\u00e7\u00e3o da FAMED 18.10.1980<\/strong><\/a><\/p>\n<p><a href=\"https:\/\/wp.ufpel.edu.br\/ndh\/files\/2024\/09\/Um-momento-doutorandos-Amilcar-G.-Gigante.pdf\" target=\"_blank\" rel=\"noopener\"><strong>1983. Um momento, doutorandos! Livro de Am\u00edlcar G. Gigante, Professor da FAMED e ex-Reitor da UFPel sobre a pr\u00e1tica m\u00e9dicas, \u00e9tica, ci~encia e estudo da medicina em fins da d\u00e9cada de 1970 e in\u00edcio dos anos 1980.<\/strong><\/a><\/p>\n<p style=\"text-align: justify;\"><a href=\"https:\/\/wp.ufpel.edu.br\/acervosdocumentaisndh\/files\/2022\/06\/S.D.-Espacos-fisicos-das-salas-do-Hospital-Escola-provavelmente-1979.pdf\" target=\"_blank\" rel=\"noopener\"><strong>S.D. &#8211; Espa\u00e7os f\u00edsicos das salas do Hospital Escola (provavelmente 1979)<\/strong><\/a><\/p>\n<p style=\"text-align: justify;\"><strong><a href=\"https:\/\/wp.ufpel.edu.br\/ndh\/files\/2022\/04\/ata01dmsfamed.pdf\" target=\"_blank\" rel=\"noopener\">Livro Ata 01 do Departamento de Medicina Geral (1975-1980)<\/a><\/strong><\/p>\n<p style=\"text-align: justify;\"><strong><a href=\"https:\/\/wp.ufpel.edu.br\/ndh\/files\/2022\/04\/ata02dmsfamed.pdf\" target=\"_blank\" rel=\"noopener\">Livro Ata 02 do Departamento de Medicina Geral (1981-1984)<\/a><\/strong><\/p>\n<p><strong><a href=\"https:\/\/wp.ufpel.edu.br\/ndh\/files\/2025\/02\/diplomas.pdf\" target=\"_blank\" rel=\"noopener\">IPESSE &#8211; Livro de Registro de Diplomas 1 &#8211; Faculdade de Medicina<\/a><\/strong><\/p>\n<p><strong><a href=\"https:\/\/wp.ufpel.edu.br\/ndh\/files\/2025\/06\/Livro-de-registro-de-diplomas-02.pdf\" target=\"_blank\" rel=\"noopener\">UFPEL &#8211; Livro de Registro de Diplomas 2 &#8211; Faculdade de Medicina<\/a><\/strong><\/p>\n<p><a href=\"https:\/\/wp.ufpel.edu.br\/ndh\/files\/2025\/07\/livro-diplomas-3.pdf\" target=\"_blank\" rel=\"noopener\"><strong>UFPEL- Livro de Registro de Diplomas 3 &#8211; Faculdade de Medicina<\/strong><\/a><\/p>\n<p>&nbsp;<\/p>\n<ul>\n<li><span style=\"font-size: 8pt; color: #808080;\">Este espa\u00e7o estar\u00e1 em constante atualiza\u00e7\u00e3o<\/span><\/li>\n<\/ul>\n","protected":false},"excerpt":{"rendered":"<p>Durante o ano de 2022 a Faculdade de Medicina de Pelotas prepara suas comemora\u00e7\u00f5es dos 60 anos de funda\u00e7\u00e3o. Uma das atividades \u00e9 compilar documenta\u00e7\u00e3o de cunho hist\u00f3rico encontrada na Faculdade e repass\u00e1-la para o N\u00facleo de Documenta\u00e7\u00e3o hist\u00f3rica da UFPel para sua higieniza\u00e7\u00e3o, digitaliza\u00e7\u00e3o e guarda. A medida que os documentos forem sendo digitalizados [&hellip;]<\/p>\n","protected":false},"author":718,"featured_media":0,"parent":0,"menu_order":0,"comment_status":"closed","ping_status":"closed","template":"","meta":{"jetpack_post_was_ever_published":false,"footnotes":""},"class_list":["post-3650","page","type-page","status-publish","hentry"],"jetpack_sharing_enabled":true,"jetpack_shortlink":"https:\/\/wp.me\/P9qy4R-WS","jetpack_likes_enabled":true,"jetpack-related-posts":[],"_links":{"self":[{"href":"https:\/\/wp.ufpel.edu.br\/ndh\/wp-json\/wp\/v2\/pages\/3650","targetHints":{"allow":["GET"]}}],"collection":[{"href":"https:\/\/wp.ufpel.edu.br\/ndh\/wp-json\/wp\/v2\/pages"}],"about":[{"href":"https:\/\/wp.ufpel.edu.br\/ndh\/wp-json\/wp\/v2\/types\/page"}],"author":[{"embeddable":true,"href":"https:\/\/wp.ufpel.edu.br\/ndh\/wp-json\/wp\/v2\/users\/718"}],"replies":[{"embeddable":true,"href":"https:\/\/wp.ufpel.edu.br\/ndh\/wp-json\/wp\/v2\/comments?post=3650"}],"version-history":[{"count":46,"href":"https:\/\/wp.ufpel.edu.br\/ndh\/wp-json\/wp\/v2\/pages\/3650\/revisions"}],"predecessor-version":[{"id":4676,"href":"https:\/\/wp.ufpel.edu.br\/ndh\/wp-json\/wp\/v2\/pages\/3650\/revisions\/4676"}],"wp:attachment":[{"href":"https:\/\/wp.ufpel.edu.br\/ndh\/wp-json\/wp\/v2\/media?parent=3650"}],"curies":[{"name":"wp","href":"https:\/\/api.w.org\/{rel}","templated":true}]}}