{"id":3494,"date":"2022-03-09T10:05:14","date_gmt":"2022-03-09T13:05:14","guid":{"rendered":"https:\/\/wp.ufpel.edu.br\/ndh\/?page_id=3494"},"modified":"2022-03-09T10:05:14","modified_gmt":"2022-03-09T13:05:14","slug":"album","status":"publish","type":"page","link":"https:\/\/wp.ufpel.edu.br\/ndh\/album\/","title":{"rendered":"\u00c1lbum de Pelotas de 1922"},"content":{"rendered":"<p style=\"text-align: justify\">No ano de 1922, por conta da comemora\u00e7\u00e3o do primeiro centen\u00e1rio da Independ\u00eancia do Brasil, foi editado o &#8220;\u00c1lbum de Pelotas de 1922&#8221;, cujo conte\u00fado abarcou aspectos culturais, econ\u00f4micos, pol\u00edticos, geogr\u00e1ficos e sociais da cidade \u00e0quela \u00e9poca.<\/p>\n<p style=\"text-align: justify\"><img data-recalc-dims=\"1\" loading=\"lazy\" decoding=\"async\" data-attachment-id=\"3496\" data-permalink=\"https:\/\/wp.ufpel.edu.br\/ndh\/album\/engenho-sao-goncalo\/#main\" data-orig-file=\"https:\/\/i0.wp.com\/wp.ufpel.edu.br\/ndh\/files\/2022\/03\/engenho-sao-goncalo.png?fit=600%2C852&amp;ssl=1\" data-orig-size=\"600,852\" data-comments-opened=\"0\" data-image-meta=\"{&quot;aperture&quot;:&quot;0&quot;,&quot;credit&quot;:&quot;&quot;,&quot;camera&quot;:&quot;&quot;,&quot;caption&quot;:&quot;&quot;,&quot;created_timestamp&quot;:&quot;0&quot;,&quot;copyright&quot;:&quot;&quot;,&quot;focal_length&quot;:&quot;0&quot;,&quot;iso&quot;:&quot;0&quot;,&quot;shutter_speed&quot;:&quot;0&quot;,&quot;title&quot;:&quot;&quot;,&quot;orientation&quot;:&quot;0&quot;}\" data-image-title=\"engenho s\u00e3o gon\u00e7alo\" data-image-description=\"\" data-image-caption=\"\" data-medium-file=\"https:\/\/i0.wp.com\/wp.ufpel.edu.br\/ndh\/files\/2022\/03\/engenho-sao-goncalo.png?fit=224%2C318&amp;ssl=1\" data-large-file=\"https:\/\/i0.wp.com\/wp.ufpel.edu.br\/ndh\/files\/2022\/03\/engenho-sao-goncalo.png?fit=600%2C220&amp;ssl=1\" class=\"alignleft size-medium wp-image-3496\" src=\"https:\/\/i0.wp.com\/wp.ufpel.edu.br\/ndh\/files\/2022\/03\/engenho-sao-goncalo.png?resize=224%2C318&#038;ssl=1\" alt=\"\" width=\"224\" height=\"318\" srcset=\"https:\/\/i0.wp.com\/wp.ufpel.edu.br\/ndh\/files\/2022\/03\/engenho-sao-goncalo.png?resize=224%2C318&amp;ssl=1 224w, https:\/\/i0.wp.com\/wp.ufpel.edu.br\/ndh\/files\/2022\/03\/engenho-sao-goncalo.png?resize=112%2C159&amp;ssl=1 112w, https:\/\/i0.wp.com\/wp.ufpel.edu.br\/ndh\/files\/2022\/03\/engenho-sao-goncalo.png?w=600&amp;ssl=1 600w\" sizes=\"auto, (max-width: 224px) 100vw, 224px\" \/>Al\u00e9m de textos, ele \u00e9 rico em imagens, gravuras e p\u00e1ginas publicit\u00e1rias. Nele \u00e9 poss\u00edvel acessar cr\u00f4nicas, poesias e manifesta\u00e7\u00f5es de figuras proeminentes da &#8220;Princesa do Sul&#8221; do come\u00e7o do s\u00e9culo XX.<\/p>\n<p style=\"text-align: justify\">Pelo conte\u00fado, atualmente reveste-se de fonte hist\u00f3rica e est\u00e1 sendo revisitado no projeto &#8220;<a href=\"https:\/\/institucional.ufpel.edu.br\/projetos\/id\/u3819\" target=\"_blank\" rel=\"noopener\"><strong>Centen\u00e1rio do \u00c1lbum de Pelotas de 1922: fotografias, mem\u00f3ria e hist\u00f3ria<\/strong><\/a>&#8220;, coordenado pelo Prof. Aristeu Lopes, com o objetivo de &#8220;organizar uma colet\u00e2nea comemorativa aos 100 da publica\u00e7\u00e3o do \u00c1lbum de Pelotas de 1922, a qual ser\u00e1 composta por tr\u00eas partes: primeira, por cap\u00edtulos produzidos por pesquisadores locais que abordar\u00e3o tem\u00e1ticas contempladas no \u00c1lbum em 1922; segunda, por um estudo comparado entre as imagens de 1922 com fotografias dos espa\u00e7os urbanos atuais da cidade e, por fim, a terceira parte com cap\u00edtulos com tem\u00e1ticas sobre a hist\u00f3ria de Pelotas n\u00e3o contempladas na publica\u00e7\u00e3o de 1922.&#8221;<\/p>\n<p style=\"text-align: justify\">Outros trabalhos j\u00e1 foram desenvolvidos tendo o \u00c1lbum por inspira\u00e7\u00e3o, como por exemplo:<\/p>\n<ul>\n<li style=\"text-align: justify\"><a href=\"http:\/\/www.repositorio.jesuita.org.br\/bitstream\/handle\/UNISINOS\/7412\/Mariana%20Couto%20Gon%C3%A7alves_.pdf?sequence=1&amp;isAllowed=y\" target=\"_blank\" rel=\"noopener\"><strong>&#8220;Andei, sempre tendo o que ver e ainda n\u00e3o fora visto&#8221;: a moderniza\u00e7\u00e3o urbana pelotense a partir de cr\u00f4nicas e fotografias (1912-1930)<\/strong><\/a> &#8211; Tese de doutorado de Mariana Couto Gon\u00e7alves, defendida em 2018 na Universidade do Vale do Rio dos Sinos (UNISINOS);<\/li>\n<li style=\"text-align: justify\"><a href=\"https:\/\/periodicos.ufpel.edu.br\/ojs2\/index.php\/CLIO\/article\/view\/12933\" target=\"_blank\" rel=\"noopener\"><strong>A narrativa fotogr\u00e1fica da Princesa do Sul a partir do \u00c1lbum de Pelotas (1922)<\/strong><\/a> &#8211; Artigo publicado na revista <a href=\"https:\/\/periodicos.ufpel.edu.br\/ojs2\/index.php\/CLIO\/index\" target=\"_blank\" rel=\"noopener\"><strong>Of\u00edcios de Clio<\/strong><\/a>, v. 2, n. 2, 2017, por Mariana C. Gon\u00e7alves;<\/li>\n<li style=\"text-align: justify\"><a href=\"https:\/\/brapci.inf.br\/index.php\/res\/download\/56566\" target=\"_blank\" rel=\"noopener\"><strong>A cidade como cen\u00e1rio do moderno: representa\u00e7\u00f5es do progresso nas ruas de Pelotas (1913-1930)<\/strong><\/a> &#8211; Artigo publicado na revista <a href=\"https:\/\/periodicos.furg.br\/biblos\" target=\"_blank\" rel=\"noopener\"><strong>Biblos<\/strong><\/a>, n. 16, 2004, por Francisca F. Michelon.<\/li>\n<\/ul>\n<p style=\"text-align: justify\">Confira a digitaliza\u00e7\u00e3o realizada pelo NDH nos links abaixo:<\/p>\n<ul>\n<li><a href=\"https:\/\/1drv.ms\/b\/s!AsKsQIYxF60djmT2_tbdMZ2vubsn?e=J45MJS\" target=\"_blank\" rel=\"noopener\"><strong>\u00c1lbum de Pelotas de 1922 &#8211; parte 1<\/strong><\/a><\/li>\n<li><a href=\"https:\/\/1drv.ms\/b\/s!AsKsQIYxF60djmdlmm4YQEI_e42D?e=9ca2JS\" target=\"_blank\" rel=\"noopener\"><strong>\u00c1lbum de Pelotas de 1922 &#8211; parte 2<\/strong><\/a><\/li>\n<li><a href=\"https:\/\/1drv.ms\/b\/s!AsKsQIYxF60djmZgZH_c35tkGILZ?e=CcccFJ\" target=\"_blank\" rel=\"noopener\"><strong>\u00c1lbum de Pelotas de 1922 &#8211; parte 3<\/strong><\/a><\/li>\n<li><a href=\"https:\/\/1drv.ms\/b\/s!AsKsQIYxF60djmVVGwtQ5V-bBExg?e=z8dVAO\" target=\"_blank\" rel=\"noopener\"><strong>\u00c1lbum de Pelotas de 1922 &#8211; parte 4<\/strong><\/a><\/li>\n<li><strong><a href=\"https:\/\/1drv.ms\/b\/s!AsKsQIYxF60djmi1krI6U0U6HiKP?e=teCh4L\" target=\"_blank\" rel=\"noopener\">\u00c1lbum de Pelotas de 1922 &#8211; parte 5<\/a><\/strong><\/li>\n<\/ul>\n<p><span style=\"font-size: 8pt\">Obs.: Caso encontre algum erro ou dificuldade de acesso, entre em <a href=\"https:\/\/wp.ufpel.edu.br\/ndh\/contato\/\"><strong>contato<\/strong><\/a>!<\/span><\/p>\n","protected":false},"excerpt":{"rendered":"<p>No ano de 1922, por conta da comemora\u00e7\u00e3o do primeiro centen\u00e1rio da Independ\u00eancia do Brasil, foi editado o &#8220;\u00c1lbum de Pelotas de 1922&#8221;, cujo conte\u00fado abarcou aspectos culturais, econ\u00f4micos, pol\u00edticos, geogr\u00e1ficos e sociais da cidade \u00e0quela \u00e9poca. Al\u00e9m de textos, ele \u00e9 rico em imagens, gravuras e p\u00e1ginas publicit\u00e1rias. Nele \u00e9 poss\u00edvel acessar cr\u00f4nicas, poesias [&hellip;]<\/p>\n","protected":false},"author":718,"featured_media":0,"parent":0,"menu_order":0,"comment_status":"closed","ping_status":"closed","template":"","meta":{"jetpack_post_was_ever_published":false,"footnotes":""},"class_list":["post-3494","page","type-page","status-publish","hentry"],"jetpack_sharing_enabled":true,"jetpack_shortlink":"https:\/\/wp.me\/P9qy4R-Um","jetpack_likes_enabled":true,"jetpack-related-posts":[],"_links":{"self":[{"href":"https:\/\/wp.ufpel.edu.br\/ndh\/wp-json\/wp\/v2\/pages\/3494","targetHints":{"allow":["GET"]}}],"collection":[{"href":"https:\/\/wp.ufpel.edu.br\/ndh\/wp-json\/wp\/v2\/pages"}],"about":[{"href":"https:\/\/wp.ufpel.edu.br\/ndh\/wp-json\/wp\/v2\/types\/page"}],"author":[{"embeddable":true,"href":"https:\/\/wp.ufpel.edu.br\/ndh\/wp-json\/wp\/v2\/users\/718"}],"replies":[{"embeddable":true,"href":"https:\/\/wp.ufpel.edu.br\/ndh\/wp-json\/wp\/v2\/comments?post=3494"}],"version-history":[{"count":8,"href":"https:\/\/wp.ufpel.edu.br\/ndh\/wp-json\/wp\/v2\/pages\/3494\/revisions"}],"predecessor-version":[{"id":3504,"href":"https:\/\/wp.ufpel.edu.br\/ndh\/wp-json\/wp\/v2\/pages\/3494\/revisions\/3504"}],"wp:attachment":[{"href":"https:\/\/wp.ufpel.edu.br\/ndh\/wp-json\/wp\/v2\/media?parent=3494"}],"curies":[{"name":"wp","href":"https:\/\/api.w.org\/{rel}","templated":true}]}}