{"id":327,"date":"2017-02-17T15:36:54","date_gmt":"2017-02-17T17:36:54","guid":{"rendered":"https:\/\/wp.ufpel.edu.br\/ndh\/?page_id=327"},"modified":"2017-03-09T18:43:03","modified_gmt":"2017-03-09T21:43:03","slug":"ensino","status":"publish","type":"page","link":"https:\/\/wp.ufpel.edu.br\/ndh\/ensino\/","title":{"rendered":"Ensino"},"content":{"rendered":"<p><strong>Estudos sobre Hist\u00f3ria Oral<\/strong>:\u00a0O projeto aborda a Hist\u00f3ria Oral, em seus aspectos te\u00f3ricos e metodol\u00f3gicos. Neste sentido trabalha, nos encontros, com quest\u00f5es que envolvem a Hist\u00f3ria, a Mem\u00f3ria e a Identidade. Tamb\u00e9m \u00e9 enfocada a constru\u00e7\u00e3o de um projeto de pesquisa que utiliza a hist\u00f3ria oral como uma de suas metodologias, tendo especial aten\u00e7\u00e3o \u00e0s modalidades (hist\u00f3ria oral tem\u00e1tica, hist\u00f3ria oral de vida e tradi\u00e7\u00e3o oral), elabora\u00e7\u00e3o de roteiro, entrevista, transcri\u00e7\u00e3o, quest\u00f5es jur\u00eddicas e constitui\u00e7\u00e3o de acervo. [Coordenadora: Lorena Almeida Gill]<\/p>\n","protected":false},"excerpt":{"rendered":"<p>Estudos sobre Hist\u00f3ria Oral:\u00a0O projeto aborda a Hist\u00f3ria Oral, em seus aspectos te\u00f3ricos e metodol\u00f3gicos. Neste sentido trabalha, nos encontros, com quest\u00f5es que envolvem a Hist\u00f3ria, a Mem\u00f3ria e a Identidade. Tamb\u00e9m \u00e9 enfocada a constru\u00e7\u00e3o de um projeto de pesquisa que utiliza a hist\u00f3ria oral como uma de suas metodologias, tendo especial aten\u00e7\u00e3o \u00e0s [&hellip;]<\/p>\n","protected":false},"author":718,"featured_media":0,"parent":0,"menu_order":0,"comment_status":"closed","ping_status":"closed","template":"","meta":{"jetpack_post_was_ever_published":false,"footnotes":""},"class_list":["post-327","page","type-page","status-publish","hentry"],"jetpack_sharing_enabled":true,"jetpack_shortlink":"https:\/\/wp.me\/P9qy4R-5h","jetpack_likes_enabled":true,"jetpack-related-posts":[],"_links":{"self":[{"href":"https:\/\/wp.ufpel.edu.br\/ndh\/wp-json\/wp\/v2\/pages\/327","targetHints":{"allow":["GET"]}}],"collection":[{"href":"https:\/\/wp.ufpel.edu.br\/ndh\/wp-json\/wp\/v2\/pages"}],"about":[{"href":"https:\/\/wp.ufpel.edu.br\/ndh\/wp-json\/wp\/v2\/types\/page"}],"author":[{"embeddable":true,"href":"https:\/\/wp.ufpel.edu.br\/ndh\/wp-json\/wp\/v2\/users\/718"}],"replies":[{"embeddable":true,"href":"https:\/\/wp.ufpel.edu.br\/ndh\/wp-json\/wp\/v2\/comments?post=327"}],"version-history":[{"count":3,"href":"https:\/\/wp.ufpel.edu.br\/ndh\/wp-json\/wp\/v2\/pages\/327\/revisions"}],"predecessor-version":[{"id":916,"href":"https:\/\/wp.ufpel.edu.br\/ndh\/wp-json\/wp\/v2\/pages\/327\/revisions\/916"}],"wp:attachment":[{"href":"https:\/\/wp.ufpel.edu.br\/ndh\/wp-json\/wp\/v2\/media?parent=327"}],"curies":[{"name":"wp","href":"https:\/\/api.w.org\/{rel}","templated":true}]}}