{"id":30,"date":"2017-02-13T16:33:53","date_gmt":"2017-02-13T18:33:53","guid":{"rendered":"https:\/\/wp.ufpel.edu.br\/ndh\/?page_id=30"},"modified":"2017-03-07T14:04:27","modified_gmt":"2017-03-07T17:04:27","slug":"historia-em-revista","status":"publish","type":"page","link":"https:\/\/wp.ufpel.edu.br\/ndh\/historia-em-revista\/","title":{"rendered":"Hist\u00f3ria em Revista"},"content":{"rendered":"<p>O N\u00facleo de Documenta\u00e7\u00e3o Hist\u00f3rica da UFPel editou, em setembro de 1994, seu primeiro exemplar da &#8220;Hist\u00f3ria em Revista&#8221;, composto por artigos de professores ligados ao NDH e tendo como projeto editorial criar um espa\u00e7o de discuss\u00e3o e atualiza\u00e7\u00e3o de temas hist\u00f3ricos, tanto de hist\u00f3ria recente e contempor\u00e2nea como de per\u00edodos recuados.<\/p>\n<p><img data-recalc-dims=\"1\" loading=\"lazy\" decoding=\"async\" data-attachment-id=\"137\" data-permalink=\"https:\/\/wp.ufpel.edu.br\/ndh\/historia-em-revista\/hr\/#main\" data-orig-file=\"https:\/\/i0.wp.com\/wp.ufpel.edu.br\/ndh\/files\/2017\/02\/hr.png?fit=414%2C158&amp;ssl=1\" data-orig-size=\"414,158\" data-comments-opened=\"0\" data-image-meta=\"{&quot;aperture&quot;:&quot;0&quot;,&quot;credit&quot;:&quot;&quot;,&quot;camera&quot;:&quot;&quot;,&quot;caption&quot;:&quot;&quot;,&quot;created_timestamp&quot;:&quot;0&quot;,&quot;copyright&quot;:&quot;&quot;,&quot;focal_length&quot;:&quot;0&quot;,&quot;iso&quot;:&quot;0&quot;,&quot;shutter_speed&quot;:&quot;0&quot;,&quot;title&quot;:&quot;&quot;,&quot;orientation&quot;:&quot;0&quot;}\" data-image-title=\"hr\" data-image-description=\"\" data-image-caption=\"\" data-medium-file=\"https:\/\/i0.wp.com\/wp.ufpel.edu.br\/ndh\/files\/2017\/02\/hr.png?fit=414%2C158&amp;ssl=1\" data-large-file=\"https:\/\/i0.wp.com\/wp.ufpel.edu.br\/ndh\/files\/2017\/02\/hr.png?fit=414%2C158&amp;ssl=1\" class=\"alignleft wp-image-137 size-full\" src=\"https:\/\/i0.wp.com\/wp.ufpel.edu.br\/ndh\/files\/2017\/02\/hr.png?resize=414%2C158&#038;ssl=1\" width=\"414\" height=\"158\" srcset=\"https:\/\/i0.wp.com\/wp.ufpel.edu.br\/ndh\/files\/2017\/02\/hr.png?w=414&amp;ssl=1 414w, https:\/\/i0.wp.com\/wp.ufpel.edu.br\/ndh\/files\/2017\/02\/hr.png?resize=212%2C81&amp;ssl=1 212w\" sizes=\"auto, (max-width: 414px) 100vw, 414px\" \/>Com o passar dos anos o N\u00facleo ampliou sua abrang\u00eancia para outras linhas de investiga\u00e7\u00e3o sobre o quotidiano, movimentos sociais, imigra\u00e7\u00e3o e g\u00eanero. Seguindo essa mudan\u00e7a, Hist\u00f3ria em Revista, atualmente mostra sua disposi\u00e7\u00e3o em abrir-se aos mais variados objetos de investiga\u00e7\u00e3o, \u00e0s mais diferentes formas de abordagem do real, concebendo em seu interior profissionais de \u00e1reas diversas como historiadores\u00a0e antrop\u00f3logos num di\u00e1logo extremamente prof\u00edcuo e contempor\u00e2neo.<\/p>\n<p>Acessando as abas das revistas voc\u00ea poder\u00e1 ler, ou mesmo imprimir, artigos completos publicados desde o Volume 4 (Dezembro de 1998).<\/p>\n<p>A Hist\u00f3ria em Revista autoriza o uso cient\u00edfico dos textos nela publicados desde que sejam devidamente referenciadas as fontes.<\/p>\n","protected":false},"excerpt":{"rendered":"<p>O N\u00facleo de Documenta\u00e7\u00e3o Hist\u00f3rica da UFPel editou, em setembro de 1994, seu primeiro exemplar da &#8220;Hist\u00f3ria em Revista&#8221;, composto por artigos de professores ligados ao NDH e tendo como projeto editorial criar um espa\u00e7o de discuss\u00e3o e atualiza\u00e7\u00e3o de temas hist\u00f3ricos, tanto de hist\u00f3ria recente e contempor\u00e2nea como de per\u00edodos recuados. Com o passar [&hellip;]<\/p>\n","protected":false},"author":718,"featured_media":0,"parent":0,"menu_order":0,"comment_status":"closed","ping_status":"closed","template":"","meta":{"jetpack_post_was_ever_published":false,"footnotes":""},"class_list":["post-30","page","type-page","status-publish","hentry"],"jetpack_sharing_enabled":true,"jetpack_shortlink":"https:\/\/wp.me\/P9qy4R-u","jetpack_likes_enabled":true,"jetpack-related-posts":[],"_links":{"self":[{"href":"https:\/\/wp.ufpel.edu.br\/ndh\/wp-json\/wp\/v2\/pages\/30","targetHints":{"allow":["GET"]}}],"collection":[{"href":"https:\/\/wp.ufpel.edu.br\/ndh\/wp-json\/wp\/v2\/pages"}],"about":[{"href":"https:\/\/wp.ufpel.edu.br\/ndh\/wp-json\/wp\/v2\/types\/page"}],"author":[{"embeddable":true,"href":"https:\/\/wp.ufpel.edu.br\/ndh\/wp-json\/wp\/v2\/users\/718"}],"replies":[{"embeddable":true,"href":"https:\/\/wp.ufpel.edu.br\/ndh\/wp-json\/wp\/v2\/comments?post=30"}],"version-history":[{"count":6,"href":"https:\/\/wp.ufpel.edu.br\/ndh\/wp-json\/wp\/v2\/pages\/30\/revisions"}],"predecessor-version":[{"id":166,"href":"https:\/\/wp.ufpel.edu.br\/ndh\/wp-json\/wp\/v2\/pages\/30\/revisions\/166"}],"wp:attachment":[{"href":"https:\/\/wp.ufpel.edu.br\/ndh\/wp-json\/wp\/v2\/media?parent=30"}],"curies":[{"name":"wp","href":"https:\/\/api.w.org\/{rel}","templated":true}]}}

História em Revista

<p>O Núcleo de Documentação Histórica da UFPel editou, em setembro de 1994, seu primeiro exemplar da &#8220;História em Revista&#8221;, composto por artigos de professores ligados ao NDH e tendo como projeto editorial criar um espaço de discussão e atualização de temas históricos, tanto de história recente e contemporânea como de períodos recuados.</p>
<p><img data-recalc-dims="1" loading="lazy" decoding="async" data-attachment-id="137" data-permalink="https://wp.ufpel.edu.br/ndh/historia-em-revista/hr/#main" data-orig-file="https://i0.wp.com/wp.ufpel.edu.br/ndh/files/2017/02/hr.png?fit=414%2C158&amp;ssl=1" data-orig-size="414,158" data-comments-opened="0" data-image-meta="{&quot;aperture&quot;:&quot;0&quot;,&quot;credit&quot;:&quot;&quot;,&quot;camera&quot;:&quot;&quot;,&quot;caption&quot;:&quot;&quot;,&quot;created_timestamp&quot;:&quot;0&quot;,&quot;copyright&quot;:&quot;&quot;,&quot;focal_length&quot;:&quot;0&quot;,&quot;iso&quot;:&quot;0&quot;,&quot;shutter_speed&quot;:&quot;0&quot;,&quot;title&quot;:&quot;&quot;,&quot;orientation&quot;:&quot;0&quot;}" data-image-title="hr" data-image-description="" data-image-caption="" data-medium-file="https://i0.wp.com/wp.ufpel.edu.br/ndh/files/2017/02/hr.png?fit=414%2C158&amp;ssl=1" data-large-file="https://i0.wp.com/wp.ufpel.edu.br/ndh/files/2017/02/hr.png?fit=414%2C158&amp;ssl=1" class="alignleft wp-image-137 size-full" src="https://i0.wp.com/wp.ufpel.edu.br/ndh/files/2017/02/hr.png?resize=414%2C158&#038;ssl=1" width="414" height="158" srcset="https://i0.wp.com/wp.ufpel.edu.br/ndh/files/2017/02/hr.png?w=414&amp;ssl=1 414w, https://i0.wp.com/wp.ufpel.edu.br/ndh/files/2017/02/hr.png?resize=212%2C81&amp;ssl=1 212w" sizes="auto, (max-width: 414px) 100vw, 414px" />Com o passar dos anos o Núcleo ampliou sua abrangência para outras linhas de investigação sobre o quotidiano, movimentos sociais, imigração e gênero. Seguindo essa mudança, História em Revista, atualmente mostra sua disposição em abrir-se aos mais variados objetos de investigação, às mais diferentes formas de abordagem do real, concebendo em seu interior profissionais de áreas diversas como historiadores e antropólogos num diálogo extremamente profícuo e contemporâneo.</p>
<p>Acessando as abas das revistas você poderá ler, ou mesmo imprimir, artigos completos publicados desde o Volume 4 (Dezembro de 1998).</p>
<p>A História em Revista autoriza o uso científico dos textos nela publicados desde que sejam devidamente referenciadas as fontes.</p>

<p>O Núcleo de Documentação Histórica da UFPel editou, em setembro de 1994, seu primeiro exemplar da &#8220;História em Revista&#8221;, composto por artigos de professores ligados ao NDH e tendo como projeto editorial criar um espaço de discussão e atualização de temas históricos, tanto de história recente e contemporânea como de períodos recuados. Com o passar [&hellip;]</p>
