{"id":277,"date":"2017-02-17T13:56:01","date_gmt":"2017-02-17T15:56:01","guid":{"rendered":"https:\/\/wp.ufpel.edu.br\/ndh\/?page_id=277"},"modified":"2019-05-07T18:14:08","modified_gmt":"2019-05-07T21:14:08","slug":"laboratorio-de-historia-oral","status":"publish","type":"page","link":"https:\/\/wp.ufpel.edu.br\/ndh\/laboratorio-de-historia-oral\/","title":{"rendered":"Laborat\u00f3rio de Hist\u00f3ria Oral"},"content":{"rendered":"<p>O <strong><a href=\"https:\/\/wp.ufpel.edu.br\/lho\/\" target=\"_blank\" rel=\"noopener noreferrer\">Laborat\u00f3rio de Hist\u00f3ria Oral (LaHO)<\/a>,<\/strong> da Universidade Federal de Pelotas (UFPel), foi fundado em 2010, para ser um local de arquivamento do acervo audiovisual e escrito de entrevistas e das demais atividades que englobam a metodologia de Hist\u00f3ria Oral.<\/p>\n<p>Este \u201cbanco de mem\u00f3rias\u201d \u00e9 continuamente acrescido por narrativas, novos projetos de extens\u00e3o e pesquisa, pela colabora\u00e7\u00e3o de professores, estagi\u00e1rios, bolsistas e volunt\u00e1rios que se interessam pela metodologia.<\/p>\n<p>O LaHO, al\u00e9m de desenvolver atividades vinculadas ao N\u00facleo de Documenta\u00e7\u00e3o Hist\u00f3rica (NDH), como entrevistas, transcri\u00e7\u00f5es e guarda de acervo, serve de espa\u00e7o para pr\u00e1ticas de interven\u00e7\u00e3o de alunos dos cursos de Hist\u00f3ria.<\/p>\n<p style=\"text-align: center\"><a href=\"https:\/\/wp.ufpel.edu.br\/lho\/\" target=\"_blank\" rel=\"noopener noreferrer\"><strong>| acesse o site do LaHO |<\/strong><\/a><\/p>\n<p style=\"text-align: right\">Coordenadora: Profa. Dra. Lorena Gill<\/p>\n","protected":false},"excerpt":{"rendered":"<p>O Laborat\u00f3rio de Hist\u00f3ria Oral (LaHO), da Universidade Federal de Pelotas (UFPel), foi fundado em 2010, para ser um local de arquivamento do acervo audiovisual e escrito de entrevistas e das demais atividades que englobam a metodologia de Hist\u00f3ria Oral. Este \u201cbanco de mem\u00f3rias\u201d \u00e9 continuamente acrescido por narrativas, novos projetos de extens\u00e3o e pesquisa, [&hellip;]<\/p>\n","protected":false},"author":718,"featured_media":0,"parent":0,"menu_order":0,"comment_status":"closed","ping_status":"closed","template":"","meta":{"jetpack_post_was_ever_published":false,"footnotes":""},"class_list":["post-277","page","type-page","status-publish","hentry"],"jetpack_sharing_enabled":true,"jetpack_shortlink":"https:\/\/wp.me\/P9qy4R-4t","jetpack_likes_enabled":true,"jetpack-related-posts":[],"_links":{"self":[{"href":"https:\/\/wp.ufpel.edu.br\/ndh\/wp-json\/wp\/v2\/pages\/277","targetHints":{"allow":["GET"]}}],"collection":[{"href":"https:\/\/wp.ufpel.edu.br\/ndh\/wp-json\/wp\/v2\/pages"}],"about":[{"href":"https:\/\/wp.ufpel.edu.br\/ndh\/wp-json\/wp\/v2\/types\/page"}],"author":[{"embeddable":true,"href":"https:\/\/wp.ufpel.edu.br\/ndh\/wp-json\/wp\/v2\/users\/718"}],"replies":[{"embeddable":true,"href":"https:\/\/wp.ufpel.edu.br\/ndh\/wp-json\/wp\/v2\/comments?post=277"}],"version-history":[{"count":6,"href":"https:\/\/wp.ufpel.edu.br\/ndh\/wp-json\/wp\/v2\/pages\/277\/revisions"}],"predecessor-version":[{"id":1812,"href":"https:\/\/wp.ufpel.edu.br\/ndh\/wp-json\/wp\/v2\/pages\/277\/revisions\/1812"}],"wp:attachment":[{"href":"https:\/\/wp.ufpel.edu.br\/ndh\/wp-json\/wp\/v2\/media?parent=277"}],"curies":[{"name":"wp","href":"https:\/\/api.w.org\/{rel}","templated":true}]}}