{"id":231,"date":"2017-02-16T14:32:46","date_gmt":"2017-02-16T16:32:46","guid":{"rendered":"https:\/\/wp.ufpel.edu.br\/ndh\/?page_id=231"},"modified":"2019-06-13T09:16:30","modified_gmt":"2019-06-13T12:16:30","slug":"hr-numero-15","status":"publish","type":"page","link":"https:\/\/wp.ufpel.edu.br\/ndh\/hr-numero-15\/","title":{"rendered":"HR &#8211; N\u00famero 15"},"content":{"rendered":"<p><strong><a href=\"https:\/\/wp.ufpel.edu.br\/ndh\/apresentacao-hr-15\/\"><img data-recalc-dims=\"1\" loading=\"lazy\" decoding=\"async\" data-attachment-id=\"757\" data-permalink=\"https:\/\/wp.ufpel.edu.br\/ndh\/hr-numero-15\/hr-15\/#main\" data-orig-file=\"https:\/\/i0.wp.com\/wp.ufpel.edu.br\/ndh\/files\/2017\/02\/hr-15.png?fit=200%2C207&amp;ssl=1\" data-orig-size=\"200,207\" data-comments-opened=\"0\" data-image-meta=\"{&quot;aperture&quot;:&quot;0&quot;,&quot;credit&quot;:&quot;&quot;,&quot;camera&quot;:&quot;&quot;,&quot;caption&quot;:&quot;&quot;,&quot;created_timestamp&quot;:&quot;0&quot;,&quot;copyright&quot;:&quot;&quot;,&quot;focal_length&quot;:&quot;0&quot;,&quot;iso&quot;:&quot;0&quot;,&quot;shutter_speed&quot;:&quot;0&quot;,&quot;title&quot;:&quot;&quot;,&quot;orientation&quot;:&quot;0&quot;}\" data-image-title=\"hr-15\" data-image-description=\"\" data-image-caption=\"\" data-medium-file=\"https:\/\/i0.wp.com\/wp.ufpel.edu.br\/ndh\/files\/2017\/02\/hr-15.png?fit=200%2C207&amp;ssl=1\" data-large-file=\"https:\/\/i0.wp.com\/wp.ufpel.edu.br\/ndh\/files\/2017\/02\/hr-15.png?fit=200%2C207&amp;ssl=1\" class=\"alignleft size-full wp-image-757\" src=\"https:\/\/i0.wp.com\/wp.ufpel.edu.br\/ndh\/files\/2017\/02\/hr-15.png?resize=200%2C207&#038;ssl=1\" alt=\"\" width=\"200\" height=\"207\" srcset=\"https:\/\/i0.wp.com\/wp.ufpel.edu.br\/ndh\/files\/2017\/02\/hr-15.png?w=200&amp;ssl=1 200w, https:\/\/i0.wp.com\/wp.ufpel.edu.br\/ndh\/files\/2017\/02\/hr-15.png?resize=154%2C159&amp;ssl=1 154w\" sizes=\"auto, (max-width: 200px) 100vw, 200px\" \/><\/a><\/strong><\/p>\n<p><strong>[ISSN 1516-2095]<\/strong><\/p>\n<p><strong><a href=\"https:\/\/wp.ufpel.edu.br\/ndh\/apresentacao-hr-15\/\">Apresenta\u00e7\u00e3o<\/a><\/strong><br \/>\nPresentation<strong><br \/>\n<\/strong><br \/>\n<a href=\"https:\/\/periodicos.ufpel.edu.br\/ojs2\/index.php\/HistRev\/article\/view\/12207\" target=\"_blank\" rel=\"noopener noreferrer\"><strong>A pol\u00edtica da modernidade<\/strong><strong> e a ascens\u00e3o da na\u00e7\u00e3o: honra sexual no Rio Grande do Sul na passagem do s\u00e9culo XIX ao s\u00e9culo XX<\/strong><\/a><br \/>\nThe Politics of Modernity and the Rise of the Nation: Sexual Honor in Turn-of-the-Century Rio Grande do Sul (XIX to XX).<br \/>\n<strong>Cathy Marie Ouellette <\/strong><\/p>\n<p><strong><a href=\"https:\/\/periodicos.ufpel.edu.br\/ojs2\/index.php\/HistRev\/article\/view\/12208\" target=\"_blank\" rel=\"noopener noreferrer\">Pedagogias das Comemora\u00e7\u00f5es: A reinven\u00e7\u00e3o da mem\u00f3ria hist\u00f3rica e a educa\u00e7\u00e3o dos afrodescendentes em Porto Alegre<\/a><\/strong><br \/>\nPedagogies of Commemorations: The reinvention of historical memory and the education of Afro-Brazilians in Porto Alegre<br \/>\n<strong>Maria Ang\u00e9lica Zubaran <\/strong><\/p>\n<p><strong><a href=\"https:\/\/periodicos.ufpel.edu.br\/ojs2\/index.php\/HistRev\/article\/view\/12209\" target=\"_blank\" rel=\"noopener noreferrer\">Uma margem colonial.<\/a><\/strong><br \/>\nTo colonial margin.<br \/>\n<strong>Jos\u00e9 Antonio da Costa Fernandes <\/strong><\/p>\n<p><strong><a href=\"https:\/\/periodicos.ufpel.edu.br\/ojs2\/index.php\/HistRev\/article\/view\/12214\" target=\"_blank\" rel=\"noopener noreferrer\">Entre Carmesim e Carmesim: a mem\u00f3ria, o esquecimento e a escrita da inf\u00e2ncia ritmando a pesquisa e suas im-possibilidades<\/a><\/strong><br \/>\nBetween Crimson and Crimson: the memory, the oblivion and the writing of the childhood performing the rhythm of the research and his impossibilities<br \/>\n<strong>Denise Marcos Bussoletti<\/strong><\/p>\n<p><strong><a href=\"https:\/\/periodicos.ufpel.edu.br\/ojs2\/index.php\/HistRev\/article\/view\/12216\" target=\"_blank\" rel=\"noopener noreferrer\">\u201cO Legal no Museu \u00e9&#8230;\u201d \u2013 inven\u00e7\u00e3o e aplica\u00e7\u00e3o de um programa educativo no Museu da Baronesa em Pelotas, Rio Grande do Sul<\/a><\/strong><br \/>\n\u201cThe cool thing about Museums&#8230;\u201d &#8211; a educational program created and developed at the Museu da Baronesa in Pelotas, Rio Grande do Sul<br \/>\n<strong>Carla Rodrigues Gastaud e Beatriz Polidori Zechlinski <\/strong><\/p>\n<p><a href=\"https:\/\/periodicos.ufpel.edu.br\/ojs2\/index.php\/HistRev\/article\/view\/12210\" target=\"_blank\" rel=\"noopener noreferrer\"><strong><em>Solidariedad y concordia:<\/em><\/strong><strong> a onda patri\u00f3tica como elemento unificador da mem\u00f3ria uruguaia<\/strong><\/a><br \/>\n<em>Solidariedad y concordia:<\/em> a patriotic wave as unifying element of Uruguayan memory<br \/>\n<strong>Juarez Jos\u00e9 Rodrigues Fu\u00e3o <\/strong><\/p>\n<p><strong><a href=\"https:\/\/periodicos.ufpel.edu.br\/ojs2\/index.php\/HistRev\/article\/view\/12211\" target=\"_blank\" rel=\"noopener noreferrer\">Democracia Participativa e Lutas por Moradia em Diadema (1983-1996)<\/a><\/strong><br \/>\nParticipatory democracy and wrestling for housing in Diadema (1983-1996)<br \/>\n<strong>Joana Darc Virg\u00ednia dos Santos<\/strong><\/p>\n<p><strong>Instrumento de Trabalho <\/strong><br \/>\n<a href=\"https:\/\/periodicos.ufpel.edu.br\/ojs2\/index.php\/HistRev\/article\/view\/12217\" target=\"_blank\" rel=\"noopener noreferrer\"><strong>Livro de entrada e sa\u00edda de presos escravos na cadeia de Pelotas (1862-1878)<\/strong><\/a><br \/>\nBook of entrance and exit of enslaved prisoners in the chain of Pelotas (1862-1878)<strong><br \/>\nCaiu\u00e1 Cardoso Al-Alam e Marcelo Farias Correa<br \/>\n<\/strong><br \/>\n<strong>Resenha<\/strong><a href=\"https:\/\/periodicos.ufpel.edu.br\/ojs2\/index.php\/HistRev\/article\/view\/12215\" target=\"_blank\" rel=\"noopener noreferrer\"><br \/>\n<strong>ROMEIRO, Adriana. Paulistas e Emboabas no Cora\u00e7\u00e3o das Minas: ideias, pr\u00e1ticas e imagin\u00e1rio pol\u00edtico no s\u00e9culo XVIII. Belo Horizonte: UFMG, 2008, 431p.\u00a0\u00a0\u00a0<\/strong><\/a><strong><br \/>\nPaulo Cesar Possamai <\/strong><\/p>\n","protected":false},"excerpt":{"rendered":"<p>[ISSN 1516-2095] Apresenta\u00e7\u00e3o Presentation A pol\u00edtica da modernidade e a ascens\u00e3o da na\u00e7\u00e3o: honra sexual no Rio Grande do Sul na passagem do s\u00e9culo XIX ao s\u00e9culo XX The Politics of Modernity and the Rise of the Nation: Sexual Honor in Turn-of-the-Century Rio Grande do Sul (XIX to XX). Cathy Marie Ouellette Pedagogias das Comemora\u00e7\u00f5es: [&hellip;]<\/p>\n","protected":false},"author":718,"featured_media":0,"parent":0,"menu_order":0,"comment_status":"closed","ping_status":"closed","template":"","meta":{"jetpack_post_was_ever_published":false,"footnotes":""},"class_list":["post-231","page","type-page","status-publish","hentry"],"jetpack_sharing_enabled":true,"jetpack_shortlink":"https:\/\/wp.me\/P9qy4R-3J","jetpack_likes_enabled":true,"jetpack-related-posts":[],"_links":{"self":[{"href":"https:\/\/wp.ufpel.edu.br\/ndh\/wp-json\/wp\/v2\/pages\/231","targetHints":{"allow":["GET"]}}],"collection":[{"href":"https:\/\/wp.ufpel.edu.br\/ndh\/wp-json\/wp\/v2\/pages"}],"about":[{"href":"https:\/\/wp.ufpel.edu.br\/ndh\/wp-json\/wp\/v2\/types\/page"}],"author":[{"embeddable":true,"href":"https:\/\/wp.ufpel.edu.br\/ndh\/wp-json\/wp\/v2\/users\/718"}],"replies":[{"embeddable":true,"href":"https:\/\/wp.ufpel.edu.br\/ndh\/wp-json\/wp\/v2\/comments?post=231"}],"version-history":[{"count":8,"href":"https:\/\/wp.ufpel.edu.br\/ndh\/wp-json\/wp\/v2\/pages\/231\/revisions"}],"predecessor-version":[{"id":1981,"href":"https:\/\/wp.ufpel.edu.br\/ndh\/wp-json\/wp\/v2\/pages\/231\/revisions\/1981"}],"wp:attachment":[{"href":"https:\/\/wp.ufpel.edu.br\/ndh\/wp-json\/wp\/v2\/media?parent=231"}],"curies":[{"name":"wp","href":"https:\/\/api.w.org\/{rel}","templated":true}]}}