{"id":1905,"date":"2019-06-03T10:21:56","date_gmt":"2019-06-03T13:21:56","guid":{"rendered":"https:\/\/wp.ufpel.edu.br\/ndh\/?page_id=1905"},"modified":"2025-05-29T14:15:24","modified_gmt":"2025-05-29T17:15:24","slug":"outras-publicacoes","status":"publish","type":"page","link":"https:\/\/wp.ufpel.edu.br\/ndh\/outras-publicacoes\/","title":{"rendered":"Outras Publica\u00e7\u00f5es"},"content":{"rendered":"<p>Aqui encontra-se uma lista de publica\u00e7\u00f5es de interesse do N\u00facleo de Documenta\u00e7\u00e3o Hist\u00f3rica da UFPel &#8211; Profa. Beatriz Loner, contendo artigos, disserta\u00e7\u00f5es, teses, etc., de outros programas de p\u00f3s-gradua\u00e7\u00e3o, projetos, guias de pesquisa, etc.<\/p>\n<p>Os textos constantes na presente lista encontram-se digitalizadas e poder\u00e3o ser obtidos por solicita\u00e7\u00e3o encaminhada atrav\u00e9s do <a href=\"https:\/\/wp.ufpel.edu.br\/ndh\/contato\/\" target=\"_blank\" rel=\"noopener noreferrer\"><strong>formul\u00e1rio de contato<\/strong><\/a>, identificando o \u201cassunto\u201d como \u201csolicita\u00e7\u00e3o de textos\u201d e no corpo do texto a refer\u00eancia constante nesta p\u00e1gina.<\/p>\n<p>BAS\u00cdLIO, Amanda; BENITES, Pablo; ISQUIERDO, \u00c9ldio e LEMOS, Gilson. <strong>Hemeroteca da Biblioteca P\u00fablica Pelotense<\/strong>. Guia de Pesquisa.<\/p>\n<p>BROD, Luiz Fernando da Silva. <strong>A import\u00e2ncia da imigra\u00e7\u00e3o alem\u00e3 em Pelotas, Rio Grande do Sul, Brasil<\/strong>. P\u00f3s-Gradua\u00e7\u00e3o em Ci\u00eancias Sociais.<\/p>\n<p>CARVALHO, Ana Paula Comin de; FUJIMOTO, Nina Simone Vilaverde Moura; SILVA, Vera Regina Rodrigues da; OLIVEIRA, Vin\u00edcius Pereira de. <strong>A resist\u00eancia atrav\u00e9s da perman\u00eancia: relat\u00f3rio antropol\u00f3gico, hist\u00f3rico e geogr\u00e1fico sobre a comunidade negra de Manoel Barbosa<\/strong>. UFRGS.<\/p>\n<p>HERZOG, Vivian. <strong>A Revista Illustra\u00e7\u00e3o Pelotense como objeto biogr\u00e1fico<\/strong>. Especializa\u00e7\u00e3o em Mem\u00f3ria, Identidade e Cultura Material.<\/p>\n<p>JORGE, Luciana Corr\u00eaa. <strong>O movimento oper\u00e1rio em Pelotas entre 1900-1920: a influ\u00eancia do anarco-sindicalismo<\/strong>. Especializa\u00e7\u00e3o em Ci\u00eancia Pol\u00edtica.<\/p>\n<p>LAGEMANN, Eug\u00eanio. <strong>A industrializa\u00e7\u00e3o no Rio Grande do Sul (um estudo hist\u00f3rico)<\/strong>. UFRGS. Relat\u00f3rio de Pesquisa Projeto Pequena e M\u00e9dia Empresa no Rio Grande do Sul.<\/p>\n<p>LAINO, Andr\u00e9. <strong>Mem\u00f3ria de metal\u00fargicos<\/strong> (1\u00ba volume).<\/p>\n<p>MAGALH\u00c3ES, Mario Osorio. <a href=\"https:\/\/wp.ufpel.edu.br\/ndh\/files\/2025\/05\/passeios-da-cidade-antiga.pdf\" target=\"_blank\" rel=\"noopener\"><strong>Os Passeios da Cidade Antiga. Guia hist\u00f3rico das ruas de Pelotas<\/strong><\/a>. Pelotas: Armaz\u00e9m Liter\u00e1rio, 2000.<\/p>\n<p>MAGALH\u00c3ES, Mario Osorio. <a href=\"https:\/\/wp.ufpel.edu.br\/ndh\/files\/2024\/09\/UFPel-30-Anos.pdf\" target=\"_blank\" rel=\"noopener\"><strong>UFPel: 30 anos<\/strong><\/a>. Pelotas: Editora Universit\u00e1ria UFPel, 1999.<\/p>\n<p>MELLO, Marco Ant\u00f4nio L\u00edrio de. <strong>Os mecanismos de resist\u00eancia a escravid\u00e3o negra em Pelotas: 1840 &#8211; 1884<\/strong>. UFPel\/FAPERGS. Relat\u00f3rio de Pesquisa.<\/p>\n<p>MONTE DOMECQ. <a href=\"https:\/\/wp.ufpel.edu.br\/acervosdocumentaisndh\/files\/2024\/12\/O-Estado-do-Rio-Grande-do-Sul.pdf\" target=\"_blank\" rel=\"noopener\"><strong>O Estado do Rio Grande do Sul<\/strong><\/a>. Barcelona: Estabelecimento Graphico Thomas, 1916. Obra digitalizada por Vanessa da Silva Devantier, sob a orienta\u00e7\u00e3o da Profa. Beatriz Loner. Conv\u00eanio entre o NDH e a Biblioteca Setorial de Ci\u00eancias Sociais, 2008. Projeto de Extens\u00e3o \u201cIconografia Pict\u00f3rica e Fotogr\u00e1fica do Rio Grande do Sul no In\u00edcio do S\u00e9culo XX: Digitaliza\u00e7\u00e3o das obras \u2018Rio Grande do Sul: Imagens da terra ga\u00facha\u2019 e \u2018O Estado Do Rio Grande do Sul&#8217;\u201d.<\/p>\n<p>PETERSEN, \u00c1urea Terezinha Tomatis; CAD\u00d3, Elizabeth maria Pedroso; BARBISAN, Maria Figueiredo; PUBLIESE, Maria In\u00eas; VOLKMER, Maria Lina Jardim; CARVALHO, Mar\u00edlia Regina de; COLOMBO, Neli Terezinha Fornari. <strong>Banco de dados sobre o sindicalismo urbano no Rio Grande do Sul (1945\/1979). I Parte<\/strong>. IESPE &#8211; PUCRS. Relat\u00f3rio de Projeto de Pesquisa.<\/p>\n<p>PETERSEN, \u00c1urea Terezinha Tomatis; CAD\u00d3, Elizabeth maria Pedroso; BARBISAN, Maria Figueiredo; PUBLIESE, Maria In\u00eas; VOLKMER, Maria Lina Jardim; CARVALHO, Mar\u00edlia Regina de; COLOMBO, Neli Terezinha Fornari. <strong>Banco de dados sobre o sindicalismo urbano no Rio Grande do Sul (1945\/1979). II Parte<\/strong>. IESPE &#8211; PUCRS. Relat\u00f3rio de Projeto de Pesquisa.<\/p>\n<p>PETERSEN, \u00c1urea Terezinha Tomatis; CAD\u00d3, Elizabeth maria Pedroso; BARBISAN, Maria Figueiredo; PUBLIESE, Maria In\u00eas; VOLKMER, Maria Lina Jardim; CARVALHO, Mar\u00edlia Regina de; COLOMBO, Neli Terezinha Fornari. <strong>Banco de dados sobre o sindicalismo urbano no Rio Grande do Sul (1945\/1979). An\u00e1lise Descritiva dos Processos de Diss\u00eddio Coletivo<\/strong>. IESPE &#8211; PUCRS. Relat\u00f3rio de Projeto de Pesquisa.<\/p>\n<p>PETERSEN, \u00c1urea Terezinha Tomatis; CAD\u00d3, Elizabeth maria Pedroso; BARBISAN, Maria Figueiredo; PUBLIESE, Maria In\u00eas; VOLKMER, Maria Lina Jardim; CARVALHO, Mar\u00edlia Regina de; COLOMBO, Neli Terezinha Fornari. <strong>Banco de dados sobre o sindicalismo urbano no Rio Grande do Sul (1945\/1979). Anexo I<\/strong>. IESPE &#8211; PUCRS. Relat\u00f3rio de Projeto de Pesquisa.<\/p>\n<p>PETERSEN, \u00c1urea Terezinha Tomatis; CAD\u00d3, Elizabeth maria Pedroso; BARBISAN, Maria Figueiredo; PUBLIESE, Maria In\u00eas; VOLKMER, Maria Lina Jardim; CARVALHO, Mar\u00edlia Regina de; COLOMBO, Neli Terezinha Fornari. <strong>Banco de dados sobre o sindicalismo urbano no Rio Grande do Sul (1945\/1979). Anexo II<\/strong>. IESPE &#8211; PUCRS. Relat\u00f3rio de Projeto de Pesquisa.<\/p>\n<p>RIETH, Fl\u00e1via. <strong>Construindo o projeto de escola do trabalhador: um estudo de caso da Escola de 1\u00ba e 2\u00ba Graus Jos\u00e9 C\u00e9sar de Mesquita, mantida pelo Sindicato dos Metal\u00fargicos de Porto Alegre<\/strong>. UFPel. Relat\u00f3rio de Pesquisa.<\/p>\n<p>SILVA, Eduarda Borges da; ESP\u00cdRITO SANTO, Marco Vin\u00edcio do; LANDA, Mariana dos Santos e Roberta.<strong> A lenda do Negrino do Pastoreio<\/strong>. Projeto de Interven\u00e7\u00e3o.<\/p>\n<p>SILVA, Major Mourency do Couto e, PIRES, Arthur Porto, SHIDROWITZ, L\u00e9o Jeronimo (orgs.). <a href=\"https:\/\/wp.ufpel.edu.br\/acervosdocumentaisndh\/files\/2024\/12\/Rio-Grande-do-Sul-imagem-da-terra-gaucha.pdf\" target=\"_blank\" rel=\"noopener\"><strong>Rio Grande do Sul: Imagem da Terra Ga\u00facha. Sua hist\u00f3ria e evolu\u00e7\u00e3o. Seu trabalho criador. Sua paisagem e seus homens<\/strong><\/a>. Porto Alegre, 1942. Obra digitalizada por Vanessa da Silva Devantier, sob a orienta\u00e7\u00e3o da Profa. Beatriz Loner. Conv\u00eanio entre o NDH e a Biblioteca Setorial de Ci\u00eancias Sociais, 2008. Projeto de Extens\u00e3o \u201cIconografia Pict\u00f3rica e Fotogr\u00e1fica do Rio Grande do Sul no In\u00edcio do S\u00e9culo XX: Digitaliza\u00e7\u00e3o das obras \u2018Rio Grande do Sul: Imagens da terra ga\u00facha\u2019 e \u2018O Estado Do Rio Grande do Sul&#8217;\u201d.<\/p>\n<p>STOTZ, Eduardo Navarro. <a href=\"https:\/\/wp.ufpel.edu.br\/ndh\/files\/2019\/06\/uni\u00e3o-dos-trabalhadores-metal\u00fargicos-na-constru\u00e7\u00e3o-do-sindicato-corporativista-1932-1945.pdf\" target=\"_blank\" rel=\"noopener noreferrer\"><strong>A Uni\u00e3o dos Trabalhadores Metal\u00fargicos na constru\u00e7\u00e3o do sindicato corporativista: 1932-1945<\/strong><\/a>. 1986. Disserta\u00e7\u00e3o (Mestrado em Hist\u00f3ria). Universidade Federal Fluminense. [Orienta\u00e7\u00e3o Eul\u00e1lia Maria Lahmeyer Lobo].<\/p>\n","protected":false},"excerpt":{"rendered":"<p>Aqui encontra-se uma lista de publica\u00e7\u00f5es de interesse do N\u00facleo de Documenta\u00e7\u00e3o Hist\u00f3rica da UFPel &#8211; Profa. Beatriz Loner, contendo artigos, disserta\u00e7\u00f5es, teses, etc., de outros programas de p\u00f3s-gradua\u00e7\u00e3o, projetos, guias de pesquisa, etc. Os textos constantes na presente lista encontram-se digitalizadas e poder\u00e3o ser obtidos por solicita\u00e7\u00e3o encaminhada atrav\u00e9s do formul\u00e1rio de contato, identificando [&hellip;]<\/p>\n","protected":false},"author":718,"featured_media":0,"parent":0,"menu_order":0,"comment_status":"closed","ping_status":"closed","template":"","meta":{"jetpack_post_was_ever_published":false,"footnotes":""},"class_list":["post-1905","page","type-page","status-publish","hentry"],"jetpack_sharing_enabled":true,"jetpack_shortlink":"https:\/\/wp.me\/P9qy4R-uJ","jetpack_likes_enabled":true,"jetpack-related-posts":[],"_links":{"self":[{"href":"https:\/\/wp.ufpel.edu.br\/ndh\/wp-json\/wp\/v2\/pages\/1905","targetHints":{"allow":["GET"]}}],"collection":[{"href":"https:\/\/wp.ufpel.edu.br\/ndh\/wp-json\/wp\/v2\/pages"}],"about":[{"href":"https:\/\/wp.ufpel.edu.br\/ndh\/wp-json\/wp\/v2\/types\/page"}],"author":[{"embeddable":true,"href":"https:\/\/wp.ufpel.edu.br\/ndh\/wp-json\/wp\/v2\/users\/718"}],"replies":[{"embeddable":true,"href":"https:\/\/wp.ufpel.edu.br\/ndh\/wp-json\/wp\/v2\/comments?post=1905"}],"version-history":[{"count":17,"href":"https:\/\/wp.ufpel.edu.br\/ndh\/wp-json\/wp\/v2\/pages\/1905\/revisions"}],"predecessor-version":[{"id":4597,"href":"https:\/\/wp.ufpel.edu.br\/ndh\/wp-json\/wp\/v2\/pages\/1905\/revisions\/4597"}],"wp:attachment":[{"href":"https:\/\/wp.ufpel.edu.br\/ndh\/wp-json\/wp\/v2\/media?parent=1905"}],"curies":[{"name":"wp","href":"https:\/\/api.w.org\/{rel}","templated":true}]}}

Outras Publicações

<p>Aqui encontra-se uma lista de publicações de interesse do Núcleo de Documentação Histórica da UFPel &#8211; Profa. Beatriz Loner, contendo artigos, dissertações, teses, etc., de outros programas de pós-graduação, projetos, guias de pesquisa, etc.</p>
<p>Os textos constantes na presente lista encontram-se digitalizadas e poderão ser obtidos por solicitação encaminhada através do <a href="https://wp.ufpel.edu.br/ndh/contato/" target="_blank" rel="noopener noreferrer"><strong>formulário de contato</strong></a>, identificando o “assunto” como “solicitação de textos” e no corpo do texto a referência constante nesta página.</p>
<p>BASÍLIO, Amanda; BENITES, Pablo; ISQUIERDO, Éldio e LEMOS, Gilson. <strong>Hemeroteca da Biblioteca Pública Pelotense</strong>. Guia de Pesquisa.</p>
<p>BROD, Luiz Fernando da Silva. <strong>A importância da imigração alemã em Pelotas, Rio Grande do Sul, Brasil</strong>. Pós-Graduação em Ciências Sociais.</p>
<p>CARVALHO, Ana Paula Comin de; FUJIMOTO, Nina Simone Vilaverde Moura; SILVA, Vera Regina Rodrigues da; OLIVEIRA, Vinícius Pereira de. <strong>A resistência através da permanência: relatório antropológico, histórico e geográfico sobre a comunidade negra de Manoel Barbosa</strong>. UFRGS.</p>
<p>HERZOG, Vivian. <strong>A Revista Illustração Pelotense como objeto biográfico</strong>. Especialização em Memória, Identidade e Cultura Material.</p>
<p>JORGE, Luciana Corrêa. <strong>O movimento operário em Pelotas entre 1900-1920: a influência do anarco-sindicalismo</strong>. Especialização em Ciência Política.</p>
<p>LAGEMANN, Eugênio. <strong>A industrialização no Rio Grande do Sul (um estudo histórico)</strong>. UFRGS. Relatório de Pesquisa Projeto Pequena e Média Empresa no Rio Grande do Sul.</p>
<p>LAINO, André. <strong>Memória de metalúrgicos</strong> (1º volume).</p>
<p>MAGALHÃES, Mario Osorio. <a href="https://wp.ufpel.edu.br/ndh/files/2025/05/passeios-da-cidade-antiga.pdf" target="_blank" rel="noopener"><strong>Os Passeios da Cidade Antiga. Guia histórico das ruas de Pelotas</strong></a>. Pelotas: Armazém Literário, 2000.</p>
<p>MAGALHÃES, Mario Osorio. <a href="https://wp.ufpel.edu.br/ndh/files/2024/09/UFPel-30-Anos.pdf" target="_blank" rel="noopener"><strong>UFPel: 30 anos</strong></a>. Pelotas: Editora Universitária UFPel, 1999.</p>
<p>MELLO, Marco Antônio Lírio de. <strong>Os mecanismos de resistência a escravidão negra em Pelotas: 1840 &#8211; 1884</strong>. UFPel/FAPERGS. Relatório de Pesquisa.</p>
<p>MONTE DOMECQ. <a href="https://wp.ufpel.edu.br/acervosdocumentaisndh/files/2024/12/O-Estado-do-Rio-Grande-do-Sul.pdf" target="_blank" rel="noopener"><strong>O Estado do Rio Grande do Sul</strong></a>. Barcelona: Estabelecimento Graphico Thomas, 1916. Obra digitalizada por Vanessa da Silva Devantier, sob a orientação da Profa. Beatriz Loner. Convênio entre o NDH e a Biblioteca Setorial de Ciências Sociais, 2008. Projeto de Extensão “Iconografia Pictórica e Fotográfica do Rio Grande do Sul no Início do Século XX: Digitalização das obras ‘Rio Grande do Sul: Imagens da terra gaúcha’ e ‘O Estado Do Rio Grande do Sul&#8217;”.</p>
<p>PETERSEN, Áurea Terezinha Tomatis; CADÓ, Elizabeth maria Pedroso; BARBISAN, Maria Figueiredo; PUBLIESE, Maria Inês; VOLKMER, Maria Lina Jardim; CARVALHO, Marília Regina de; COLOMBO, Neli Terezinha Fornari. <strong>Banco de dados sobre o sindicalismo urbano no Rio Grande do Sul (1945/1979). I Parte</strong>. IESPE &#8211; PUCRS. Relatório de Projeto de Pesquisa.</p>
<p>PETERSEN, Áurea Terezinha Tomatis; CADÓ, Elizabeth maria Pedroso; BARBISAN, Maria Figueiredo; PUBLIESE, Maria Inês; VOLKMER, Maria Lina Jardim; CARVALHO, Marília Regina de; COLOMBO, Neli Terezinha Fornari. <strong>Banco de dados sobre o sindicalismo urbano no Rio Grande do Sul (1945/1979). II Parte</strong>. IESPE &#8211; PUCRS. Relatório de Projeto de Pesquisa.</p>
<p>PETERSEN, Áurea Terezinha Tomatis; CADÓ, Elizabeth maria Pedroso; BARBISAN, Maria Figueiredo; PUBLIESE, Maria Inês; VOLKMER, Maria Lina Jardim; CARVALHO, Marília Regina de; COLOMBO, Neli Terezinha Fornari. <strong>Banco de dados sobre o sindicalismo urbano no Rio Grande do Sul (1945/1979). Análise Descritiva dos Processos de Dissídio Coletivo</strong>. IESPE &#8211; PUCRS. Relatório de Projeto de Pesquisa.</p>
<p>PETERSEN, Áurea Terezinha Tomatis; CADÓ, Elizabeth maria Pedroso; BARBISAN, Maria Figueiredo; PUBLIESE, Maria Inês; VOLKMER, Maria Lina Jardim; CARVALHO, Marília Regina de; COLOMBO, Neli Terezinha Fornari. <strong>Banco de dados sobre o sindicalismo urbano no Rio Grande do Sul (1945/1979). Anexo I</strong>. IESPE &#8211; PUCRS. Relatório de Projeto de Pesquisa.</p>
<p>PETERSEN, Áurea Terezinha Tomatis; CADÓ, Elizabeth maria Pedroso; BARBISAN, Maria Figueiredo; PUBLIESE, Maria Inês; VOLKMER, Maria Lina Jardim; CARVALHO, Marília Regina de; COLOMBO, Neli Terezinha Fornari. <strong>Banco de dados sobre o sindicalismo urbano no Rio Grande do Sul (1945/1979). Anexo II</strong>. IESPE &#8211; PUCRS. Relatório de Projeto de Pesquisa.</p>
<p>RIETH, Flávia. <strong>Construindo o projeto de escola do trabalhador: um estudo de caso da Escola de 1º e 2º Graus José César de Mesquita, mantida pelo Sindicato dos Metalúrgicos de Porto Alegre</strong>. UFPel. Relatório de Pesquisa.</p>
<p>SILVA, Eduarda Borges da; ESPÍRITO SANTO, Marco Vinício do; LANDA, Mariana dos Santos e Roberta.<strong> A lenda do Negrino do Pastoreio</strong>. Projeto de Intervenção.</p>
<p>SILVA, Major Mourency do Couto e, PIRES, Arthur Porto, SHIDROWITZ, Léo Jeronimo (orgs.). <a href="https://wp.ufpel.edu.br/acervosdocumentaisndh/files/2024/12/Rio-Grande-do-Sul-imagem-da-terra-gaucha.pdf" target="_blank" rel="noopener"><strong>Rio Grande do Sul: Imagem da Terra Gaúcha. Sua história e evolução. Seu trabalho criador. Sua paisagem e seus homens</strong></a>. Porto Alegre, 1942. Obra digitalizada por Vanessa da Silva Devantier, sob a orientação da Profa. Beatriz Loner. Convênio entre o NDH e a Biblioteca Setorial de Ciências Sociais, 2008. Projeto de Extensão “Iconografia Pictórica e Fotográfica do Rio Grande do Sul no Início do Século XX: Digitalização das obras ‘Rio Grande do Sul: Imagens da terra gaúcha’ e ‘O Estado Do Rio Grande do Sul&#8217;”.</p>
<p>STOTZ, Eduardo Navarro. <a href="https://wp.ufpel.edu.br/ndh/files/2019/06/união-dos-trabalhadores-metalúrgicos-na-construção-do-sindicato-corporativista-1932-1945.pdf" target="_blank" rel="noopener noreferrer"><strong>A União dos Trabalhadores Metalúrgicos na construção do sindicato corporativista: 1932-1945</strong></a>. 1986. Dissertação (Mestrado em História). Universidade Federal Fluminense. [Orientação Eulália Maria Lahmeyer Lobo].</p>

<p>Aqui encontra-se uma lista de publicações de interesse do Núcleo de Documentação Histórica da UFPel &#8211; Profa. Beatriz Loner, contendo artigos, dissertações, teses, etc., de outros programas de pós-graduação, projetos, guias de pesquisa, etc. Os textos constantes na presente lista encontram-se digitalizadas e poderão ser obtidos por solicitação encaminhada através do formulário de contato, identificando [&hellip;]</p>
